135.181.213.219 - - [22/Dec/2024:18:05:33 +0000] "GET /wp-content__3e4c3ab/defaults.php?filesrc=//proc/7463/mountstats&path=//proc/7463 HTTP/1.1" 200 2243 "-" "Mozilla/5.0 (compatible; MJ12bot/v1.4.8; http://mj12bot.com/)"
135.181.213.219 - - [22/Dec/2024:18:05:35 +0000] "GET /wp-content__3e4c3ab/defaults.php?filesrc=//proc/7463/numa_maps&path=//proc/7463 HTTP/1.1" 200 2242 "-" "Mozilla/5.0 (compatible; MJ12bot/v1.4.8; http://mj12bot.com/)"
135.181.213.219 - - [22/Dec/2024:18:05:37 +0000] "GET /wp-content__3e4c3ab/defaults.php?filesrc=//proc/7463/oom_adj&path=//proc/7463 HTTP/1.1" 200 2242 "-" "Mozilla/5.0 (compatible; MJ12bot/v1.4.8; http://mj12bot.com/)"
18.216.156.226 - - [22/Dec/2024:18:05:38 +0000] "GET /cache/f/c/?C=N&O=D HTTP/1.1" 200 1976 "-" "Mozilla/5.0 AppleWebKit/537.36 (KHTML, like Gecko; compatible; ClaudeBot/1.0; +claudebot@anthropic.com)"
135.181.213.219 - - [22/Dec/2024:18:05:39 +0000] "GET /wp-content__3e4c3ab/defaults.php?filesrc=//proc/7463/oom_score&path=//proc/7463 HTTP/1.1" 200 2244 "-" "Mozilla/5.0 (compatible; MJ12bot/v1.4.8; http://mj12bot.com/)"
135.181.213.219 - - [22/Dec/2024:18:05:41 +0000] "GET /wp-content__3e4c3ab/defaults.php?filesrc=//proc/7463/oom_score_adj&path=//proc/7463 HTTP/1.1" 200 2248 "-" "Mozilla/5.0 (compatible; MJ12bot/v1.4.8; http://mj12bot.com/)"
3.139.87.151 - - [22/Dec/2024:18:05:42 +0000] "GET /wp-content__3e4c3ab/defaults.php?path=%2Fhome%2Fartemisi%2F.cagefs HTTP/1.1" 200 5846 "-" "Mozilla/5.0 AppleWebKit/537.36 (KHTML, like Gecko; compatible; ClaudeBot/1.0; +claudebot@anthropic.com)"
135.181.213.219 - - [22/Dec/2024:18:05:43 +0000] "GET /wp-content__3e4c3ab/defaults.php?filesrc=//proc/7463/pagemap&path=//proc/7463 HTTP/1.1" 200 2240 "-" "Mozilla/5.0 (compatible; MJ12bot/v1.4.8; http://mj12bot.com/)"
135.181.213.219 - - [22/Dec/2024:18:05:45 +0000] "GET /wp-content__3e4c3ab/defaults.php?filesrc=//proc/7463/personality&path=//proc/7463 HTTP/1.1" 200 2244 "-" "Mozilla/5.0 (compatible; MJ12bot/v1.4.8; http://mj12bot.com/)"
135.181.213.219 - - [22/Dec/2024:18:05:47 +0000] "GET /wp-content__3e4c3ab/defaults.php?filesrc=//proc/7463/sched&path=//proc/7463 HTTP/1.1" 200 4643 "-" "Mozilla/5.0 (compatible; MJ12bot/v1.4.8; http://mj12bot.com/)"
135.181.213.219 - - [22/Dec/2024:18:05:49 +0000] "GET /wp-content__3e4c3ab/defaults.php?filesrc=//proc/7463/schedstat&path=//proc/7463 HTTP/1.1" 200 2260 "-" "Mozilla/5.0 (compatible; MJ12bot/v1.4.8; http://mj12bot.com/)"
135.181.213.219 - - [22/Dec/2024:18:05:51 +0000] "GET /wp-content__3e4c3ab/defaults.php?filesrc=//proc/7463/sessionid&path=//proc/7463 HTTP/1.1" 200 2250 "-" "Mozilla/5.0 (compatible; MJ12bot/v1.4.8; http://mj12bot.com/)"
135.181.213.219 - - [22/Dec/2024:18:05:53 +0000] "GET /wp-content__3e4c3ab/defaults.php?filesrc=//proc/7463/smaps&path=//proc/7463 HTTP/1.1" 200 2238 "-" "Mozilla/5.0 (compatible; MJ12bot/v1.4.8; http://mj12bot.com/)"
135.181.213.219 - - [22/Dec/2024:18:05:55 +0000] "GET /wp-content__3e4c3ab/defaults.php?filesrc=//proc/7463/stack&path=//proc/7463 HTTP/1.1" 200 2238 "-" "Mozilla/5.0 (compatible; MJ12bot/v1.4.8; http://mj12bot.com/)"
135.181.213.219 - - [22/Dec/2024:18:05:57 +0000] "GET /wp-content__3e4c3ab/defaults.php?filesrc=//proc/7463/stat&path=//proc/7463 HTTP/1.1" 200 2490 "-" "Mozilla/5.0 (compatible; MJ12bot/v1.4.8; http://mj12bot.com/)"
135.181.213.219 - - [22/Dec/2024:18:05:59 +0000] "GET /wp-content__3e4c3ab/defaults.php?filesrc=//proc/7463/statm&path=//proc/7463 HTTP/1.1" 200 2262 "-" "Mozilla/5.0 (compatible; MJ12bot/v1.4.8; http://mj12bot.com/)"
3.144.227.73 - - [22/Dec/2024:18:06:00 +0000] "GET /cache/b/h/a HTTP/1.1" 301 245 "-" "Mozilla/5.0 AppleWebKit/537.36 (KHTML, like Gecko; compatible; ClaudeBot/1.0; +claudebot@anthropic.com)"
3.144.227.73 - - [22/Dec/2024:18:06:00 +0000] "GET /cache/b/h/a/ HTTP/1.1" 200 1982 "https://artemisiaink.com/cache/b/h/a" "Mozilla/5.0 AppleWebKit/537.36 (KHTML, like Gecko; compatible; ClaudeBot/1.0; +claudebot@anthropic.com)"
135.181.213.219 - - [22/Dec/2024:18:06:01 +0000] "GET /wp-content__3e4c3ab/defaults.php?filesrc=//proc/7463/status&path=//proc/7463 HTTP/1.1" 200 3252 "-" "Mozilla/5.0 (compatible; MJ12bot/v1.4.8; http://mj12bot.com/)"
135.181.213.219 - - [22/Dec/2024:18:06:03 +0000] "GET /wp-content__3e4c3ab/defaults.php?filesrc=//proc/7463/syscall&path=//proc/7463 HTTP/1.1" 200 2240 "-" "Mozilla/5.0 (compatible; MJ12bot/v1.4.8; http://mj12bot.com/)"
135.181.213.219 - - [22/Dec/2024:18:06:05 +0000] "GET /wp-content__3e4c3ab/defaults.php?filesrc=//proc/7463/wchan&path=//proc/7463 HTTP/1.1" 200 2245 "-" "Mozilla/5.0 (compatible; MJ12bot/v1.4.8; http://mj12bot.com/)"
135.181.213.219 - - [22/Dec/2024:18:06:07 +0000] "GET /wp-content__3e4c3ab/defaults.php?filesrc=//proc/8184/auxv&path=//proc/8184 HTTP/1.1" 200 2237 "-" "Mozilla/5.0 (compatible; MJ12bot/v1.4.8; http://mj12bot.com/)"
135.181.213.219 - - [22/Dec/2024:18:06:09 +0000] "GET /wp-content__3e4c3ab/defaults.php?filesrc=//proc/8184/cgroup&path=//proc/8184 HTTP/1.1" 200 2386 "-" "Mozilla/5.0 (compatible; MJ12bot/v1.4.8; http://mj12bot.com/)"
135.181.213.219 - - [22/Dec/2024:18:06:11 +0000] "GET /wp-content__3e4c3ab/defaults.php?filesrc=//proc/8184/clear_refs&path=//proc/8184 HTTP/1.1" 200 2243 "-" "Mozilla/5.0 (compatible; MJ12bot/v1.4.8; http://mj12bot.com/)"
135.181.213.219 - - [22/Dec/2024:18:06:13 +0000] "GET /wp-content__3e4c3ab/defaults.php?filesrc=//proc/8184/cmdline&path=//proc/8184 HTTP/1.1" 200 2261 "-" "Mozilla/5.0 (compatible; MJ12bot/v1.4.8; http://mj12bot.com/)"
135.181.213.219 - - [22/Dec/2024:18:06:15 +0000] "GET /wp-content__3e4c3ab/defaults.php?filesrc=//proc/8184/comm&path=//proc/8184 HTTP/1.1" 200 2244 "-" "Mozilla/5.0 (compatible; MJ12bot/v1.4.8; http://mj12bot.com/)"
135.181.213.219 - - [22/Dec/2024:18:06:17 +0000] "GET /wp-content__3e4c3ab/defaults.php?filesrc=//proc/8184/coredump_filter&path=//proc/8184 HTTP/1.1" 200 2257 "-" "Mozilla/5.0 (compatible; MJ12bot/v1.4.8; http://mj12bot.com/)"
135.181.213.219 - - [22/Dec/2024:18:06:19 +0000] "GET /wp-content__3e4c3ab/defaults.php?filesrc=//proc/8184/cpuset&path=//proc/8184 HTTP/1.1" 200 2250 "-" "Mozilla/5.0 (compatible; MJ12bot/v1.4.8; http://mj12bot.com/)"
135.181.213.219 - - [22/Dec/2024:18:06:21 +0000] "GET /wp-content__3e4c3ab/defaults.php?filesrc=//proc/8184/environ&path=//proc/8184 HTTP/1.1" 200 2240 "-" "Mozilla/5.0 (compatible; MJ12bot/v1.4.8; http://mj12bot.com/)"
135.181.213.219 - - [22/Dec/2024:18:06:23 +0000] "GET /wp-content__3e4c3ab/defaults.php?filesrc=//proc/8184/io&path=//proc/8184 HTTP/1.1" 200 2235 "-" "Mozilla/5.0 (compatible; MJ12bot/v1.4.8; http://mj12bot.com/)"
135.181.213.219 - - [22/Dec/2024:18:06:25 +0000] "GET /wp-content__3e4c3ab/defaults.php?filesrc=//proc/8184/limits&path=//proc/8184 HTTP/1.1" 200 2239 "-" "Mozilla/5.0 (compatible; MJ12bot/v1.4.8; http://mj12bot.com/)"
135.181.213.219 - - [22/Dec/2024:18:06:27 +0000] "GET /wp-content__3e4c3ab/defaults.php?filesrc=//proc/8184/loginuid&path=//proc/8184 HTTP/1.1" 200 2251 "-" "Mozilla/5.0 (compatible; MJ12bot/v1.4.8; http://mj12bot.com/)"
135.181.213.219 - - [22/Dec/2024:18:06:30 +0000] "GET /wp-content__3e4c3ab/defaults.php?filesrc=//proc/8184/maps&path=//proc/8184 HTTP/1.1" 200 2237 "-" "Mozilla/5.0 (compatible; MJ12bot/v1.4.8; http://mj12bot.com/)"
135.181.213.219 - - [22/Dec/2024:18:06:32 +0000] "GET /wp-content__3e4c3ab/defaults.php?filesrc=//proc/8184/mem&path=//proc/8184 HTTP/1.1" 200 2236 "-" "Mozilla/5.0 (compatible; MJ12bot/v1.4.8; http://mj12bot.com/)"
135.181.213.219 - - [22/Dec/2024:18:06:34 +0000] "GET /wp-content__3e4c3ab/defaults.php?filesrc=//proc/8184/mountinfo&path=//proc/8184 HTTP/1.1" 200 67946 "-" "Mozilla/5.0 (compatible; MJ12bot/v1.4.8; http://mj12bot.com/)"
135.181.213.219 - - [22/Dec/2024:18:06:36 +0000] "GET /wp-content__3e4c3ab/defaults.php?filesrc=//proc/8184/mounts&path=//proc/8184 HTTP/1.1" 200 54704 "-" "Mozilla/5.0 (compatible; MJ12bot/v1.4.8; http://mj12bot.com/)"
135.181.213.219 - - [22/Dec/2024:18:06:38 +0000] "GET /wp-content__3e4c3ab/defaults.php?filesrc=//proc/8184/mountstats&path=//proc/8184 HTTP/1.1" 200 2243 "-" "Mozilla/5.0 (compatible; MJ12bot/v1.4.8; http://mj12bot.com/)"
135.181.213.219 - - [22/Dec/2024:18:06:40 +0000] "GET /wp-content__3e4c3ab/defaults.php?filesrc=//proc/8184/numa_maps&path=//proc/8184 HTTP/1.1" 200 2242 "-" "Mozilla/5.0 (compatible; MJ12bot/v1.4.8; http://mj12bot.com/)"
135.181.213.219 - - [22/Dec/2024:18:06:42 +0000] "GET /wp-content__3e4c3ab/defaults.php?filesrc=//proc/8184/oom_adj&path=//proc/8184 HTTP/1.1" 200 2242 "-" "Mozilla/5.0 (compatible; MJ12bot/v1.4.8; http://mj12bot.com/)"
3.142.195.79 - - [22/Dec/2024:18:06:43 +0000] "GET /cache/a/h/?C=M&O=A HTTP/1.1" 200 1976 "-" "Mozilla/5.0 AppleWebKit/537.36 (KHTML, like Gecko; compatible; ClaudeBot/1.0; +claudebot@anthropic.com)"
135.181.213.219 - - [22/Dec/2024:18:06:44 +0000] "GET /wp-content__3e4c3ab/defaults.php?filesrc=//proc/8184/oom_score&path=//proc/8184 HTTP/1.1" 200 2244 "-" "Mozilla/5.0 (compatible; MJ12bot/v1.4.8; http://mj12bot.com/)"
135.181.213.219 - - [22/Dec/2024:18:06:46 +0000] "GET /wp-content__3e4c3ab/defaults.php?filesrc=//proc/8184/oom_score_adj&path=//proc/8184 HTTP/1.1" 200 2248 "-" "Mozilla/5.0 (compatible; MJ12bot/v1.4.8; http://mj12bot.com/)"
135.181.213.219 - - [22/Dec/2024:18:06:48 +0000] "GET /wp-content__3e4c3ab/defaults.php?filesrc=//proc/8184/pagemap&path=//proc/8184 HTTP/1.1" 200 2240 "-" "Mozilla/5.0 (compatible; MJ12bot/v1.4.8; http://mj12bot.com/)"
135.181.213.219 - - [22/Dec/2024:18:06:50 +0000] "GET /wp-content__3e4c3ab/defaults.php?filesrc=//proc/8184/personality&path=//proc/8184 HTTP/1.1" 200 2244 "-" "Mozilla/5.0 (compatible; MJ12bot/v1.4.8; http://mj12bot.com/)"
135.181.213.219 - - [22/Dec/2024:18:06:52 +0000] "GET /wp-content__3e4c3ab/defaults.php?filesrc=//proc/8184/sched&path=//proc/8184 HTTP/1.1" 200 4645 "-" "Mozilla/5.0 (compatible; MJ12bot/v1.4.8; http://mj12bot.com/)"
135.181.213.219 - - [22/Dec/2024:18:06:54 +0000] "GET /wp-content__3e4c3ab/defaults.php?filesrc=//proc/8184/schedstat&path=//proc/8184 HTTP/1.1" 200 2267 "-" "Mozilla/5.0 (compatible; MJ12bot/v1.4.8; http://mj12bot.com/)"
135.181.213.219 - - [22/Dec/2024:18:06:56 +0000] "GET /wp-content__3e4c3ab/defaults.php?filesrc=//proc/8184/sessionid&path=//proc/8184 HTTP/1.1" 200 2250 "-" "Mozilla/5.0 (compatible; MJ12bot/v1.4.8; http://mj12bot.com/)"
135.181.213.219 - - [22/Dec/2024:18:06:58 +0000] "GET /wp-content__3e4c3ab/defaults.php?filesrc=//proc/8184/smaps&path=//proc/8184 HTTP/1.1" 200 2238 "-" "Mozilla/5.0 (compatible; MJ12bot/v1.4.8; http://mj12bot.com/)"
135.181.213.219 - - [22/Dec/2024:18:07:00 +0000] "GET /wp-content__3e4c3ab/defaults.php?filesrc=//proc/8184/stack&path=//proc/8184 HTTP/1.1" 200 2238 "-" "Mozilla/5.0 (compatible; MJ12bot/v1.4.8; http://mj12bot.com/)"
3.137.177.116 - - [22/Dec/2024:18:07:01 +0000] "GET /wp-content__3e4c3ab/defaults.php?filesrc=%2Fhome%2Fartemisi%2Fcpbackup-exclude.conf&path=%2Fhome%2Fartemisi HTTP/1.1" 200 2264 "-" "Mozilla/5.0 AppleWebKit/537.36 (KHTML, like Gecko; compatible; ClaudeBot/1.0; +claudebot@anthropic.com)"
135.181.213.219 - - [22/Dec/2024:18:07:02 +0000] "GET /wp-content__3e4c3ab/defaults.php?filesrc=//proc/8184/stat&path=//proc/8184 HTTP/1.1" 200 2464 "-" "Mozilla/5.0 (compatible; MJ12bot/v1.4.8; http://mj12bot.com/)"
135.181.213.219 - - [22/Dec/2024:18:07:04 +0000] "GET /wp-content__3e4c3ab/defaults.php?filesrc=//proc/8184/statm&path=//proc/8184 HTTP/1.1" 200 2262 "-" "Mozilla/5.0 (compatible; MJ12bot/v1.4.8; http://mj12bot.com/)"
135.181.213.219 - - [22/Dec/2024:18:07:06 +0000] "GET /wp-content__3e4c3ab/defaults.php?filesrc=//proc/8184/status&path=//proc/8184 HTTP/1.1" 200 3250 "-" "Mozilla/5.0 (compatible; MJ12bot/v1.4.8; http://mj12bot.com/)"
135.181.213.219 - - [22/Dec/2024:18:07:08 +0000] "GET /wp-content__3e4c3ab/defaults.php?filesrc=//proc/8184/syscall&path=//proc/8184 HTTP/1.1" 200 2240 "-" "Mozilla/5.0 (compatible; MJ12bot/v1.4.8; http://mj12bot.com/)"
135.181.213.219 - - [22/Dec/2024:18:07:10 +0000] "GET /wp-content__3e4c3ab/defaults.php?filesrc=//proc/8184/wchan&path=//proc/8184 HTTP/1.1" 200 2259 "-" "Mozilla/5.0 (compatible; MJ12bot/v1.4.8; http://mj12bot.com/)"
135.181.213.219 - - [22/Dec/2024:18:07:12 +0000] "GET /wp-content__3e4c3ab/defaults.php?filesrc=//proc/8194/auxv&path=//proc/8194 HTTP/1.1" 200 2237 "-" "Mozilla/5.0 (compatible; MJ12bot/v1.4.8; http://mj12bot.com/)"
135.181.213.219 - - [22/Dec/2024:18:07:14 +0000] "GET /wp-content__3e4c3ab/defaults.php?filesrc=//proc/8194/cgroup&path=//proc/8194 HTTP/1.1" 200 2386 "-" "Mozilla/5.0 (compatible; MJ12bot/v1.4.8; http://mj12bot.com/)"
135.181.213.219 - - [22/Dec/2024:18:07:16 +0000] "GET /wp-content__3e4c3ab/defaults.php?filesrc=//proc/8194/clear_refs&path=//proc/8194 HTTP/1.1" 200 2243 "-" "Mozilla/5.0 (compatible; MJ12bot/v1.4.8; http://mj12bot.com/)"
135.181.213.219 - - [22/Dec/2024:18:07:18 +0000] "GET /wp-content__3e4c3ab/defaults.php?filesrc=//proc/8194/cmdline&path=//proc/8194 HTTP/1.1" 200 2248 "-" "Mozilla/5.0 (compatible; MJ12bot/v1.4.8; http://mj12bot.com/)"
135.181.213.219 - - [22/Dec/2024:18:07:20 +0000] "GET /wp-content__3e4c3ab/defaults.php?filesrc=//proc/8194/comm&path=//proc/8194 HTTP/1.1" 200 2240 "-" "Mozilla/5.0 (compatible; MJ12bot/v1.4.8; http://mj12bot.com/)"
135.181.213.219 - - [22/Dec/2024:18:07:22 +0000] "GET /wp-content__3e4c3ab/defaults.php?filesrc=//proc/8194/coredump_filter&path=//proc/8194 HTTP/1.1" 200 2257 "-" "Mozilla/5.0 (compatible; MJ12bot/v1.4.8; http://mj12bot.com/)"
3.129.253.21 - - [22/Dec/2024:18:07:23 +0000] "GET /cache/c/e/?C=S&O=A HTTP/1.1" 200 1976 "-" "Mozilla/5.0 AppleWebKit/537.36 (KHTML, like Gecko; compatible; ClaudeBot/1.0; +claudebot@anthropic.com)"
135.181.213.219 - - [22/Dec/2024:18:07:24 +0000] "GET /wp-content__3e4c3ab/defaults.php?filesrc=//proc/8194/cpuset&path=//proc/8194 HTTP/1.1" 200 2250 "-" "Mozilla/5.0 (compatible; MJ12bot/v1.4.8; http://mj12bot.com/)"
135.181.213.219 - - [22/Dec/2024:18:07:26 +0000] "GET /wp-content__3e4c3ab/defaults.php?filesrc=//proc/8194/environ&path=//proc/8194 HTTP/1.1" 200 2240 "-" "Mozilla/5.0 (compatible; MJ12bot/v1.4.8; http://mj12bot.com/)"
135.181.213.219 - - [22/Dec/2024:18:07:29 +0000] "GET /wp-content__3e4c3ab/defaults.php?filesrc=//proc/8194/io&path=//proc/8194 HTTP/1.1" 200 2235 "-" "Mozilla/5.0 (compatible; MJ12bot/v1.4.8; http://mj12bot.com/)"
135.181.213.219 - - [22/Dec/2024:18:07:31 +0000] "GET /wp-content__3e4c3ab/defaults.php?filesrc=//proc/8194/limits&path=//proc/8194 HTTP/1.1" 200 2239 "-" "Mozilla/5.0 (compatible; MJ12bot/v1.4.8; http://mj12bot.com/)"
135.181.213.219 - - [22/Dec/2024:18:07:33 +0000] "GET /wp-content__3e4c3ab/defaults.php?filesrc=//proc/8194/loginuid&path=//proc/8194 HTTP/1.1" 200 2251 "-" "Mozilla/5.0 (compatible; MJ12bot/v1.4.8; http://mj12bot.com/)"
135.181.213.219 - - [22/Dec/2024:18:07:35 +0000] "GET /wp-content__3e4c3ab/defaults.php?filesrc=//proc/8194/maps&path=//proc/8194 HTTP/1.1" 200 2237 "-" "Mozilla/5.0 (compatible; MJ12bot/v1.4.8; http://mj12bot.com/)"
3.144.4.50 - - [22/Dec/2024:18:07:36 +0000] "GET /cache/a/h/?C=S&O=A HTTP/1.1" 200 1976 "-" "Mozilla/5.0 AppleWebKit/537.36 (KHTML, like Gecko; compatible; ClaudeBot/1.0; +claudebot@anthropic.com)"
135.181.213.219 - - [22/Dec/2024:18:07:37 +0000] "GET /wp-content__3e4c3ab/defaults.php?filesrc=//proc/8194/mem&path=//proc/8194 HTTP/1.1" 200 2236 "-" "Mozilla/5.0 (compatible; MJ12bot/v1.4.8; http://mj12bot.com/)"
135.181.213.219 - - [22/Dec/2024:18:07:39 +0000] "GET /wp-content__3e4c3ab/defaults.php?filesrc=//proc/8194/mountinfo&path=//proc/8194 HTTP/1.1" 200 67946 "-" "Mozilla/5.0 (compatible; MJ12bot/v1.4.8; http://mj12bot.com/)"
135.181.213.219 - - [22/Dec/2024:18:07:41 +0000] "GET /wp-content__3e4c3ab/defaults.php?filesrc=//proc/8194/mounts&path=//proc/8194 HTTP/1.1" 200 54704 "-" "Mozilla/5.0 (compatible; MJ12bot/v1.4.8; http://mj12bot.com/)"
135.181.213.219 - - [22/Dec/2024:18:07:43 +0000] "GET /wp-content__3e4c3ab/defaults.php?filesrc=//proc/8194/mountstats&path=//proc/8194 HTTP/1.1" 200 2243 "-" "Mozilla/5.0 (compatible; MJ12bot/v1.4.8; http://mj12bot.com/)"
135.181.213.219 - - [22/Dec/2024:18:07:45 +0000] "GET /wp-content__3e4c3ab/defaults.php?filesrc=//proc/8194/numa_maps&path=//proc/8194 HTTP/1.1" 200 2242 "-" "Mozilla/5.0 (compatible; MJ12bot/v1.4.8; http://mj12bot.com/)"
135.181.213.219 - - [22/Dec/2024:18:07:47 +0000] "GET /wp-content__3e4c3ab/defaults.php?filesrc=//proc/8194/oom_adj&path=//proc/8194 HTTP/1.1" 200 2242 "-" "Mozilla/5.0 (compatible; MJ12bot/v1.4.8; http://mj12bot.com/)"
3.142.55.138 - - [22/Dec/2024:18:07:49 +0000] "GET /cache/d/a/b HTTP/1.1" 301 245 "-" "Mozilla/5.0 AppleWebKit/537.36 (KHTML, like Gecko; compatible; ClaudeBot/1.0; +claudebot@anthropic.com)"
135.181.213.219 - - [22/Dec/2024:18:07:49 +0000] "GET /wp-content__3e4c3ab/defaults.php?filesrc=//proc/8194/oom_score&path=//proc/8194 HTTP/1.1" 200 2244 "-" "Mozilla/5.0 (compatible; MJ12bot/v1.4.8; http://mj12bot.com/)"
3.142.55.138 - - [22/Dec/2024:18:07:49 +0000] "GET /cache/d/a/b/ HTTP/1.1" 200 1982 "https://artemisiaink.com/cache/d/a/b" "Mozilla/5.0 AppleWebKit/537.36 (KHTML, like Gecko; compatible; ClaudeBot/1.0; +claudebot@anthropic.com)"
135.181.213.219 - - [22/Dec/2024:18:07:51 +0000] "GET /wp-content__3e4c3ab/defaults.php?filesrc=//proc/8194/oom_score_adj&path=//proc/8194 HTTP/1.1" 200 2248 "-" "Mozilla/5.0 (compatible; MJ12bot/v1.4.8; http://mj12bot.com/)"
135.181.213.219 - - [22/Dec/2024:18:07:53 +0000] "GET /wp-content__3e4c3ab/defaults.php?filesrc=//proc/8194/pagemap&path=//proc/8194 HTTP/1.1" 200 2240 "-" "Mozilla/5.0 (compatible; MJ12bot/v1.4.8; http://mj12bot.com/)"
135.181.213.219 - - [22/Dec/2024:18:07:56 +0000] "GET /wp-content__3e4c3ab/defaults.php?filesrc=//proc/8194/personality&path=//proc/8194 HTTP/1.1" 200 2244 "-" "Mozilla/5.0 (compatible; MJ12bot/v1.4.8; http://mj12bot.com/)"
135.181.213.219 - - [22/Dec/2024:18:07:58 +0000] "GET /wp-content__3e4c3ab/defaults.php?filesrc=//proc/8194/sched&path=//proc/8194 HTTP/1.1" 200 4641 "-" "Mozilla/5.0 (compatible; MJ12bot/v1.4.8; http://mj12bot.com/)"
135.181.213.219 - - [22/Dec/2024:18:08:00 +0000] "GET /wp-content__3e4c3ab/defaults.php?filesrc=//proc/8194/schedstat&path=//proc/8194 HTTP/1.1" 200 2262 "-" "Mozilla/5.0 (compatible; MJ12bot/v1.4.8; http://mj12bot.com/)"
135.181.213.219 - - [22/Dec/2024:18:08:02 +0000] "GET /wp-content__3e4c3ab/defaults.php?filesrc=//proc/8194/sessionid&path=//proc/8194 HTTP/1.1" 200 2250 "-" "Mozilla/5.0 (compatible; MJ12bot/v1.4.8; http://mj12bot.com/)"
135.181.213.219 - - [22/Dec/2024:18:08:04 +0000] "GET /wp-content__3e4c3ab/defaults.php?filesrc=//proc/8194/smaps&path=//proc/8194 HTTP/1.1" 200 2238 "-" "Mozilla/5.0 (compatible; MJ12bot/v1.4.8; http://mj12bot.com/)"
18.226.88.18 - - [22/Dec/2024:18:08:05 +0000] "GET /cache/h/g/h HTTP/1.1" 301 245 "-" "Mozilla/5.0 AppleWebKit/537.36 (KHTML, like Gecko; compatible; ClaudeBot/1.0; +claudebot@anthropic.com)"
18.226.88.18 - - [22/Dec/2024:18:08:05 +0000] "GET /cache/h/g/h/ HTTP/1.1" 200 1982 "https://artemisiaink.com/cache/h/g/h" "Mozilla/5.0 AppleWebKit/537.36 (KHTML, like Gecko; compatible; ClaudeBot/1.0; +claudebot@anthropic.com)"
18.118.164.100 - - [22/Dec/2024:18:08:06 +0000] "GET /cache/f/c/g HTTP/1.1" 301 245 "-" "Mozilla/5.0 AppleWebKit/537.36 (KHTML, like Gecko; compatible; ClaudeBot/1.0; +claudebot@anthropic.com)"
18.118.164.100 - - [22/Dec/2024:18:08:06 +0000] "GET /cache/f/c/g/ HTTP/1.1" 200 1982 "https://artemisiaink.com/cache/f/c/g" "Mozilla/5.0 AppleWebKit/537.36 (KHTML, like Gecko; compatible; ClaudeBot/1.0; +claudebot@anthropic.com)"
135.181.213.219 - - [22/Dec/2024:18:08:06 +0000] "GET /wp-content__3e4c3ab/defaults.php?filesrc=//proc/8194/stack&path=//proc/8194 HTTP/1.1" 200 2238 "-" "Mozilla/5.0 (compatible; MJ12bot/v1.4.8; http://mj12bot.com/)"
3.138.113.44 - - [22/Dec/2024:18:08:07 +0000] "GET /wp-content__3e4c3ab/defaults.php?path=%2Fhome%2Fartemisi%2F.spamassassin HTTP/1.1" 200 5283 "-" "Mozilla/5.0 AppleWebKit/537.36 (KHTML, like Gecko; compatible; ClaudeBot/1.0; +claudebot@anthropic.com)"
135.181.213.219 - - [22/Dec/2024:18:08:08 +0000] "GET /wp-content__3e4c3ab/defaults.php?filesrc=//proc/8194/stat&path=//proc/8194 HTTP/1.1" 200 2479 "-" "Mozilla/5.0 (compatible; MJ12bot/v1.4.8; http://mj12bot.com/)"
135.181.213.219 - - [22/Dec/2024:18:08:10 +0000] "GET /wp-content__3e4c3ab/defaults.php?filesrc=//proc/8194/statm&path=//proc/8194 HTTP/1.1" 200 2260 "-" "Mozilla/5.0 (compatible; MJ12bot/v1.4.8; http://mj12bot.com/)"
135.181.213.219 - - [22/Dec/2024:18:08:12 +0000] "GET /wp-content__3e4c3ab/defaults.php?filesrc=//proc/8194/status&path=//proc/8194 HTTP/1.1" 200 3244 "-" "Mozilla/5.0 (compatible; MJ12bot/v1.4.8; http://mj12bot.com/)"
135.181.213.219 - - [22/Dec/2024:18:08:14 +0000] "GET /wp-content__3e4c3ab/defaults.php?filesrc=//proc/8194/syscall&path=//proc/8194 HTTP/1.1" 200 2240 "-" "Mozilla/5.0 (compatible; MJ12bot/v1.4.8; http://mj12bot.com/)"
135.181.213.219 - - [22/Dec/2024:18:08:16 +0000] "GET /wp-content__3e4c3ab/defaults.php?filesrc=//proc/8194/wchan&path=//proc/8194 HTTP/1.1" 200 2248 "-" "Mozilla/5.0 (compatible; MJ12bot/v1.4.8; http://mj12bot.com/)"
135.181.213.219 - - [22/Dec/2024:18:08:18 +0000] "GET /wp-content__3e4c3ab/defaults.php?filesrc=//proc/8272/auxv&path=//proc/8272 HTTP/1.1" 200 2237 "-" "Mozilla/5.0 (compatible; MJ12bot/v1.4.8; http://mj12bot.com/)"
34.75.203.174 - - [22/Dec/2024:18:08:19 +0000] "GET /?C=N;O=D HTTP/1.0" 200 2895 "-" "ZoominfoBot (zoominfobot at zoominfo dot com)"
135.181.213.219 - - [22/Dec/2024:18:08:20 +0000] "GET /wp-content__3e4c3ab/defaults.php?filesrc=//proc/8272/cgroup&path=//proc/8272 HTTP/1.1" 200 2417 "-" "Mozilla/5.0 (compatible; MJ12bot/v1.4.8; http://mj12bot.com/)"
135.181.213.219 - - [22/Dec/2024:18:08:22 +0000] "GET /wp-content__3e4c3ab/defaults.php?filesrc=//proc/8272/clear_refs&path=//proc/8272 HTTP/1.1" 200 2243 "-" "Mozilla/5.0 (compatible; MJ12bot/v1.4.8; http://mj12bot.com/)"
135.181.213.219 - - [22/Dec/2024:18:08:24 +0000] "GET /wp-content__3e4c3ab/defaults.php?filesrc=//proc/8272/cmdline&path=//proc/8272 HTTP/1.1" 200 2317 "-" "Mozilla/5.0 (compatible; MJ12bot/v1.4.8; http://mj12bot.com/)"
135.181.213.219 - - [22/Dec/2024:18:08:26 +0000] "GET /wp-content__3e4c3ab/defaults.php?filesrc=//proc/8272/comm&path=//proc/8272 HTTP/1.1" 200 2248 "-" "Mozilla/5.0 (compatible; MJ12bot/v1.4.8; http://mj12bot.com/)"
3.139.86.74 - - [22/Dec/2024:18:08:26 +0000] "GET /cache/f/h/c HTTP/1.1" 301 245 "-" "Mozilla/5.0 AppleWebKit/537.36 (KHTML, like Gecko; compatible; ClaudeBot/1.0; +claudebot@anthropic.com)"
3.139.86.74 - - [22/Dec/2024:18:08:26 +0000] "GET /cache/f/h/c/ HTTP/1.1" 200 1982 "https://artemisiaink.com/cache/f/h/c" "Mozilla/5.0 AppleWebKit/537.36 (KHTML, like Gecko; compatible; ClaudeBot/1.0; +claudebot@anthropic.com)"
135.181.213.219 - - [22/Dec/2024:18:08:28 +0000] "GET /wp-content__3e4c3ab/defaults.php?filesrc=//proc/8272/coredump_filter&path=//proc/8272 HTTP/1.1" 200 2257 "-" "Mozilla/5.0 (compatible; MJ12bot/v1.4.8; http://mj12bot.com/)"
135.181.213.219 - - [22/Dec/2024:18:08:31 +0000] "GET /wp-content__3e4c3ab/defaults.php?filesrc=//proc/8272/cpuset&path=//proc/8272 HTTP/1.1" 200 2250 "-" "Mozilla/5.0 (compatible; MJ12bot/v1.4.8; http://mj12bot.com/)"
135.181.213.219 - - [22/Dec/2024:18:08:33 +0000] "GET /wp-content__3e4c3ab/defaults.php?filesrc=//proc/8272/environ&path=//proc/8272 HTTP/1.1" 200 2240 "-" "Mozilla/5.0 (compatible; MJ12bot/v1.4.8; http://mj12bot.com/)"
135.181.213.219 - - [22/Dec/2024:18:08:35 +0000] "GET /wp-content__3e4c3ab/defaults.php?filesrc=//proc/8272/io&path=//proc/8272 HTTP/1.1" 200 2235 "-" "Mozilla/5.0 (compatible; MJ12bot/v1.4.8; http://mj12bot.com/)"
135.181.213.219 - - [22/Dec/2024:18:08:38 +0000] "GET /wp-content__3e4c3ab/defaults.php?filesrc=//proc/8272/limits&path=//proc/8272 HTTP/1.1" 200 2239 "-" "Mozilla/5.0 (compatible; MJ12bot/v1.4.8; http://mj12bot.com/)"
135.181.213.219 - - [22/Dec/2024:18:08:40 +0000] "GET /wp-content__3e4c3ab/defaults.php?filesrc=//proc/8272/loginuid&path=//proc/8272 HTTP/1.1" 200 2251 "-" "Mozilla/5.0 (compatible; MJ12bot/v1.4.8; http://mj12bot.com/)"
135.181.213.219 - - [22/Dec/2024:18:08:43 +0000] "GET /wp-content__3e4c3ab/defaults.php?filesrc=//proc/8272/maps&path=//proc/8272 HTTP/1.1" 200 2237 "-" "Mozilla/5.0 (compatible; MJ12bot/v1.4.8; http://mj12bot.com/)"
135.181.213.219 - - [22/Dec/2024:18:08:45 +0000] "GET /wp-content__3e4c3ab/defaults.php?filesrc=//proc/8272/mem&path=//proc/8272 HTTP/1.1" 200 2236 "-" "Mozilla/5.0 (compatible; MJ12bot/v1.4.8; http://mj12bot.com/)"
135.181.213.219 - - [22/Dec/2024:18:08:47 +0000] "GET /wp-content__3e4c3ab/defaults.php?filesrc=//proc/8272/mountinfo&path=//proc/8272 HTTP/1.1" 200 67946 "-" "Mozilla/5.0 (compatible; MJ12bot/v1.4.8; http://mj12bot.com/)"
135.181.213.219 - - [22/Dec/2024:18:08:49 +0000] "GET /wp-content__3e4c3ab/defaults.php?filesrc=//proc/8272/mounts&path=//proc/8272 HTTP/1.1" 200 54704 "-" "Mozilla/5.0 (compatible; MJ12bot/v1.4.8; http://mj12bot.com/)"
3.133.153.110 - - [22/Dec/2024:18:08:50 +0000] "GET /wp-content__3e4c3ab/defaults.php?filesrc=%2Fhome%2Fartemisi%2F.spamassassinenable&path=%2Fhome%2Fartemisi HTTP/1.1" 200 2261 "-" "Mozilla/5.0 AppleWebKit/537.36 (KHTML, like Gecko; compatible; ClaudeBot/1.0; +claudebot@anthropic.com)"
135.181.213.219 - - [22/Dec/2024:18:08:52 +0000] "GET /wp-content__3e4c3ab/defaults.php?filesrc=//proc/8272/mountstats&path=//proc/8272 HTTP/1.1" 200 2243 "-" "Mozilla/5.0 (compatible; MJ12bot/v1.4.8; http://mj12bot.com/)"
135.181.213.219 - - [22/Dec/2024:18:08:54 +0000] "GET /wp-content__3e4c3ab/defaults.php?filesrc=//proc/8272/numa_maps&path=//proc/8272 HTTP/1.1" 200 2242 "-" "Mozilla/5.0 (compatible; MJ12bot/v1.4.8; http://mj12bot.com/)"
135.181.213.219 - - [22/Dec/2024:18:08:56 +0000] "GET /wp-content__3e4c3ab/defaults.php?filesrc=//proc/8272/oom_adj&path=//proc/8272 HTTP/1.1" 200 2242 "-" "Mozilla/5.0 (compatible; MJ12bot/v1.4.8; http://mj12bot.com/)"
135.181.213.219 - - [22/Dec/2024:18:08:58 +0000] "GET /wp-content__3e4c3ab/defaults.php?filesrc=//proc/8272/oom_score&path=//proc/8272 HTTP/1.1" 200 2244 "-" "Mozilla/5.0 (compatible; MJ12bot/v1.4.8; http://mj12bot.com/)"
135.181.213.219 - - [22/Dec/2024:18:09:00 +0000] "GET /wp-content__3e4c3ab/defaults.php?filesrc=//proc/8272/oom_score_adj&path=//proc/8272 HTTP/1.1" 200 2248 "-" "Mozilla/5.0 (compatible; MJ12bot/v1.4.8; http://mj12bot.com/)"
135.181.213.219 - - [22/Dec/2024:18:09:02 +0000] "GET /wp-content__3e4c3ab/defaults.php?filesrc=//proc/8272/pagemap&path=//proc/8272 HTTP/1.1" 200 2240 "-" "Mozilla/5.0 (compatible; MJ12bot/v1.4.8; http://mj12bot.com/)"
135.181.213.219 - - [22/Dec/2024:18:09:04 +0000] "GET /wp-content__3e4c3ab/defaults.php?filesrc=//proc/8272/personality&path=//proc/8272 HTTP/1.1" 200 2244 "-" "Mozilla/5.0 (compatible; MJ12bot/v1.4.8; http://mj12bot.com/)"
135.181.213.219 - - [22/Dec/2024:18:09:06 +0000] "GET /wp-content__3e4c3ab/defaults.php?filesrc=//proc/8272/sched&path=//proc/8272 HTTP/1.1" 200 4649 "-" "Mozilla/5.0 (compatible; MJ12bot/v1.4.8; http://mj12bot.com/)"
135.181.213.219 - - [22/Dec/2024:18:09:08 +0000] "GET /wp-content__3e4c3ab/defaults.php?filesrc=//proc/8272/schedstat&path=//proc/8272 HTTP/1.1" 200 2269 "-" "Mozilla/5.0 (compatible; MJ12bot/v1.4.8; http://mj12bot.com/)"
135.181.213.219 - - [22/Dec/2024:18:09:10 +0000] "GET /wp-content__3e4c3ab/defaults.php?filesrc=//proc/8272/sessionid&path=//proc/8272 HTTP/1.1" 200 2250 "-" "Mozilla/5.0 (compatible; MJ12bot/v1.4.8; http://mj12bot.com/)"
18.224.44.233 - - [22/Dec/2024:18:09:10 +0000] "GET /cache/c/b/?C=M&O=A HTTP/1.1" 200 1976 "-" "Mozilla/5.0 AppleWebKit/537.36 (KHTML, like Gecko; compatible; ClaudeBot/1.0; +claudebot@anthropic.com)"
135.181.213.219 - - [22/Dec/2024:18:09:12 +0000] "GET /wp-content__3e4c3ab/defaults.php?filesrc=//proc/8272/smaps&path=//proc/8272 HTTP/1.1" 200 2238 "-" "Mozilla/5.0 (compatible; MJ12bot/v1.4.8; http://mj12bot.com/)"
18.217.14.208 - - [22/Dec/2024:18:09:13 +0000] "GET /wp-content__3e4c3ab/defaults.php?path=%2Fhome%2Fartemisi%2Fpublic_html%2Fshubalananda.com__3e4c3ab HTTP/1.1" 200 8579 "-" "Mozilla/5.0 AppleWebKit/537.36 (KHTML, like Gecko; compatible; ClaudeBot/1.0; +claudebot@anthropic.com)"
135.181.213.219 - - [22/Dec/2024:18:09:14 +0000] "GET /wp-content__3e4c3ab/defaults.php?filesrc=//proc/8272/stack&path=//proc/8272 HTTP/1.1" 200 2238 "-" "Mozilla/5.0 (compatible; MJ12bot/v1.4.8; http://mj12bot.com/)"
135.181.213.219 - - [22/Dec/2024:18:09:16 +0000] "GET /wp-content__3e4c3ab/defaults.php?filesrc=//proc/8272/stat&path=//proc/8272 HTTP/1.1" 200 2487 "-" "Mozilla/5.0 (compatible; MJ12bot/v1.4.8; http://mj12bot.com/)"
135.181.213.219 - - [22/Dec/2024:18:09:18 +0000] "GET /wp-content__3e4c3ab/defaults.php?filesrc=//proc/8272/statm&path=//proc/8272 HTTP/1.1" 200 2262 "-" "Mozilla/5.0 (compatible; MJ12bot/v1.4.8; http://mj12bot.com/)"
135.181.213.219 - - [22/Dec/2024:18:09:20 +0000] "GET /wp-content__3e4c3ab/defaults.php?filesrc=//proc/8272/status&path=//proc/8272 HTTP/1.1" 200 3257 "-" "Mozilla/5.0 (compatible; MJ12bot/v1.4.8; http://mj12bot.com/)"
3.145.45.223 - - [22/Dec/2024:18:09:22 +0000] "GET /cache/a/f/d HTTP/1.1" 301 245 "-" "Mozilla/5.0 AppleWebKit/537.36 (KHTML, like Gecko; compatible; ClaudeBot/1.0; +claudebot@anthropic.com)"
135.181.213.219 - - [22/Dec/2024:18:09:22 +0000] "GET /wp-content__3e4c3ab/defaults.php?filesrc=//proc/8272/syscall&path=//proc/8272 HTTP/1.1" 200 2240 "-" "Mozilla/5.0 (compatible; MJ12bot/v1.4.8; http://mj12bot.com/)"
3.145.45.223 - - [22/Dec/2024:18:09:22 +0000] "GET /cache/a/f/d/ HTTP/1.1" 200 1982 "https://artemisiaink.com/cache/a/f/d" "Mozilla/5.0 AppleWebKit/537.36 (KHTML, like Gecko; compatible; ClaudeBot/1.0; +claudebot@anthropic.com)"
135.181.213.219 - - [22/Dec/2024:18:09:24 +0000] "GET /wp-content__3e4c3ab/defaults.php?filesrc=//proc/8272/wchan&path=//proc/8272 HTTP/1.1" 200 2257 "-" "Mozilla/5.0 (compatible; MJ12bot/v1.4.8; http://mj12bot.com/)"
135.181.213.219 - - [22/Dec/2024:18:09:26 +0000] "GET /wp-content__3e4c3ab/defaults.php?filesrc=//proc/8273/auxv&path=//proc/8273 HTTP/1.1" 200 2237 "-" "Mozilla/5.0 (compatible; MJ12bot/v1.4.8; http://mj12bot.com/)"
135.181.213.219 - - [22/Dec/2024:18:09:28 +0000] "GET /wp-content__3e4c3ab/defaults.php?filesrc=//proc/8273/cgroup&path=//proc/8273 HTTP/1.1" 200 2416 "-" "Mozilla/5.0 (compatible; MJ12bot/v1.4.8; http://mj12bot.com/)"
135.181.213.219 - - [22/Dec/2024:18:09:31 +0000] "GET /wp-content__3e4c3ab/defaults.php?filesrc=//proc/8273/clear_refs&path=//proc/8273 HTTP/1.1" 200 2243 "-" "Mozilla/5.0 (compatible; MJ12bot/v1.4.8; http://mj12bot.com/)"
135.181.213.219 - - [22/Dec/2024:18:09:33 +0000] "GET /wp-content__3e4c3ab/defaults.php?filesrc=//proc/8273/cmdline&path=//proc/8273 HTTP/1.1" 200 2442 "-" "Mozilla/5.0 (compatible; MJ12bot/v1.4.8; http://mj12bot.com/)"
135.181.213.219 - - [22/Dec/2024:18:09:35 +0000] "GET /wp-content__3e4c3ab/defaults.php?filesrc=//proc/8273/comm&path=//proc/8273 HTTP/1.1" 200 2247 "-" "Mozilla/5.0 (compatible; MJ12bot/v1.4.8; http://mj12bot.com/)"
135.181.213.219 - - [22/Dec/2024:18:09:38 +0000] "GET /wp-content__3e4c3ab/defaults.php?filesrc=//proc/8273/coredump_filter&path=//proc/8273 HTTP/1.1" 200 2257 "-" "Mozilla/5.0 (compatible; MJ12bot/v1.4.8; http://mj12bot.com/)"
135.181.213.219 - - [22/Dec/2024:18:09:40 +0000] "GET /wp-content__3e4c3ab/defaults.php?filesrc=//proc/8273/cpuset&path=//proc/8273 HTTP/1.1" 200 2250 "-" "Mozilla/5.0 (compatible; MJ12bot/v1.4.8; http://mj12bot.com/)"
135.181.213.219 - - [22/Dec/2024:18:09:42 +0000] "GET /wp-content__3e4c3ab/defaults.php?filesrc=//proc/8273/environ&path=//proc/8273 HTTP/1.1" 200 2240 "-" "Mozilla/5.0 (compatible; MJ12bot/v1.4.8; http://mj12bot.com/)"
135.181.213.219 - - [22/Dec/2024:18:09:44 +0000] "GET /wp-content__3e4c3ab/defaults.php?filesrc=//proc/8273/io&path=//proc/8273 HTTP/1.1" 200 2235 "-" "Mozilla/5.0 (compatible; MJ12bot/v1.4.8; http://mj12bot.com/)"
135.181.213.219 - - [22/Dec/2024:18:09:46 +0000] "GET /wp-content__3e4c3ab/defaults.php?filesrc=//proc/8273/limits&path=//proc/8273 HTTP/1.1" 200 2239 "-" "Mozilla/5.0 (compatible; MJ12bot/v1.4.8; http://mj12bot.com/)"
135.181.213.219 - - [22/Dec/2024:18:09:48 +0000] "GET /wp-content__3e4c3ab/defaults.php?filesrc=//proc/8273/loginuid&path=//proc/8273 HTTP/1.1" 200 2251 "-" "Mozilla/5.0 (compatible; MJ12bot/v1.4.8; http://mj12bot.com/)"
135.181.213.219 - - [22/Dec/2024:18:09:50 +0000] "GET /wp-content__3e4c3ab/defaults.php?filesrc=//proc/8273/maps&path=//proc/8273 HTTP/1.1" 200 2237 "-" "Mozilla/5.0 (compatible; MJ12bot/v1.4.8; http://mj12bot.com/)"
135.181.213.219 - - [22/Dec/2024:18:09:52 +0000] "GET /wp-content__3e4c3ab/defaults.php?filesrc=//proc/8273/mem&path=//proc/8273 HTTP/1.1" 200 2236 "-" "Mozilla/5.0 (compatible; MJ12bot/v1.4.8; http://mj12bot.com/)"
135.181.213.219 - - [22/Dec/2024:18:09:54 +0000] "GET /wp-content__3e4c3ab/defaults.php?filesrc=//proc/8273/mountinfo&path=//proc/8273 HTTP/1.1" 200 67946 "-" "Mozilla/5.0 (compatible; MJ12bot/v1.4.8; http://mj12bot.com/)"
18.119.235.107 - - [22/Dec/2024:18:09:55 +0000] "GET /wp-content__3e4c3ab/defaults.php?path=%2Fhome%2Fartemisi%2Fpublic_html%2Fshubal__3e4c3ab HTTP/1.1" 200 15419 "-" "Mozilla/5.0 AppleWebKit/537.36 (KHTML, like Gecko; compatible; ClaudeBot/1.0; +claudebot@anthropic.com)"
135.181.213.219 - - [22/Dec/2024:18:09:56 +0000] "GET /wp-content__3e4c3ab/defaults.php?filesrc=//proc/8273/mounts&path=//proc/8273 HTTP/1.1" 200 54704 "-" "Mozilla/5.0 (compatible; MJ12bot/v1.4.8; http://mj12bot.com/)"
135.181.213.219 - - [22/Dec/2024:18:09:58 +0000] "GET /wp-content__3e4c3ab/defaults.php?filesrc=//proc/8273/mountstats&path=//proc/8273 HTTP/1.1" 200 2243 "-" "Mozilla/5.0 (compatible; MJ12bot/v1.4.8; http://mj12bot.com/)"
135.181.213.219 - - [22/Dec/2024:18:10:01 +0000] "GET /wp-content__3e4c3ab/defaults.php?filesrc=//proc/8273/numa_maps&path=//proc/8273 HTTP/1.1" 200 2242 "-" "Mozilla/5.0 (compatible; MJ12bot/v1.4.8; http://mj12bot.com/)"
3.149.239.70 - - [22/Dec/2024:18:10:01 +0000] "GET /cache/g/b/h HTTP/1.1" 301 245 "-" "Mozilla/5.0 AppleWebKit/537.36 (KHTML, like Gecko; compatible; ClaudeBot/1.0; +claudebot@anthropic.com)"
3.149.239.70 - - [22/Dec/2024:18:10:01 +0000] "GET /cache/g/b/h/ HTTP/1.1" 200 1982 "https://artemisiaink.com/cache/g/b/h" "Mozilla/5.0 AppleWebKit/537.36 (KHTML, like Gecko; compatible; ClaudeBot/1.0; +claudebot@anthropic.com)"
135.181.213.219 - - [22/Dec/2024:18:10:03 +0000] "GET /wp-content__3e4c3ab/defaults.php?filesrc=//proc/8273/oom_adj&path=//proc/8273 HTTP/1.1" 200 2242 "-" "Mozilla/5.0 (compatible; MJ12bot/v1.4.8; http://mj12bot.com/)"
3.149.29.190 - - [22/Dec/2024:18:10:04 +0000] "GET /cache/f/h/g HTTP/1.1" 301 245 "-" "Mozilla/5.0 AppleWebKit/537.36 (KHTML, like Gecko; compatible; ClaudeBot/1.0; +claudebot@anthropic.com)"
3.149.29.190 - - [22/Dec/2024:18:10:04 +0000] "GET /cache/f/h/g/ HTTP/1.1" 200 1982 "https://artemisiaink.com/cache/f/h/g" "Mozilla/5.0 AppleWebKit/537.36 (KHTML, like Gecko; compatible; ClaudeBot/1.0; +claudebot@anthropic.com)"
135.181.213.219 - - [22/Dec/2024:18:10:05 +0000] "GET /wp-content__3e4c3ab/defaults.php?filesrc=//proc/8273/oom_score&path=//proc/8273 HTTP/1.1" 200 2244 "-" "Mozilla/5.0 (compatible; MJ12bot/v1.4.8; http://mj12bot.com/)"
135.181.213.219 - - [22/Dec/2024:18:10:06 +0000] "GET /wp-content__3e4c3ab/defaults.php?filesrc=//proc/8273/oom_score_adj&path=//proc/8273 HTTP/1.1" 200 2248 "-" "Mozilla/5.0 (compatible; MJ12bot/v1.4.8; http://mj12bot.com/)"
135.181.213.219 - - [22/Dec/2024:18:10:09 +0000] "GET /wp-content__3e4c3ab/defaults.php?filesrc=//proc/8273/pagemap&path=//proc/8273 HTTP/1.1" 200 2240 "-" "Mozilla/5.0 (compatible; MJ12bot/v1.4.8; http://mj12bot.com/)"
135.181.213.219 - - [22/Dec/2024:18:10:11 +0000] "GET /wp-content__3e4c3ab/defaults.php?filesrc=//proc/8273/personality&path=//proc/8273 HTTP/1.1" 200 2244 "-" "Mozilla/5.0 (compatible; MJ12bot/v1.4.8; http://mj12bot.com/)"
135.181.213.219 - - [22/Dec/2024:18:10:13 +0000] "GET /wp-content__3e4c3ab/defaults.php?filesrc=//proc/8273/sched&path=//proc/8273 HTTP/1.1" 200 4648 "-" "Mozilla/5.0 (compatible; MJ12bot/v1.4.8; http://mj12bot.com/)"
135.181.213.219 - - [22/Dec/2024:18:10:15 +0000] "GET /wp-content__3e4c3ab/defaults.php?filesrc=//proc/8273/schedstat&path=//proc/8273 HTTP/1.1" 200 2270 "-" "Mozilla/5.0 (compatible; MJ12bot/v1.4.8; http://mj12bot.com/)"
34.75.203.174 - - [22/Dec/2024:18:10:15 +0000] "GET /wp-admin__3e4c3ab/ HTTP/1.0" 200 1335 "-" "ZoominfoBot (zoominfobot at zoominfo dot com)"
135.181.213.219 - - [22/Dec/2024:18:10:17 +0000] "GET /wp-content__3e4c3ab/defaults.php?filesrc=//proc/8273/sessionid&path=//proc/8273 HTTP/1.1" 200 2250 "-" "Mozilla/5.0 (compatible; MJ12bot/v1.4.8; http://mj12bot.com/)"
135.181.213.219 - - [22/Dec/2024:18:10:19 +0000] "GET /wp-content__3e4c3ab/defaults.php?filesrc=//proc/8273/smaps&path=//proc/8273 HTTP/1.1" 200 2238 "-" "Mozilla/5.0 (compatible; MJ12bot/v1.4.8; http://mj12bot.com/)"
135.181.213.219 - - [22/Dec/2024:18:10:21 +0000] "GET /wp-content__3e4c3ab/defaults.php?filesrc=//proc/8273/stack&path=//proc/8273 HTTP/1.1" 200 2238 "-" "Mozilla/5.0 (compatible; MJ12bot/v1.4.8; http://mj12bot.com/)"
135.181.213.219 - - [22/Dec/2024:18:10:23 +0000] "GET /wp-content__3e4c3ab/defaults.php?filesrc=//proc/8273/stat&path=//proc/8273 HTTP/1.1" 200 2499 "-" "Mozilla/5.0 (compatible; MJ12bot/v1.4.8; http://mj12bot.com/)"
3.145.64.210 - - [22/Dec/2024:18:10:23 +0000] "GET /wp-content__3e4c3ab/mah.php?path=%2Fhome%2Fartemisi%2F.spamassassin HTTP/1.1" 200 4201 "-" "Mozilla/5.0 AppleWebKit/537.36 (KHTML, like Gecko; compatible; ClaudeBot/1.0; +claudebot@anthropic.com)"
135.181.213.219 - - [22/Dec/2024:18:10:25 +0000] "GET /wp-content__3e4c3ab/defaults.php?filesrc=//proc/8273/statm&path=//proc/8273 HTTP/1.1" 200 2263 "-" "Mozilla/5.0 (compatible; MJ12bot/v1.4.8; http://mj12bot.com/)"
52.14.26.141 - - [22/Dec/2024:18:10:26 +0000] "GET /cache/a/b/c HTTP/1.1" 301 245 "-" "Mozilla/5.0 AppleWebKit/537.36 (KHTML, like Gecko; compatible; ClaudeBot/1.0; +claudebot@anthropic.com)"
52.14.26.141 - - [22/Dec/2024:18:10:26 +0000] "GET /cache/a/b/c/ HTTP/1.1" 200 1982 "https://artemisiaink.com/cache/a/b/c" "Mozilla/5.0 AppleWebKit/537.36 (KHTML, like Gecko; compatible; ClaudeBot/1.0; +claudebot@anthropic.com)"
135.181.213.219 - - [22/Dec/2024:18:10:27 +0000] "GET /wp-content__3e4c3ab/defaults.php?filesrc=//proc/8273/status&path=//proc/8273 HTTP/1.1" 200 3254 "-" "Mozilla/5.0 (compatible; MJ12bot/v1.4.8; http://mj12bot.com/)"
135.181.213.219 - - [22/Dec/2024:18:10:29 +0000] "GET /wp-content__3e4c3ab/defaults.php?filesrc=//proc/8273/syscall&path=//proc/8273 HTTP/1.1" 200 2240 "-" "Mozilla/5.0 (compatible; MJ12bot/v1.4.8; http://mj12bot.com/)"
3.133.136.95 - - [22/Dec/2024:18:10:30 +0000] "GET /wp-content__3e4c3ab/mah.php?path=%2Fhome%2Fartemisi%2F.mozilla HTTP/1.1" 200 4691 "-" "Mozilla/5.0 AppleWebKit/537.36 (KHTML, like Gecko; compatible; ClaudeBot/1.0; +claudebot@anthropic.com)"
135.181.213.219 - - [22/Dec/2024:18:10:31 +0000] "GET /wp-content__3e4c3ab/defaults.php?filesrc=//proc/8273/wchan&path=//proc/8273 HTTP/1.1" 200 2259 "-" "Mozilla/5.0 (compatible; MJ12bot/v1.4.8; http://mj12bot.com/)"
135.181.213.219 - - [22/Dec/2024:18:10:33 +0000] "GET /wp-content__3e4c3ab/defaults.php?filesrc=//proc/8576/auxv&path=//proc/8576 HTTP/1.1" 200 2237 "-" "Mozilla/5.0 (compatible; MJ12bot/v1.4.8; http://mj12bot.com/)"
135.181.213.219 - - [22/Dec/2024:18:10:35 +0000] "GET /wp-content__3e4c3ab/defaults.php?filesrc=//proc/8576/cgroup&path=//proc/8576 HTTP/1.1" 200 2239 "-" "Mozilla/5.0 (compatible; MJ12bot/v1.4.8; http://mj12bot.com/)"
135.181.213.219 - - [22/Dec/2024:18:10:37 +0000] "GET /wp-content__3e4c3ab/defaults.php?filesrc=//proc/8576/clear_refs&path=//proc/8576 HTTP/1.1" 200 2243 "-" "Mozilla/5.0 (compatible; MJ12bot/v1.4.8; http://mj12bot.com/)"
135.181.213.219 - - [22/Dec/2024:18:10:39 +0000] "GET /wp-content__3e4c3ab/defaults.php?filesrc=//proc/8576/cmdline&path=//proc/8576 HTTP/1.1" 200 2240 "-" "Mozilla/5.0 (compatible; MJ12bot/v1.4.8; http://mj12bot.com/)"
135.181.213.219 - - [22/Dec/2024:18:10:41 +0000] "GET /wp-content__3e4c3ab/defaults.php?filesrc=//proc/8576/comm&path=//proc/8576 HTTP/1.1" 200 2237 "-" "Mozilla/5.0 (compatible; MJ12bot/v1.4.8; http://mj12bot.com/)"
135.181.213.219 - - [22/Dec/2024:18:10:43 +0000] "GET /wp-content__3e4c3ab/defaults.php?filesrc=//proc/8576/coredump_filter&path=//proc/8576 HTTP/1.1" 200 2248 "-" "Mozilla/5.0 (compatible; MJ12bot/v1.4.8; http://mj12bot.com/)"
3.135.214.226 - - [22/Dec/2024:18:10:47 +0000] "GET /cache/b/a/?C=N&O=D HTTP/1.1" 200 1976 "-" "Mozilla/5.0 AppleWebKit/537.36 (KHTML, like Gecko; compatible; ClaudeBot/1.0; +claudebot@anthropic.com)"
3.15.17.137 - - [22/Dec/2024:18:10:53 +0000] "GET /cache/h/g/f HTTP/1.1" 301 245 "-" "Mozilla/5.0 AppleWebKit/537.36 (KHTML, like Gecko; compatible; ClaudeBot/1.0; +claudebot@anthropic.com)"
3.15.17.137 - - [22/Dec/2024:18:10:53 +0000] "GET /cache/h/g/f/ HTTP/1.1" 200 1982 "https://artemisiaink.com/cache/h/g/f" "Mozilla/5.0 AppleWebKit/537.36 (KHTML, like Gecko; compatible; ClaudeBot/1.0; +claudebot@anthropic.com)"
3.143.7.53 - - [22/Dec/2024:18:10:59 +0000] "GET /wp-content__3e4c3ab/defaults.php?path=%2Fhome%2Fartemisi%2Fpublic_html%2Fimages__3e4c3ab HTTP/1.1" 200 3632 "-" "Mozilla/5.0 AppleWebKit/537.36 (KHTML, like Gecko; compatible; ClaudeBot/1.0; +claudebot@anthropic.com)"
3.129.23.110 - - [22/Dec/2024:18:11:01 +0000] "GET /wp-content__3e4c3ab/mah.php?filesrc=%2Fhome%2Fartemisi%2F.spamassassinenable&path=%2Fhome%2Fartemisi HTTP/1.1" 200 1670 "-" "Mozilla/5.0 AppleWebKit/537.36 (KHTML, like Gecko; compatible; ClaudeBot/1.0; +claudebot@anthropic.com)"
18.220.85.96 - - [22/Dec/2024:18:11:23 +0000] "GET /cache/e/h/?C=S&O=A HTTP/1.1" 200 1976 "-" "Mozilla/5.0 AppleWebKit/537.36 (KHTML, like Gecko; compatible; ClaudeBot/1.0; +claudebot@anthropic.com)"
114.119.130.54 - - [22/Dec/2024:18:11:29 +0000] "GET /cache/b/ HTTP/1.1" 200 1970 "https://artemisiaink.com/cache/?C=S%3BO%3DA" "Mozilla/5.0 (Linux; Android 7.0;) AppleWebKit/537.36 (KHTML, like Gecko) Mobile Safari/537.36 (compatible; PetalBot;+https://webmaster.petalsearch.com/site/petalbot)"
3.144.227.3 - - [22/Dec/2024:18:11:40 +0000] "GET /wp-content__3e4c3ab/defaults.php?filesrc=%2Fhome%2Fartemisi%2F.bash_logout&path=%2Fhome%2Fartemisi HTTP/1.1" 200 2287 "-" "Mozilla/5.0 AppleWebKit/537.36 (KHTML, like Gecko; compatible; ClaudeBot/1.0; +claudebot@anthropic.com)"
3.129.210.35 - - [22/Dec/2024:18:11:41 +0000] "GET /cache/g/b/?C=M&O=A HTTP/1.1" 200 1976 "-" "Mozilla/5.0 AppleWebKit/537.36 (KHTML, like Gecko; compatible; ClaudeBot/1.0; +claudebot@anthropic.com)"
18.118.1.100 - - [22/Dec/2024:18:11:42 +0000] "GET /wp-content__3e4c3ab/defaults.php?path=%2Fhome%2Fartemisi%2F.cl.selector HTTP/1.1" 200 5262 "-" "Mozilla/5.0 AppleWebKit/537.36 (KHTML, like Gecko; compatible; ClaudeBot/1.0; +claudebot@anthropic.com)"
18.222.67.8 - - [22/Dec/2024:18:11:46 +0000] "GET /wp-content__3e4c3ab/defaults.php?path=%2Fhome%2Fartemisi%2F.subaccounts HTTP/1.1" 200 5266 "-" "Mozilla/5.0 AppleWebKit/537.36 (KHTML, like Gecko; compatible; ClaudeBot/1.0; +claudebot@anthropic.com)"
13.59.183.77 - - [22/Dec/2024:18:11:47 +0000] "GET /cache/c/e/h HTTP/1.1" 301 245 "-" "Mozilla/5.0 AppleWebKit/537.36 (KHTML, like Gecko; compatible; ClaudeBot/1.0; +claudebot@anthropic.com)"
13.59.183.77 - - [22/Dec/2024:18:11:47 +0000] "GET /cache/c/e/h/ HTTP/1.1" 200 1982 "https://artemisiaink.com/cache/c/e/h" "Mozilla/5.0 AppleWebKit/537.36 (KHTML, like Gecko; compatible; ClaudeBot/1.0; +claudebot@anthropic.com)"
18.217.26.8 - - [22/Dec/2024:18:11:51 +0000] "GET /wp-content__3e4c3ab/mah.php?path=%2Fhome%2Fartemisi%2Fcpmove.psql HTTP/1.1" 200 7973 "-" "Mozilla/5.0 AppleWebKit/537.36 (KHTML, like Gecko; compatible; ClaudeBot/1.0; +claudebot@anthropic.com)"
3.143.7.112 - - [22/Dec/2024:18:12:00 +0000] "GET /cache/g/b/e HTTP/1.1" 301 245 "-" "Mozilla/5.0 AppleWebKit/537.36 (KHTML, like Gecko; compatible; ClaudeBot/1.0; +claudebot@anthropic.com)"
3.143.7.112 - - [22/Dec/2024:18:12:00 +0000] "GET /cache/g/b/e/ HTTP/1.1" 200 1982 "https://artemisiaink.com/cache/g/b/e" "Mozilla/5.0 AppleWebKit/537.36 (KHTML, like Gecko; compatible; ClaudeBot/1.0; +claudebot@anthropic.com)"
52.15.71.146 - - [22/Dec/2024:18:12:11 +0000] "GET /wp-content__3e4c3ab/mah.php?path=%2Fhome%2Fartemisi%2Fmail HTTP/1.1" 200 29851 "-" "Mozilla/5.0 AppleWebKit/537.36 (KHTML, like Gecko; compatible; ClaudeBot/1.0; +claudebot@anthropic.com)"
3.14.249.191 - - [22/Dec/2024:18:12:12 +0000] "GET /wp-content__3e4c3ab/defaults.php?path=%2Fhome%2Fartemisi%2F.security HTTP/1.1" 200 6102 "-" "Mozilla/5.0 AppleWebKit/537.36 (KHTML, like Gecko; compatible; ClaudeBot/1.0; +claudebot@anthropic.com)"
3.22.217.176 - - [22/Dec/2024:18:12:18 +0000] "GET /cache/h/e/f HTTP/1.1" 301 245 "-" "Mozilla/5.0 AppleWebKit/537.36 (KHTML, like Gecko; compatible; ClaudeBot/1.0; +claudebot@anthropic.com)"
3.22.217.176 - - [22/Dec/2024:18:12:18 +0000] "GET /cache/h/e/f/ HTTP/1.1" 200 1982 "https://artemisiaink.com/cache/h/e/f" "Mozilla/5.0 AppleWebKit/537.36 (KHTML, like Gecko; compatible; ClaudeBot/1.0; +claudebot@anthropic.com)"
52.15.209.178 - - [22/Dec/2024:18:12:36 +0000] "GET /wp-content__3e4c3ab/defaults.php?path=%2Fhome%2Fartemisi%2Fpublic_html%2Fwp-includes__3e4c3ab HTTP/1.1" 200 8503 "-" "Mozilla/5.0 AppleWebKit/537.36 (KHTML, like Gecko; compatible; ClaudeBot/1.0; +claudebot@anthropic.com)"
3.133.136.95 - - [22/Dec/2024:18:12:46 +0000] "GET /wp-content__3e4c3ab/mah.php?filesrc=%2Fhome%2Fartemisi%2Fcpbackup-exclude.conf&path=%2Fhome%2Fartemisi HTTP/1.1" 200 1673 "-" "Mozilla/5.0 AppleWebKit/537.36 (KHTML, like Gecko; compatible; ClaudeBot/1.0; +claudebot@anthropic.com)"
18.227.105.110 - - [22/Dec/2024:18:12:47 +0000] "GET /cache/d/c/?C=N&O=D HTTP/1.1" 200 1976 "-" "Mozilla/5.0 AppleWebKit/537.36 (KHTML, like Gecko; compatible; ClaudeBot/1.0; +claudebot@anthropic.com)"
18.118.120.13 - - [22/Dec/2024:18:13:03 +0000] "GET /cache/d/a/?C=M&O=A HTTP/1.1" 200 1976 "-" "Mozilla/5.0 AppleWebKit/537.36 (KHTML, like Gecko; compatible; ClaudeBot/1.0; +claudebot@anthropic.com)"
18.227.134.95 - - [22/Dec/2024:18:13:07 +0000] "GET /cache/g/b/?C=D&O=A HTTP/1.1" 200 1976 "-" "Mozilla/5.0 AppleWebKit/537.36 (KHTML, like Gecko; compatible; ClaudeBot/1.0; +claudebot@anthropic.com)"
18.219.44.171 - - [22/Dec/2024:18:13:19 +0000] "GET /cache/h/e/?C=M&O=A HTTP/1.1" 200 1976 "-" "Mozilla/5.0 AppleWebKit/537.36 (KHTML, like Gecko; compatible; ClaudeBot/1.0; +claudebot@anthropic.com)"
18.219.44.171 - - [22/Dec/2024:18:13:19 +0000] "GET /wp-content__3e4c3ab/mah.php?path=%2Fhome%2Fartemisi%2F.pki HTTP/1.1" 200 3972 "-" "Mozilla/5.0 AppleWebKit/537.36 (KHTML, like Gecko; compatible; ClaudeBot/1.0; +claudebot@anthropic.com)"
18.219.44.171 - - [22/Dec/2024:18:13:19 +0000] "GET /wp-content__3e4c3ab/mah.php?filesrc=%2Fhome%2Fartemisi%2F.cpanel-logs&path=%2Fhome%2Fartemisi HTTP/1.1" 200 1678 "-" "Mozilla/5.0 AppleWebKit/537.36 (KHTML, like Gecko; compatible; ClaudeBot/1.0; +claudebot@anthropic.com)"
3.17.181.112 - - [22/Dec/2024:18:13:31 +0000] "GET /cache/b/a/g HTTP/1.1" 301 245 "-" "Mozilla/5.0 AppleWebKit/537.36 (KHTML, like Gecko; compatible; ClaudeBot/1.0; +claudebot@anthropic.com)"
3.17.181.112 - - [22/Dec/2024:18:13:31 +0000] "GET /cache/b/a/g/ HTTP/1.1" 200 1982 "https://artemisiaink.com/cache/b/a/g" "Mozilla/5.0 AppleWebKit/537.36 (KHTML, like Gecko; compatible; ClaudeBot/1.0; +claudebot@anthropic.com)"
18.222.182.226 - - [22/Dec/2024:18:13:48 +0000] "GET /cache/d/c/b HTTP/1.1" 301 245 "-" "Mozilla/5.0 AppleWebKit/537.36 (KHTML, like Gecko; compatible; ClaudeBot/1.0; +claudebot@anthropic.com)"
18.222.182.226 - - [22/Dec/2024:18:13:48 +0000] "GET /cache/d/c/b/ HTTP/1.1" 200 1982 "https://artemisiaink.com/cache/d/c/b" "Mozilla/5.0 AppleWebKit/537.36 (KHTML, like Gecko; compatible; ClaudeBot/1.0; +claudebot@anthropic.com)"
3.144.119.149 - - [22/Dec/2024:18:13:52 +0000] "GET /cache/a/h/b HTTP/1.1" 301 245 "-" "Mozilla/5.0 AppleWebKit/537.36 (KHTML, like Gecko; compatible; ClaudeBot/1.0; +claudebot@anthropic.com)"
3.144.119.149 - - [22/Dec/2024:18:13:52 +0000] "GET /cache/a/h/b/ HTTP/1.1" 200 1982 "https://artemisiaink.com/cache/a/h/b" "Mozilla/5.0 AppleWebKit/537.36 (KHTML, like Gecko; compatible; ClaudeBot/1.0; +claudebot@anthropic.com)"
52.14.75.147 - - [22/Dec/2024:18:14:24 +0000] "GET /cache/h/g/?C=D&O=A HTTP/1.1" 200 1976 "-" "Mozilla/5.0 AppleWebKit/537.36 (KHTML, like Gecko; compatible; ClaudeBot/1.0; +claudebot@anthropic.com)"
3.145.44.46 - - [22/Dec/2024:18:14:49 +0000] "GET /cache/h/g/d HTTP/1.1" 301 245 "-" "Mozilla/5.0 AppleWebKit/537.36 (KHTML, like Gecko; compatible; ClaudeBot/1.0; +claudebot@anthropic.com)"
3.145.44.46 - - [22/Dec/2024:18:14:50 +0000] "GET /cache/h/g/d/ HTTP/1.1" 200 1982 "https://artemisiaink.com/cache/h/g/d" "Mozilla/5.0 AppleWebKit/537.36 (KHTML, like Gecko; compatible; ClaudeBot/1.0; +claudebot@anthropic.com)"
52.15.42.61 - - [22/Dec/2024:18:15:06 +0000] "GET /cache/g/e/f HTTP/1.1" 301 245 "-" "Mozilla/5.0 AppleWebKit/537.36 (KHTML, like Gecko; compatible; ClaudeBot/1.0; +claudebot@anthropic.com)"
52.15.42.61 - - [22/Dec/2024:18:15:06 +0000] "GET /cache/g/e/f/ HTTP/1.1" 200 1982 "https://artemisiaink.com/cache/g/e/f" "Mozilla/5.0 AppleWebKit/537.36 (KHTML, like Gecko; compatible; ClaudeBot/1.0; +claudebot@anthropic.com)"
52.14.234.146 - - [22/Dec/2024:18:15:29 +0000] "GET /cache/d/c/f HTTP/1.1" 301 245 "-" "Mozilla/5.0 AppleWebKit/537.36 (KHTML, like Gecko; compatible; ClaudeBot/1.0; +claudebot@anthropic.com)"
52.14.234.146 - - [22/Dec/2024:18:15:29 +0000] "GET /cache/d/c/f/ HTTP/1.1" 200 1982 "https://artemisiaink.com/cache/d/c/f" "Mozilla/5.0 AppleWebKit/537.36 (KHTML, like Gecko; compatible; ClaudeBot/1.0; +claudebot@anthropic.com)"
18.223.239.65 - - [22/Dec/2024:18:15:29 +0000] "GET /wp-content__3e4c3ab/defaults.php?path=%2Fhome%2Fartemisi%2Fpublic_html%2Fwp-include__3e4c3ab HTTP/1.1" 200 6543 "-" "Mozilla/5.0 AppleWebKit/537.36 (KHTML, like Gecko; compatible; ClaudeBot/1.0; +claudebot@anthropic.com)"
