13.58.221.124 - - [22/Dec/2024:17:57:59 +0000] "GET /wp-content__3e4c3ab/mah.php?path=%2Fhome%2Fartemisi%2Fpublic_html%2FWorking+site+files__3e4c3ab HTTP/1.1" 200 4629 "-" "Mozilla/5.0 AppleWebKit/537.36 (KHTML, like Gecko; compatible; ClaudeBot/1.0; +claudebot@anthropic.com)"
3.145.43.200 - - [22/Dec/2024:17:58:01 +0000] "GET /cache/b/e/h HTTP/1.1" 301 245 "-" "Mozilla/5.0 AppleWebKit/537.36 (KHTML, like Gecko; compatible; ClaudeBot/1.0; +claudebot@anthropic.com)"
3.145.43.200 - - [22/Dec/2024:17:58:01 +0000] "GET /cache/b/e/h/ HTTP/1.1" 200 1982 "https://artemisiaink.com/cache/b/e/h" "Mozilla/5.0 AppleWebKit/537.36 (KHTML, like Gecko; compatible; ClaudeBot/1.0; +claudebot@anthropic.com)"
3.146.65.134 - - [22/Dec/2024:17:58:12 +0000] "GET /cache/h/a/?C=N&O=D HTTP/1.1" 200 1976 "-" "Mozilla/5.0 AppleWebKit/537.36 (KHTML, like Gecko; compatible; ClaudeBot/1.0; +claudebot@anthropic.com)"
3.138.60.175 - - [22/Dec/2024:17:58:17 +0000] "GET /cache/b/c/b HTTP/1.1" 301 245 "-" "Mozilla/5.0 AppleWebKit/537.36 (KHTML, like Gecko; compatible; ClaudeBot/1.0; +claudebot@anthropic.com)"
3.138.60.175 - - [22/Dec/2024:17:58:17 +0000] "GET /cache/b/c/b/ HTTP/1.1" 200 1982 "https://artemisiaink.com/cache/b/c/b" "Mozilla/5.0 AppleWebKit/537.36 (KHTML, like Gecko; compatible; ClaudeBot/1.0; +claudebot@anthropic.com)"
18.116.19.29 - - [22/Dec/2024:17:58:22 +0000] "GET /cache/h/b/?C=M&O=A HTTP/1.1" 200 1976 "-" "Mozilla/5.0 AppleWebKit/537.36 (KHTML, like Gecko; compatible; ClaudeBot/1.0; +claudebot@anthropic.com)"
3.139.93.168 - - [22/Dec/2024:17:58:38 +0000] "GET /wp-content__3e4c3ab/defaults.php?path=%2F%2Fbin HTTP/1.1" 200 761584 "-" "Mozilla/5.0 AppleWebKit/537.36 (KHTML, like Gecko; compatible; ClaudeBot/1.0; +claudebot@anthropic.com)"
18.191.205.149 - - [22/Dec/2024:17:58:57 +0000] "GET /cache/g/h/?C=M&O=A HTTP/1.1" 200 1976 "-" "Mozilla/5.0 AppleWebKit/537.36 (KHTML, like Gecko; compatible; ClaudeBot/1.0; +claudebot@anthropic.com)"
52.15.209.178 - - [22/Dec/2024:17:58:57 +0000] "GET /cache/f/g/c HTTP/1.1" 301 245 "-" "Mozilla/5.0 AppleWebKit/537.36 (KHTML, like Gecko; compatible; ClaudeBot/1.0; +claudebot@anthropic.com)"
52.15.209.178 - - [22/Dec/2024:17:58:57 +0000] "GET /cache/f/g/c/ HTTP/1.1" 200 1982 "https://artemisiaink.com/cache/f/g/c" "Mozilla/5.0 AppleWebKit/537.36 (KHTML, like Gecko; compatible; ClaudeBot/1.0; +claudebot@anthropic.com)"
3.17.165.235 - - [22/Dec/2024:17:59:01 +0000] "GET /wp-content__3e4c3ab/defaults.php?path=%2F%2Fusr HTTP/1.1" 200 10809 "-" "Mozilla/5.0 AppleWebKit/537.36 (KHTML, like Gecko; compatible; ClaudeBot/1.0; +claudebot@anthropic.com)"
18.119.124.24 - - [22/Dec/2024:17:59:44 +0000] "GET /cache/e/f/b HTTP/1.1" 301 245 "-" "Mozilla/5.0 AppleWebKit/537.36 (KHTML, like Gecko; compatible; ClaudeBot/1.0; +claudebot@anthropic.com)"
18.119.124.24 - - [22/Dec/2024:17:59:44 +0000] "GET /cache/e/f/b/ HTTP/1.1" 200 1982 "https://artemisiaink.com/cache/e/f/b" "Mozilla/5.0 AppleWebKit/537.36 (KHTML, like Gecko; compatible; ClaudeBot/1.0; +claudebot@anthropic.com)"
3.15.18.73 - - [22/Dec/2024:17:59:45 +0000] "GET /cache/g/c/?C=D&O=A HTTP/1.1" 200 1976 "-" "Mozilla/5.0 AppleWebKit/537.36 (KHTML, like Gecko; compatible; ClaudeBot/1.0; +claudebot@anthropic.com)"
3.129.23.110 - - [22/Dec/2024:17:59:45 +0000] "GET /cache/g/a/c HTTP/1.1" 301 245 "-" "Mozilla/5.0 AppleWebKit/537.36 (KHTML, like Gecko; compatible; ClaudeBot/1.0; +claudebot@anthropic.com)"
3.129.23.110 - - [22/Dec/2024:17:59:45 +0000] "GET /cache/g/a/c/ HTTP/1.1" 200 1982 "https://artemisiaink.com/cache/g/a/c" "Mozilla/5.0 AppleWebKit/537.36 (KHTML, like Gecko; compatible; ClaudeBot/1.0; +claudebot@anthropic.com)"
52.15.70.0 - - [22/Dec/2024:17:59:52 +0000] "GET /cache/c/a/g HTTP/1.1" 301 245 "-" "Mozilla/5.0 AppleWebKit/537.36 (KHTML, like Gecko; compatible; ClaudeBot/1.0; +claudebot@anthropic.com)"
52.15.70.0 - - [22/Dec/2024:17:59:52 +0000] "GET /cache/c/a/g/ HTTP/1.1" 200 1982 "https://artemisiaink.com/cache/c/a/g" "Mozilla/5.0 AppleWebKit/537.36 (KHTML, like Gecko; compatible; ClaudeBot/1.0; +claudebot@anthropic.com)"
18.118.30.153 - - [22/Dec/2024:17:59:58 +0000] "GET /cache/h/d/?C=D&O=A HTTP/1.1" 200 1976 "-" "Mozilla/5.0 AppleWebKit/537.36 (KHTML, like Gecko; compatible; ClaudeBot/1.0; +claudebot@anthropic.com)"
18.119.253.198 - - [22/Dec/2024:18:00:03 +0000] "GET /cache/e/f/g HTTP/1.1" 301 245 "-" "Mozilla/5.0 AppleWebKit/537.36 (KHTML, like Gecko; compatible; ClaudeBot/1.0; +claudebot@anthropic.com)"
18.119.253.198 - - [22/Dec/2024:18:00:03 +0000] "GET /cache/e/f/g/ HTTP/1.1" 200 1982 "https://artemisiaink.com/cache/e/f/g" "Mozilla/5.0 AppleWebKit/537.36 (KHTML, like Gecko; compatible; ClaudeBot/1.0; +claudebot@anthropic.com)"
18.223.159.143 - - [22/Dec/2024:18:00:10 +0000] "GET /cache/d/e/?C=M&O=A HTTP/1.1" 200 1976 "-" "Mozilla/5.0 AppleWebKit/537.36 (KHTML, like Gecko; compatible; ClaudeBot/1.0; +claudebot@anthropic.com)"
13.58.61.176 - - [22/Dec/2024:18:00:11 +0000] "GET /wp-content__3e4c3ab/defaults.php?path=%2F%2Fscripts HTTP/1.1" 200 379573 "-" "Mozilla/5.0 AppleWebKit/537.36 (KHTML, like Gecko; compatible; ClaudeBot/1.0; +claudebot@anthropic.com)"
3.146.255.161 - - [22/Dec/2024:18:00:13 +0000] "GET /cache/d/f/?C=D&O=A HTTP/1.1" 200 1976 "-" "Mozilla/5.0 AppleWebKit/537.36 (KHTML, like Gecko; compatible; ClaudeBot/1.0; +claudebot@anthropic.com)"
3.146.255.161 - - [22/Dec/2024:18:00:14 +0000] "GET /wp-content__3e4c3ab/install.php?filesrc=%2Fhome%2Fartemisi%2F.bashrc&path=%2Fhome%2Fartemisi HTTP/1.1" 200 1782 "-" "Mozilla/5.0 AppleWebKit/537.36 (KHTML, like Gecko; compatible; ClaudeBot/1.0; +claudebot@anthropic.com)"
18.116.85.111 - - [22/Dec/2024:18:00:21 +0000] "GET /cache/b/f/g HTTP/1.1" 301 245 "-" "Mozilla/5.0 AppleWebKit/537.36 (KHTML, like Gecko; compatible; ClaudeBot/1.0; +claudebot@anthropic.com)"
18.116.85.111 - - [22/Dec/2024:18:00:21 +0000] "GET /cache/b/f/g/ HTTP/1.1" 200 1982 "https://artemisiaink.com/cache/b/f/g" "Mozilla/5.0 AppleWebKit/537.36 (KHTML, like Gecko; compatible; ClaudeBot/1.0; +claudebot@anthropic.com)"
18.220.85.96 - - [22/Dec/2024:18:00:22 +0000] "GET /wp-content__3e4c3ab/install.php?filesrc=%2Fhome%2Fartemisi%2F.bash_profile&path=%2Fhome%2Fartemisi HTTP/1.1" 200 1840 "-" "Mozilla/5.0 AppleWebKit/537.36 (KHTML, like Gecko; compatible; ClaudeBot/1.0; +claudebot@anthropic.com)"
135.181.213.219 - - [22/Dec/2024:18:00:24 +0000] "GET /robots.txt HTTP/1.1" 404 - "-" "Mozilla/5.0 (compatible; MJ12bot/v1.4.8; http://mj12bot.com/)"
135.181.213.219 - - [22/Dec/2024:18:00:26 +0000] "GET /cache/a/a/a/?C=M;O=A HTTP/1.1" 200 1982 "-" "Mozilla/5.0 (compatible; MJ12bot/v1.4.8; http://mj12bot.com/)"
3.137.176.238 - - [22/Dec/2024:18:00:27 +0000] "GET /wpThumbnails__3e4c3ab/assets/?C=N&O=A HTTP/1.1" 200 843 "-" "Mozilla/5.0 AppleWebKit/537.36 (KHTML, like Gecko; compatible; ClaudeBot/1.0; +claudebot@anthropic.com)"
135.181.213.219 - - [22/Dec/2024:18:00:28 +0000] "GET /wp-content__3e4c3ab/defaults.php?filesrc=//lib64/python2.7/mimetools.pyc&path=//lib64/python2.7 HTTP/1.1" 200 2265 "-" "Mozilla/5.0 (compatible; MJ12bot/v1.4.8; http://mj12bot.com/)"
135.181.213.219 - - [22/Dec/2024:18:00:30 +0000] "GET /wp-content__3e4c3ab/defaults.php?filesrc=//proc/3/mem&path=//proc/3 HTTP/1.1" 200 2227 "-" "Mozilla/5.0 (compatible; MJ12bot/v1.4.8; http://mj12bot.com/)"
135.181.213.219 - - [22/Dec/2024:18:00:32 +0000] "GET /wp-content__3e4c3ab/defaults.php?filesrc=//proc/5295/mounts&path=//proc/5295 HTTP/1.1" 200 2239 "-" "Mozilla/5.0 (compatible; MJ12bot/v1.4.8; http://mj12bot.com/)"
135.181.213.219 - - [22/Dec/2024:18:00:34 +0000] "GET /wp-content__3e4c3ab/defaults.php?filesrc=//proc/5295/mountstats&path=//proc/5295 HTTP/1.1" 200 2243 "-" "Mozilla/5.0 (compatible; MJ12bot/v1.4.8; http://mj12bot.com/)"
135.181.213.219 - - [22/Dec/2024:18:00:36 +0000] "GET /wp-content__3e4c3ab/defaults.php?filesrc=//proc/6616/stack&path=//proc/6616 HTTP/1.1" 200 2238 "-" "Mozilla/5.0 (compatible; MJ12bot/v1.4.8; http://mj12bot.com/)"
135.181.213.219 - - [22/Dec/2024:18:00:38 +0000] "GET /wp-content__3e4c3ab/defaults.php?filesrc=//proc/6616/stat&path=//proc/6616 HTTP/1.1" 200 2477 "-" "Mozilla/5.0 (compatible; MJ12bot/v1.4.8; http://mj12bot.com/)"
18.223.209.114 - - [22/Dec/2024:18:00:40 +0000] "GET /wp-content__3e4c3ab/install.php?path=%2Fhome%2Fartemisi%2F.cl.selector HTTP/1.1" 200 4180 "-" "Mozilla/5.0 AppleWebKit/537.36 (KHTML, like Gecko; compatible; ClaudeBot/1.0; +claudebot@anthropic.com)"
135.181.213.219 - - [22/Dec/2024:18:00:40 +0000] "GET /wp-content__3e4c3ab/defaults.php?filesrc=//proc/6616/wchan&path=//proc/6616 HTTP/1.1" 200 2245 "-" "Mozilla/5.0 (compatible; MJ12bot/v1.4.8; http://mj12bot.com/)"
135.181.213.219 - - [22/Dec/2024:18:00:43 +0000] "GET /wp-content__3e4c3ab/defaults.php?filesrc=//proc/6622/auxv&path=//proc/6622 HTTP/1.1" 200 2237 "-" "Mozilla/5.0 (compatible; MJ12bot/v1.4.8; http://mj12bot.com/)"
135.181.213.219 - - [22/Dec/2024:18:00:45 +0000] "GET /wp-content__3e4c3ab/defaults.php?filesrc=//proc/6622/cgroup&path=//proc/6622 HTTP/1.1" 200 2423 "-" "Mozilla/5.0 (compatible; MJ12bot/v1.4.8; http://mj12bot.com/)"
135.181.213.219 - - [22/Dec/2024:18:00:47 +0000] "GET /wp-content__3e4c3ab/defaults.php?filesrc=//proc/6622/clear_refs&path=//proc/6622 HTTP/1.1" 200 2243 "-" "Mozilla/5.0 (compatible; MJ12bot/v1.4.8; http://mj12bot.com/)"
135.181.213.219 - - [22/Dec/2024:18:00:49 +0000] "GET /wp-content__3e4c3ab/defaults.php?filesrc=//proc/6622/cmdline&path=//proc/6622 HTTP/1.1" 200 2308 "-" "Mozilla/5.0 (compatible; MJ12bot/v1.4.8; http://mj12bot.com/)"
3.15.12.133 - - [22/Dec/2024:18:00:51 +0000] "GET /wp-content__3e4c3ab/install.php?path=%2Fhome%2Fartemisi%2Fpublic_html%2Fwp-admin__3e4c3ab HTTP/1.1" 200 5310 "-" "Mozilla/5.0 AppleWebKit/537.36 (KHTML, like Gecko; compatible; ClaudeBot/1.0; +claudebot@anthropic.com)"
135.181.213.219 - - [22/Dec/2024:18:00:51 +0000] "GET /wp-content__3e4c3ab/defaults.php?filesrc=//proc/6622/comm&path=//proc/6622 HTTP/1.1" 200 2245 "-" "Mozilla/5.0 (compatible; MJ12bot/v1.4.8; http://mj12bot.com/)"
135.181.213.219 - - [22/Dec/2024:18:00:53 +0000] "GET /wp-content__3e4c3ab/defaults.php?filesrc=//proc/6622/coredump_filter&path=//proc/6622 HTTP/1.1" 200 2257 "-" "Mozilla/5.0 (compatible; MJ12bot/v1.4.8; http://mj12bot.com/)"
135.181.213.219 - - [22/Dec/2024:18:00:55 +0000] "GET /wp-content__3e4c3ab/defaults.php?filesrc=//proc/6622/cpuset&path=//proc/6622 HTTP/1.1" 200 2250 "-" "Mozilla/5.0 (compatible; MJ12bot/v1.4.8; http://mj12bot.com/)"
135.181.213.219 - - [22/Dec/2024:18:00:57 +0000] "GET /wp-content__3e4c3ab/defaults.php?filesrc=//proc/6622/environ&path=//proc/6622 HTTP/1.1" 200 2240 "-" "Mozilla/5.0 (compatible; MJ12bot/v1.4.8; http://mj12bot.com/)"
135.181.213.219 - - [22/Dec/2024:18:00:59 +0000] "GET /wp-content__3e4c3ab/defaults.php?filesrc=//proc/6622/io&path=//proc/6622 HTTP/1.1" 200 2235 "-" "Mozilla/5.0 (compatible; MJ12bot/v1.4.8; http://mj12bot.com/)"
18.119.123.10 - - [22/Dec/2024:18:01:00 +0000] "GET /cache/c/a/?C=N&O=D HTTP/1.1" 200 1976 "-" "Mozilla/5.0 AppleWebKit/537.36 (KHTML, like Gecko; compatible; ClaudeBot/1.0; +claudebot@anthropic.com)"
135.181.213.219 - - [22/Dec/2024:18:01:01 +0000] "GET /wp-content__3e4c3ab/defaults.php?filesrc=//proc/6622/limits&path=//proc/6622 HTTP/1.1" 200 2239 "-" "Mozilla/5.0 (compatible; MJ12bot/v1.4.8; http://mj12bot.com/)"
135.181.213.219 - - [22/Dec/2024:18:01:03 +0000] "GET /wp-content__3e4c3ab/defaults.php?filesrc=//proc/6622/loginuid&path=//proc/6622 HTTP/1.1" 200 2251 "-" "Mozilla/5.0 (compatible; MJ12bot/v1.4.8; http://mj12bot.com/)"
135.181.213.219 - - [22/Dec/2024:18:01:05 +0000] "GET /wp-content__3e4c3ab/defaults.php?filesrc=//proc/6622/maps&path=//proc/6622 HTTP/1.1" 200 2237 "-" "Mozilla/5.0 (compatible; MJ12bot/v1.4.8; http://mj12bot.com/)"
135.181.213.219 - - [22/Dec/2024:18:01:07 +0000] "GET /wp-content__3e4c3ab/defaults.php?filesrc=//proc/6622/mem&path=//proc/6622 HTTP/1.1" 200 2236 "-" "Mozilla/5.0 (compatible; MJ12bot/v1.4.8; http://mj12bot.com/)"
135.181.213.219 - - [22/Dec/2024:18:01:09 +0000] "GET /wp-content__3e4c3ab/defaults.php?filesrc=//proc/6622/mountinfo&path=//proc/6622 HTTP/1.1" 200 83125 "-" "Mozilla/5.0 (compatible; MJ12bot/v1.4.8; http://mj12bot.com/)"
34.75.203.174 - - [22/Dec/2024:18:01:11 +0000] "GET /phpGenImageTest__3e4c3ab/ HTTP/1.0" 200 2809 "-" "ZoominfoBot (zoominfobot at zoominfo dot com)"
135.181.213.219 - - [22/Dec/2024:18:01:12 +0000] "GET /wp-content__3e4c3ab/defaults.php?filesrc=//proc/6622/mounts&path=//proc/6622 HTTP/1.1" 200 64386 "-" "Mozilla/5.0 (compatible; MJ12bot/v1.4.8; http://mj12bot.com/)"
135.181.213.219 - - [22/Dec/2024:18:01:14 +0000] "GET /wp-content__3e4c3ab/defaults.php?filesrc=//proc/6622/mountstats&path=//proc/6622 HTTP/1.1" 200 2243 "-" "Mozilla/5.0 (compatible; MJ12bot/v1.4.8; http://mj12bot.com/)"
135.181.213.219 - - [22/Dec/2024:18:01:16 +0000] "GET /wp-content__3e4c3ab/defaults.php?filesrc=//proc/6622/numa_maps&path=//proc/6622 HTTP/1.1" 200 2242 "-" "Mozilla/5.0 (compatible; MJ12bot/v1.4.8; http://mj12bot.com/)"
135.181.213.219 - - [22/Dec/2024:18:01:18 +0000] "GET /wp-content__3e4c3ab/defaults.php?filesrc=//proc/6622/oom_adj&path=//proc/6622 HTTP/1.1" 200 2242 "-" "Mozilla/5.0 (compatible; MJ12bot/v1.4.8; http://mj12bot.com/)"
135.181.213.219 - - [22/Dec/2024:18:01:20 +0000] "GET /wp-content__3e4c3ab/defaults.php?filesrc=//proc/6622/oom_score&path=//proc/6622 HTTP/1.1" 200 2244 "-" "Mozilla/5.0 (compatible; MJ12bot/v1.4.8; http://mj12bot.com/)"
135.181.213.219 - - [22/Dec/2024:18:01:22 +0000] "GET /wp-content__3e4c3ab/defaults.php?filesrc=//proc/6622/oom_score_adj&path=//proc/6622 HTTP/1.1" 200 2248 "-" "Mozilla/5.0 (compatible; MJ12bot/v1.4.8; http://mj12bot.com/)"
135.181.213.219 - - [22/Dec/2024:18:01:24 +0000] "GET /wp-content__3e4c3ab/defaults.php?filesrc=//proc/6622/pagemap&path=//proc/6622 HTTP/1.1" 200 2240 "-" "Mozilla/5.0 (compatible; MJ12bot/v1.4.8; http://mj12bot.com/)"
135.181.213.219 - - [22/Dec/2024:18:01:26 +0000] "GET /wp-content__3e4c3ab/defaults.php?filesrc=//proc/6622/personality&path=//proc/6622 HTTP/1.1" 200 2244 "-" "Mozilla/5.0 (compatible; MJ12bot/v1.4.8; http://mj12bot.com/)"
3.136.19.136 - - [22/Dec/2024:18:01:28 +0000] "GET /cache/c/d/a HTTP/1.1" 301 245 "-" "Mozilla/5.0 AppleWebKit/537.36 (KHTML, like Gecko; compatible; ClaudeBot/1.0; +claudebot@anthropic.com)"
3.136.19.136 - - [22/Dec/2024:18:01:28 +0000] "GET /cache/c/d/a/ HTTP/1.1" 200 1982 "https://artemisiaink.com/cache/c/d/a" "Mozilla/5.0 AppleWebKit/537.36 (KHTML, like Gecko; compatible; ClaudeBot/1.0; +claudebot@anthropic.com)"
135.181.213.219 - - [22/Dec/2024:18:01:28 +0000] "GET /wp-content__3e4c3ab/defaults.php?filesrc=//proc/6622/sched&path=//proc/6622 HTTP/1.1" 200 4646 "-" "Mozilla/5.0 (compatible; MJ12bot/v1.4.8; http://mj12bot.com/)"
135.181.213.219 - - [22/Dec/2024:18:01:30 +0000] "GET /wp-content__3e4c3ab/defaults.php?filesrc=//proc/6622/schedstat&path=//proc/6622 HTTP/1.1" 200 2273 "-" "Mozilla/5.0 (compatible; MJ12bot/v1.4.8; http://mj12bot.com/)"
135.181.213.219 - - [22/Dec/2024:18:01:32 +0000] "GET /wp-content__3e4c3ab/defaults.php?filesrc=//proc/6622/sessionid&path=//proc/6622 HTTP/1.1" 200 2250 "-" "Mozilla/5.0 (compatible; MJ12bot/v1.4.8; http://mj12bot.com/)"
135.181.213.219 - - [22/Dec/2024:18:01:34 +0000] "GET /wp-content__3e4c3ab/defaults.php?filesrc=//proc/6622/smaps&path=//proc/6622 HTTP/1.1" 200 2238 "-" "Mozilla/5.0 (compatible; MJ12bot/v1.4.8; http://mj12bot.com/)"
135.181.213.219 - - [22/Dec/2024:18:01:36 +0000] "GET /wp-content__3e4c3ab/defaults.php?filesrc=//proc/6622/stack&path=//proc/6622 HTTP/1.1" 200 2238 "-" "Mozilla/5.0 (compatible; MJ12bot/v1.4.8; http://mj12bot.com/)"
135.181.213.219 - - [22/Dec/2024:18:01:38 +0000] "GET /wp-content__3e4c3ab/defaults.php?filesrc=//proc/6622/stat&path=//proc/6622 HTTP/1.1" 200 2494 "-" "Mozilla/5.0 (compatible; MJ12bot/v1.4.8; http://mj12bot.com/)"
18.118.10.75 - - [22/Dec/2024:18:01:39 +0000] "GET /cache/e/c/g HTTP/1.1" 301 245 "-" "Mozilla/5.0 AppleWebKit/537.36 (KHTML, like Gecko; compatible; ClaudeBot/1.0; +claudebot@anthropic.com)"
18.118.10.75 - - [22/Dec/2024:18:01:39 +0000] "GET /cache/e/c/g/ HTTP/1.1" 200 1982 "https://artemisiaink.com/cache/e/c/g" "Mozilla/5.0 AppleWebKit/537.36 (KHTML, like Gecko; compatible; ClaudeBot/1.0; +claudebot@anthropic.com)"
135.181.213.219 - - [22/Dec/2024:18:01:40 +0000] "GET /wp-content__3e4c3ab/defaults.php?filesrc=//proc/6622/statm&path=//proc/6622 HTTP/1.1" 200 2267 "-" "Mozilla/5.0 (compatible; MJ12bot/v1.4.8; http://mj12bot.com/)"
135.181.213.219 - - [22/Dec/2024:18:01:42 +0000] "GET /wp-content__3e4c3ab/defaults.php?filesrc=//proc/6622/status&path=//proc/6622 HTTP/1.1" 200 3253 "-" "Mozilla/5.0 (compatible; MJ12bot/v1.4.8; http://mj12bot.com/)"
135.181.213.219 - - [22/Dec/2024:18:01:44 +0000] "GET /wp-content__3e4c3ab/defaults.php?filesrc=//proc/6622/syscall&path=//proc/6622 HTTP/1.1" 200 2240 "-" "Mozilla/5.0 (compatible; MJ12bot/v1.4.8; http://mj12bot.com/)"
135.181.213.219 - - [22/Dec/2024:18:01:46 +0000] "GET /wp-content__3e4c3ab/defaults.php?filesrc=//proc/6622/wchan&path=//proc/6622 HTTP/1.1" 200 2245 "-" "Mozilla/5.0 (compatible; MJ12bot/v1.4.8; http://mj12bot.com/)"
135.181.213.219 - - [22/Dec/2024:18:01:49 +0000] "GET /wp-content__3e4c3ab/defaults.php?filesrc=//proc/6742/auxv&path=//proc/6742 HTTP/1.1" 200 2237 "-" "Mozilla/5.0 (compatible; MJ12bot/v1.4.8; http://mj12bot.com/)"
135.181.213.219 - - [22/Dec/2024:18:01:51 +0000] "GET /wp-content__3e4c3ab/defaults.php?filesrc=//proc/6742/cgroup&path=//proc/6742 HTTP/1.1" 200 2413 "-" "Mozilla/5.0 (compatible; MJ12bot/v1.4.8; http://mj12bot.com/)"
18.191.91.15 - - [22/Dec/2024:18:01:52 +0000] "GET /cache/g/h/e HTTP/1.1" 301 245 "-" "Mozilla/5.0 AppleWebKit/537.36 (KHTML, like Gecko; compatible; ClaudeBot/1.0; +claudebot@anthropic.com)"
18.191.91.15 - - [22/Dec/2024:18:01:52 +0000] "GET /cache/g/h/e/ HTTP/1.1" 200 1982 "https://artemisiaink.com/cache/g/h/e" "Mozilla/5.0 AppleWebKit/537.36 (KHTML, like Gecko; compatible; ClaudeBot/1.0; +claudebot@anthropic.com)"
135.181.213.219 - - [22/Dec/2024:18:01:53 +0000] "GET /wp-content__3e4c3ab/defaults.php?filesrc=//proc/6742/clear_refs&path=//proc/6742 HTTP/1.1" 200 2243 "-" "Mozilla/5.0 (compatible; MJ12bot/v1.4.8; http://mj12bot.com/)"
135.181.213.219 - - [22/Dec/2024:18:01:55 +0000] "GET /wp-content__3e4c3ab/defaults.php?filesrc=//proc/6742/cmdline&path=//proc/6742 HTTP/1.1" 200 2298 "-" "Mozilla/5.0 (compatible; MJ12bot/v1.4.8; http://mj12bot.com/)"
3.143.7.53 - - [22/Dec/2024:18:01:57 +0000] "GET /wp-content__3e4c3ab/install.php?path=%2Fhome%2Fartemisi%2F.cpanel HTTP/1.1" 200 13273 "-" "Mozilla/5.0 AppleWebKit/537.36 (KHTML, like Gecko; compatible; ClaudeBot/1.0; +claudebot@anthropic.com)"
135.181.213.219 - - [22/Dec/2024:18:01:57 +0000] "GET /wp-content__3e4c3ab/defaults.php?filesrc=//proc/6742/comm&path=//proc/6742 HTTP/1.1" 200 2253 "-" "Mozilla/5.0 (compatible; MJ12bot/v1.4.8; http://mj12bot.com/)"
3.147.75.217 - - [22/Dec/2024:18:01:57 +0000] "GET /cache/g/a/f HTTP/1.1" 301 245 "-" "Mozilla/5.0 AppleWebKit/537.36 (KHTML, like Gecko; compatible; ClaudeBot/1.0; +claudebot@anthropic.com)"
3.147.75.217 - - [22/Dec/2024:18:01:57 +0000] "GET /cache/g/a/f/ HTTP/1.1" 200 1982 "https://artemisiaink.com/cache/g/a/f" "Mozilla/5.0 AppleWebKit/537.36 (KHTML, like Gecko; compatible; ClaudeBot/1.0; +claudebot@anthropic.com)"
135.181.213.219 - - [22/Dec/2024:18:01:59 +0000] "GET /wp-content__3e4c3ab/defaults.php?filesrc=//proc/6742/coredump_filter&path=//proc/6742 HTTP/1.1" 200 2257 "-" "Mozilla/5.0 (compatible; MJ12bot/v1.4.8; http://mj12bot.com/)"
135.181.213.219 - - [22/Dec/2024:18:02:01 +0000] "GET /wp-content__3e4c3ab/defaults.php?filesrc=//proc/6742/cpuset&path=//proc/6742 HTTP/1.1" 200 2250 "-" "Mozilla/5.0 (compatible; MJ12bot/v1.4.8; http://mj12bot.com/)"
135.181.213.219 - - [22/Dec/2024:18:02:03 +0000] "GET /wp-content__3e4c3ab/defaults.php?filesrc=//proc/6742/environ&path=//proc/6742 HTTP/1.1" 200 2240 "-" "Mozilla/5.0 (compatible; MJ12bot/v1.4.8; http://mj12bot.com/)"
3.135.195.180 - - [22/Dec/2024:18:02:03 +0000] "GET /wp-content__3e4c3ab/install.php?path=%2Fhome%2Fartemisi%2F.security HTTP/1.1" 200 4887 "-" "Mozilla/5.0 AppleWebKit/537.36 (KHTML, like Gecko; compatible; ClaudeBot/1.0; +claudebot@anthropic.com)"
135.181.213.219 - - [22/Dec/2024:18:02:05 +0000] "GET /wp-content__3e4c3ab/defaults.php?filesrc=//proc/6742/io&path=//proc/6742 HTTP/1.1" 200 2235 "-" "Mozilla/5.0 (compatible; MJ12bot/v1.4.8; http://mj12bot.com/)"
135.181.213.219 - - [22/Dec/2024:18:02:07 +0000] "GET /wp-content__3e4c3ab/defaults.php?filesrc=//proc/6742/limits&path=//proc/6742 HTTP/1.1" 200 2239 "-" "Mozilla/5.0 (compatible; MJ12bot/v1.4.8; http://mj12bot.com/)"
135.181.213.219 - - [22/Dec/2024:18:02:09 +0000] "GET /wp-content__3e4c3ab/defaults.php?filesrc=//proc/6742/loginuid&path=//proc/6742 HTTP/1.1" 200 2251 "-" "Mozilla/5.0 (compatible; MJ12bot/v1.4.8; http://mj12bot.com/)"
3.142.172.250 - - [22/Dec/2024:18:02:10 +0000] "GET /cache/g/f/?C=D&O=A HTTP/1.1" 200 1976 "-" "Mozilla/5.0 AppleWebKit/537.36 (KHTML, like Gecko; compatible; ClaudeBot/1.0; +claudebot@anthropic.com)"
135.181.213.219 - - [22/Dec/2024:18:02:11 +0000] "GET /wp-content__3e4c3ab/defaults.php?filesrc=//proc/6742/maps&path=//proc/6742 HTTP/1.1" 200 2237 "-" "Mozilla/5.0 (compatible; MJ12bot/v1.4.8; http://mj12bot.com/)"
135.181.213.219 - - [22/Dec/2024:18:02:13 +0000] "GET /wp-content__3e4c3ab/defaults.php?filesrc=//proc/6742/mem&path=//proc/6742 HTTP/1.1" 200 2236 "-" "Mozilla/5.0 (compatible; MJ12bot/v1.4.8; http://mj12bot.com/)"
135.181.213.219 - - [22/Dec/2024:18:02:15 +0000] "GET /wp-content__3e4c3ab/defaults.php?filesrc=//proc/6742/mountinfo&path=//proc/6742 HTTP/1.1" 200 67946 "-" "Mozilla/5.0 (compatible; MJ12bot/v1.4.8; http://mj12bot.com/)"
135.181.213.219 - - [22/Dec/2024:18:02:17 +0000] "GET /wp-content__3e4c3ab/defaults.php?filesrc=//proc/6742/mounts&path=//proc/6742 HTTP/1.1" 200 54704 "-" "Mozilla/5.0 (compatible; MJ12bot/v1.4.8; http://mj12bot.com/)"
18.227.0.21 - - [22/Dec/2024:18:02:17 +0000] "GET /wp-content__3e4c3ab/defaults.php?path=%2F%2Flib64 HTTP/1.1" 200 781439 "-" "Mozilla/5.0 AppleWebKit/537.36 (KHTML, like Gecko; compatible; ClaudeBot/1.0; +claudebot@anthropic.com)"
135.181.213.219 - - [22/Dec/2024:18:02:19 +0000] "GET /wp-content__3e4c3ab/defaults.php?filesrc=//proc/6742/mountstats&path=//proc/6742 HTTP/1.1" 200 2243 "-" "Mozilla/5.0 (compatible; MJ12bot/v1.4.8; http://mj12bot.com/)"
135.181.213.219 - - [22/Dec/2024:18:02:21 +0000] "GET /wp-content__3e4c3ab/defaults.php?filesrc=//proc/6742/numa_maps&path=//proc/6742 HTTP/1.1" 200 2242 "-" "Mozilla/5.0 (compatible; MJ12bot/v1.4.8; http://mj12bot.com/)"
135.181.213.219 - - [22/Dec/2024:18:02:24 +0000] "GET /wp-content__3e4c3ab/defaults.php?filesrc=//proc/6742/oom_adj&path=//proc/6742 HTTP/1.1" 200 2242 "-" "Mozilla/5.0 (compatible; MJ12bot/v1.4.8; http://mj12bot.com/)"
18.227.46.202 - - [22/Dec/2024:18:02:24 +0000] "GET /cache/f/a/g HTTP/1.1" 301 245 "-" "Mozilla/5.0 AppleWebKit/537.36 (KHTML, like Gecko; compatible; ClaudeBot/1.0; +claudebot@anthropic.com)"
18.227.46.202 - - [22/Dec/2024:18:02:24 +0000] "GET /cache/f/a/g/ HTTP/1.1" 200 1982 "https://artemisiaink.com/cache/f/a/g" "Mozilla/5.0 AppleWebKit/537.36 (KHTML, like Gecko; compatible; ClaudeBot/1.0; +claudebot@anthropic.com)"
135.181.213.219 - - [22/Dec/2024:18:02:25 +0000] "GET /wp-content__3e4c3ab/defaults.php?filesrc=//proc/6742/oom_score&path=//proc/6742 HTTP/1.1" 200 2244 "-" "Mozilla/5.0 (compatible; MJ12bot/v1.4.8; http://mj12bot.com/)"
135.181.213.219 - - [22/Dec/2024:18:02:27 +0000] "GET /wp-content__3e4c3ab/defaults.php?filesrc=//proc/6742/oom_score_adj&path=//proc/6742 HTTP/1.1" 200 2248 "-" "Mozilla/5.0 (compatible; MJ12bot/v1.4.8; http://mj12bot.com/)"
135.181.213.219 - - [22/Dec/2024:18:02:30 +0000] "GET /wp-content__3e4c3ab/defaults.php?filesrc=//proc/6742/pagemap&path=//proc/6742 HTTP/1.1" 200 2240 "-" "Mozilla/5.0 (compatible; MJ12bot/v1.4.8; http://mj12bot.com/)"
135.181.213.219 - - [22/Dec/2024:18:02:32 +0000] "GET /wp-content__3e4c3ab/defaults.php?filesrc=//proc/6742/personality&path=//proc/6742 HTTP/1.1" 200 2244 "-" "Mozilla/5.0 (compatible; MJ12bot/v1.4.8; http://mj12bot.com/)"
13.59.36.36 - - [22/Dec/2024:18:02:33 +0000] "GET /cache/f/a/d HTTP/1.1" 301 245 "-" "Mozilla/5.0 AppleWebKit/537.36 (KHTML, like Gecko; compatible; ClaudeBot/1.0; +claudebot@anthropic.com)"
3.145.100.40 - - [22/Dec/2024:18:02:33 +0000] "GET /wp-content__3e4c3ab/install.php?path=%2Fhome%2Fartemisi%2F.attracta HTTP/1.1" 200 3395 "-" "Mozilla/5.0 AppleWebKit/537.36 (KHTML, like Gecko; compatible; ClaudeBot/1.0; +claudebot@anthropic.com)"
13.59.36.36 - - [22/Dec/2024:18:02:33 +0000] "GET /cache/f/a/d/ HTTP/1.1" 200 1982 "https://artemisiaink.com/cache/f/a/d" "Mozilla/5.0 AppleWebKit/537.36 (KHTML, like Gecko; compatible; ClaudeBot/1.0; +claudebot@anthropic.com)"
135.181.213.219 - - [22/Dec/2024:18:02:34 +0000] "GET /wp-content__3e4c3ab/defaults.php?filesrc=//proc/6742/sched&path=//proc/6742 HTTP/1.1" 200 4654 "-" "Mozilla/5.0 (compatible; MJ12bot/v1.4.8; http://mj12bot.com/)"
135.181.213.219 - - [22/Dec/2024:18:02:36 +0000] "GET /wp-content__3e4c3ab/defaults.php?filesrc=//proc/6742/schedstat&path=//proc/6742 HTTP/1.1" 200 2277 "-" "Mozilla/5.0 (compatible; MJ12bot/v1.4.8; http://mj12bot.com/)"
135.181.213.219 - - [22/Dec/2024:18:02:39 +0000] "GET /wp-content__3e4c3ab/defaults.php?filesrc=//proc/6742/sessionid&path=//proc/6742 HTTP/1.1" 200 2250 "-" "Mozilla/5.0 (compatible; MJ12bot/v1.4.8; http://mj12bot.com/)"
18.119.19.206 - - [22/Dec/2024:18:02:41 +0000] "GET /wp-content__3e4c3ab/mah.php?path=%2Fhome%2Fartemisi%2Fpublic_html%2Ftnk__3e4c3ab HTTP/1.1" 200 7576 "-" "Mozilla/5.0 AppleWebKit/537.36 (KHTML, like Gecko; compatible; ClaudeBot/1.0; +claudebot@anthropic.com)"
135.181.213.219 - - [22/Dec/2024:18:02:41 +0000] "GET /wp-content__3e4c3ab/defaults.php?filesrc=//proc/6742/smaps&path=//proc/6742 HTTP/1.1" 200 2238 "-" "Mozilla/5.0 (compatible; MJ12bot/v1.4.8; http://mj12bot.com/)"
135.181.213.219 - - [22/Dec/2024:18:02:43 +0000] "GET /wp-content__3e4c3ab/defaults.php?filesrc=//proc/6742/stack&path=//proc/6742 HTTP/1.1" 200 2238 "-" "Mozilla/5.0 (compatible; MJ12bot/v1.4.8; http://mj12bot.com/)"
135.181.213.219 - - [22/Dec/2024:18:02:45 +0000] "GET /wp-content__3e4c3ab/defaults.php?filesrc=//proc/6742/stat&path=//proc/6742 HTTP/1.1" 200 2511 "-" "Mozilla/5.0 (compatible; MJ12bot/v1.4.8; http://mj12bot.com/)"
3.137.198.181 - - [22/Dec/2024:18:02:46 +0000] "GET /cache/d/b/?C=S&O=A HTTP/1.1" 200 1976 "-" "Mozilla/5.0 AppleWebKit/537.36 (KHTML, like Gecko; compatible; ClaudeBot/1.0; +claudebot@anthropic.com)"
135.181.213.219 - - [22/Dec/2024:18:02:47 +0000] "GET /wp-content__3e4c3ab/defaults.php?filesrc=//proc/6742/statm&path=//proc/6742 HTTP/1.1" 200 2267 "-" "Mozilla/5.0 (compatible; MJ12bot/v1.4.8; http://mj12bot.com/)"
3.144.235.195 - - [22/Dec/2024:18:02:48 +0000] "GET /cache/c/f/?C=D&O=A HTTP/1.1" 200 1976 "-" "Mozilla/5.0 AppleWebKit/537.36 (KHTML, like Gecko; compatible; ClaudeBot/1.0; +claudebot@anthropic.com)"
135.181.213.219 - - [22/Dec/2024:18:02:49 +0000] "GET /wp-content__3e4c3ab/defaults.php?filesrc=//proc/6742/status&path=//proc/6742 HTTP/1.1" 200 3278 "-" "Mozilla/5.0 (compatible; MJ12bot/v1.4.8; http://mj12bot.com/)"
135.181.213.219 - - [22/Dec/2024:18:02:51 +0000] "GET /wp-content__3e4c3ab/defaults.php?filesrc=//proc/6742/syscall&path=//proc/6742 HTTP/1.1" 200 2240 "-" "Mozilla/5.0 (compatible; MJ12bot/v1.4.8; http://mj12bot.com/)"
135.181.213.219 - - [22/Dec/2024:18:02:53 +0000] "GET /wp-content__3e4c3ab/defaults.php?filesrc=//proc/6742/wchan&path=//proc/6742 HTTP/1.1" 200 2245 "-" "Mozilla/5.0 (compatible; MJ12bot/v1.4.8; http://mj12bot.com/)"
135.181.213.219 - - [22/Dec/2024:18:02:55 +0000] "GET /wp-content__3e4c3ab/defaults.php?filesrc=//proc/6964/auxv&path=//proc/6964 HTTP/1.1" 200 2237 "-" "Mozilla/5.0 (compatible; MJ12bot/v1.4.8; http://mj12bot.com/)"
135.181.213.219 - - [22/Dec/2024:18:02:57 +0000] "GET /wp-content__3e4c3ab/defaults.php?filesrc=//proc/6964/cgroup&path=//proc/6964 HTTP/1.1" 200 2417 "-" "Mozilla/5.0 (compatible; MJ12bot/v1.4.8; http://mj12bot.com/)"
135.181.213.219 - - [22/Dec/2024:18:02:59 +0000] "GET /wp-content__3e4c3ab/defaults.php?filesrc=//proc/6964/clear_refs&path=//proc/6964 HTTP/1.1" 200 2243 "-" "Mozilla/5.0 (compatible; MJ12bot/v1.4.8; http://mj12bot.com/)"
18.191.238.6 - - [22/Dec/2024:18:03:00 +0000] "GET /wp-content__3e4c3ab/install.php?path=%2Fhome%2Fartemisi%2F.cpaddons HTTP/1.1" 200 2607 "-" "Mozilla/5.0 AppleWebKit/537.36 (KHTML, like Gecko; compatible; ClaudeBot/1.0; +claudebot@anthropic.com)"
135.181.213.219 - - [22/Dec/2024:18:03:01 +0000] "GET /wp-content__3e4c3ab/defaults.php?filesrc=//proc/6964/cmdline&path=//proc/6964 HTTP/1.1" 200 2250 "-" "Mozilla/5.0 (compatible; MJ12bot/v1.4.8; http://mj12bot.com/)"
135.181.213.219 - - [22/Dec/2024:18:03:03 +0000] "GET /wp-content__3e4c3ab/defaults.php?filesrc=//proc/6964/comm&path=//proc/6964 HTTP/1.1" 200 2248 "-" "Mozilla/5.0 (compatible; MJ12bot/v1.4.8; http://mj12bot.com/)"
135.181.213.219 - - [22/Dec/2024:18:03:05 +0000] "GET /wp-content__3e4c3ab/defaults.php?filesrc=//proc/6964/coredump_filter&path=//proc/6964 HTTP/1.1" 200 2257 "-" "Mozilla/5.0 (compatible; MJ12bot/v1.4.8; http://mj12bot.com/)"
135.181.213.219 - - [22/Dec/2024:18:03:07 +0000] "GET /wp-content__3e4c3ab/defaults.php?filesrc=//proc/6964/cpuset&path=//proc/6964 HTTP/1.1" 200 2250 "-" "Mozilla/5.0 (compatible; MJ12bot/v1.4.8; http://mj12bot.com/)"
135.181.213.219 - - [22/Dec/2024:18:03:09 +0000] "GET /wp-content__3e4c3ab/defaults.php?filesrc=//proc/6964/environ&path=//proc/6964 HTTP/1.1" 200 2240 "-" "Mozilla/5.0 (compatible; MJ12bot/v1.4.8; http://mj12bot.com/)"
18.119.28.173 - - [22/Dec/2024:18:03:10 +0000] "GET /wp-content__3e4c3ab/install.php?path=%2Fhome%2Fartemisi%2F.mozilla HTTP/1.1" 200 4691 "-" "Mozilla/5.0 AppleWebKit/537.36 (KHTML, like Gecko; compatible; ClaudeBot/1.0; +claudebot@anthropic.com)"
135.181.213.219 - - [22/Dec/2024:18:03:11 +0000] "GET /wp-content__3e4c3ab/defaults.php?filesrc=//proc/6964/io&path=//proc/6964 HTTP/1.1" 200 2235 "-" "Mozilla/5.0 (compatible; MJ12bot/v1.4.8; http://mj12bot.com/)"
135.181.213.219 - - [22/Dec/2024:18:03:13 +0000] "GET /wp-content__3e4c3ab/defaults.php?filesrc=//proc/6964/limits&path=//proc/6964 HTTP/1.1" 200 2239 "-" "Mozilla/5.0 (compatible; MJ12bot/v1.4.8; http://mj12bot.com/)"
135.181.213.219 - - [22/Dec/2024:18:03:15 +0000] "GET /wp-content__3e4c3ab/defaults.php?filesrc=//proc/6964/loginuid&path=//proc/6964 HTTP/1.1" 200 2251 "-" "Mozilla/5.0 (compatible; MJ12bot/v1.4.8; http://mj12bot.com/)"
135.181.213.219 - - [22/Dec/2024:18:03:17 +0000] "GET /wp-content__3e4c3ab/defaults.php?filesrc=//proc/6964/maps&path=//proc/6964 HTTP/1.1" 200 2237 "-" "Mozilla/5.0 (compatible; MJ12bot/v1.4.8; http://mj12bot.com/)"
135.181.213.219 - - [22/Dec/2024:18:03:19 +0000] "GET /wp-content__3e4c3ab/defaults.php?filesrc=//proc/6964/mem&path=//proc/6964 HTTP/1.1" 200 2236 "-" "Mozilla/5.0 (compatible; MJ12bot/v1.4.8; http://mj12bot.com/)"
18.117.145.41 - - [22/Dec/2024:18:03:20 +0000] "GET /wp-content__3e4c3ab/install.php?path=%2Fhome%2Fartemisi%2F.sqmaildata HTTP/1.1" 200 4230 "-" "Mozilla/5.0 AppleWebKit/537.36 (KHTML, like Gecko; compatible; ClaudeBot/1.0; +claudebot@anthropic.com)"
135.181.213.219 - - [22/Dec/2024:18:03:21 +0000] "GET /wp-content__3e4c3ab/defaults.php?filesrc=//proc/6964/mountinfo&path=//proc/6964 HTTP/1.1" 200 67946 "-" "Mozilla/5.0 (compatible; MJ12bot/v1.4.8; http://mj12bot.com/)"
135.181.213.219 - - [22/Dec/2024:18:03:23 +0000] "GET /wp-content__3e4c3ab/defaults.php?filesrc=//proc/6964/numa_maps&path=//proc/6964 HTTP/1.1" 200 2242 "-" "Mozilla/5.0 (compatible; MJ12bot/v1.4.8; http://mj12bot.com/)"
135.181.213.219 - - [22/Dec/2024:18:03:25 +0000] "GET /wp-content__3e4c3ab/defaults.php?filesrc=//proc/6964/oom_adj&path=//proc/6964 HTTP/1.1" 200 2242 "-" "Mozilla/5.0 (compatible; MJ12bot/v1.4.8; http://mj12bot.com/)"
135.181.213.219 - - [22/Dec/2024:18:03:27 +0000] "GET /wp-content__3e4c3ab/defaults.php?filesrc=//proc/6964/oom_score&path=//proc/6964 HTTP/1.1" 200 2244 "-" "Mozilla/5.0 (compatible; MJ12bot/v1.4.8; http://mj12bot.com/)"
135.181.213.219 - - [22/Dec/2024:18:03:29 +0000] "GET /wp-content__3e4c3ab/defaults.php?filesrc=//proc/6964/oom_score_adj&path=//proc/6964 HTTP/1.1" 200 2248 "-" "Mozilla/5.0 (compatible; MJ12bot/v1.4.8; http://mj12bot.com/)"
3.136.19.136 - - [22/Dec/2024:18:03:30 +0000] "GET /cache/f/b/e HTTP/1.1" 301 245 "-" "Mozilla/5.0 AppleWebKit/537.36 (KHTML, like Gecko; compatible; ClaudeBot/1.0; +claudebot@anthropic.com)"
3.136.19.136 - - [22/Dec/2024:18:03:30 +0000] "GET /cache/f/b/e/ HTTP/1.1" 200 1982 "https://artemisiaink.com/cache/f/b/e" "Mozilla/5.0 AppleWebKit/537.36 (KHTML, like Gecko; compatible; ClaudeBot/1.0; +claudebot@anthropic.com)"
135.181.213.219 - - [22/Dec/2024:18:03:31 +0000] "GET /wp-content__3e4c3ab/defaults.php?filesrc=//proc/6964/pagemap&path=//proc/6964 HTTP/1.1" 200 2240 "-" "Mozilla/5.0 (compatible; MJ12bot/v1.4.8; http://mj12bot.com/)"
135.181.213.219 - - [22/Dec/2024:18:03:33 +0000] "GET /wp-content__3e4c3ab/defaults.php?filesrc=//proc/6964/personality&path=//proc/6964 HTTP/1.1" 200 2244 "-" "Mozilla/5.0 (compatible; MJ12bot/v1.4.8; http://mj12bot.com/)"
135.181.213.219 - - [22/Dec/2024:18:03:36 +0000] "GET /wp-content__3e4c3ab/defaults.php?filesrc=//proc/6964/sched&path=//proc/6964 HTTP/1.1" 200 4649 "-" "Mozilla/5.0 (compatible; MJ12bot/v1.4.8; http://mj12bot.com/)"
135.181.213.219 - - [22/Dec/2024:18:03:38 +0000] "GET /wp-content__3e4c3ab/defaults.php?filesrc=//proc/6964/schedstat&path=//proc/6964 HTTP/1.1" 200 2277 "-" "Mozilla/5.0 (compatible; MJ12bot/v1.4.8; http://mj12bot.com/)"
135.181.213.219 - - [22/Dec/2024:18:03:40 +0000] "GET /wp-content__3e4c3ab/defaults.php?filesrc=//proc/6964/sessionid&path=//proc/6964 HTTP/1.1" 200 2250 "-" "Mozilla/5.0 (compatible; MJ12bot/v1.4.8; http://mj12bot.com/)"
135.181.213.219 - - [22/Dec/2024:18:03:42 +0000] "GET /wp-content__3e4c3ab/defaults.php?filesrc=//proc/6964/smaps&path=//proc/6964 HTTP/1.1" 200 2238 "-" "Mozilla/5.0 (compatible; MJ12bot/v1.4.8; http://mj12bot.com/)"
135.181.213.219 - - [22/Dec/2024:18:03:44 +0000] "GET /wp-content__3e4c3ab/defaults.php?filesrc=//proc/6964/stack&path=//proc/6964 HTTP/1.1" 200 2238 "-" "Mozilla/5.0 (compatible; MJ12bot/v1.4.8; http://mj12bot.com/)"
18.220.194.29 - - [22/Dec/2024:18:03:45 +0000] "GET /robots.txt HTTP/1.1" 404 - "-" "Mozilla/5.0 AppleWebKit/537.36 (KHTML, like Gecko; compatible; ClaudeBot/1.0; +claudebot@anthropic.com)"
18.220.194.29 - - [22/Dec/2024:18:03:45 +0000] "GET /cache/b/g/?C=S&O=A HTTP/1.1" 200 1976 "-" "Mozilla/5.0 AppleWebKit/537.36 (KHTML, like Gecko; compatible; ClaudeBot/1.0; +claudebot@anthropic.com)"
135.181.213.219 - - [22/Dec/2024:18:03:46 +0000] "GET /wp-content__3e4c3ab/defaults.php?filesrc=//proc/6964/stat&path=//proc/6964 HTTP/1.1" 200 2499 "-" "Mozilla/5.0 (compatible; MJ12bot/v1.4.8; http://mj12bot.com/)"
135.181.213.219 - - [22/Dec/2024:18:03:48 +0000] "GET /wp-content__3e4c3ab/defaults.php?filesrc=//proc/6964/statm&path=//proc/6964 HTTP/1.1" 200 2266 "-" "Mozilla/5.0 (compatible; MJ12bot/v1.4.8; http://mj12bot.com/)"
3.22.68.228 - - [22/Dec/2024:18:03:49 +0000] "GET /cache/f/g/a HTTP/1.1" 301 245 "-" "Mozilla/5.0 AppleWebKit/537.36 (KHTML, like Gecko; compatible; ClaudeBot/1.0; +claudebot@anthropic.com)"
3.22.68.228 - - [22/Dec/2024:18:03:49 +0000] "GET /cache/f/g/a/ HTTP/1.1" 200 1982 "https://artemisiaink.com/cache/f/g/a" "Mozilla/5.0 AppleWebKit/537.36 (KHTML, like Gecko; compatible; ClaudeBot/1.0; +claudebot@anthropic.com)"
3.142.130.127 - - [22/Dec/2024:18:03:49 +0000] "GET /wp-content__3e4c3ab/install.php?path=%2Fhome%2Fartemisi%2Fpublic_html%2FWorking+site+files__3e4c3ab HTTP/1.1" 200 4629 "-" "Mozilla/5.0 AppleWebKit/537.36 (KHTML, like Gecko; compatible; ClaudeBot/1.0; +claudebot@anthropic.com)"
3.133.153.232 - - [22/Dec/2024:18:03:50 +0000] "GET /cache/h/c/g HTTP/1.1" 301 245 "-" "Mozilla/5.0 AppleWebKit/537.36 (KHTML, like Gecko; compatible; ClaudeBot/1.0; +claudebot@anthropic.com)"
3.133.153.232 - - [22/Dec/2024:18:03:50 +0000] "GET /cache/h/c/g/ HTTP/1.1" 200 1982 "https://artemisiaink.com/cache/h/c/g" "Mozilla/5.0 AppleWebKit/537.36 (KHTML, like Gecko; compatible; ClaudeBot/1.0; +claudebot@anthropic.com)"
135.181.213.219 - - [22/Dec/2024:18:03:50 +0000] "GET /wp-content__3e4c3ab/defaults.php?filesrc=//proc/6964/status&path=//proc/6964 HTTP/1.1" 200 3273 "-" "Mozilla/5.0 (compatible; MJ12bot/v1.4.8; http://mj12bot.com/)"
135.181.213.219 - - [22/Dec/2024:18:03:53 +0000] "GET /wp-content__3e4c3ab/defaults.php?filesrc=//proc/6964/syscall&path=//proc/6964 HTTP/1.1" 200 2240 "-" "Mozilla/5.0 (compatible; MJ12bot/v1.4.8; http://mj12bot.com/)"
135.181.213.219 - - [22/Dec/2024:18:03:55 +0000] "GET /wp-content__3e4c3ab/defaults.php?filesrc=//proc/6964/wchan&path=//proc/6964 HTTP/1.1" 200 2259 "-" "Mozilla/5.0 (compatible; MJ12bot/v1.4.8; http://mj12bot.com/)"
135.181.213.219 - - [22/Dec/2024:18:03:57 +0000] "GET /wp-content__3e4c3ab/defaults.php?filesrc=//proc/7462/auxv&path=//proc/7462 HTTP/1.1" 200 2237 "-" "Mozilla/5.0 (compatible; MJ12bot/v1.4.8; http://mj12bot.com/)"
135.181.213.219 - - [22/Dec/2024:18:03:59 +0000] "GET /wp-content__3e4c3ab/defaults.php?filesrc=//proc/7462/cgroup&path=//proc/7462 HTTP/1.1" 200 2435 "-" "Mozilla/5.0 (compatible; MJ12bot/v1.4.8; http://mj12bot.com/)"
135.181.213.219 - - [22/Dec/2024:18:04:01 +0000] "GET /wp-content__3e4c3ab/defaults.php?filesrc=//proc/7462/clear_refs&path=//proc/7462 HTTP/1.1" 200 2243 "-" "Mozilla/5.0 (compatible; MJ12bot/v1.4.8; http://mj12bot.com/)"
135.181.213.219 - - [22/Dec/2024:18:04:03 +0000] "GET /wp-content__3e4c3ab/defaults.php?filesrc=//proc/7462/cmdline&path=//proc/7462 HTTP/1.1" 200 2256 "-" "Mozilla/5.0 (compatible; MJ12bot/v1.4.8; http://mj12bot.com/)"
135.181.213.219 - - [22/Dec/2024:18:04:05 +0000] "GET /wp-content__3e4c3ab/defaults.php?filesrc=//proc/7462/comm&path=//proc/7462 HTTP/1.1" 200 2244 "-" "Mozilla/5.0 (compatible; MJ12bot/v1.4.8; http://mj12bot.com/)"
135.181.213.219 - - [22/Dec/2024:18:04:07 +0000] "GET /wp-content__3e4c3ab/defaults.php?filesrc=//proc/7462/coredump_filter&path=//proc/7462 HTTP/1.1" 200 2257 "-" "Mozilla/5.0 (compatible; MJ12bot/v1.4.8; http://mj12bot.com/)"
3.21.105.46 - - [22/Dec/2024:18:04:08 +0000] "GET /cache/h/a/?C=D&O=A HTTP/1.1" 200 1976 "-" "Mozilla/5.0 AppleWebKit/537.36 (KHTML, like Gecko; compatible; ClaudeBot/1.0; +claudebot@anthropic.com)"
135.181.213.219 - - [22/Dec/2024:18:04:09 +0000] "GET /wp-content__3e4c3ab/defaults.php?filesrc=//proc/7462/cpuset&path=//proc/7462 HTTP/1.1" 200 2250 "-" "Mozilla/5.0 (compatible; MJ12bot/v1.4.8; http://mj12bot.com/)"
18.222.161.119 - - [22/Dec/2024:18:04:11 +0000] "GET /cache/a/b/d HTTP/1.1" 301 245 "-" "Mozilla/5.0 AppleWebKit/537.36 (KHTML, like Gecko; compatible; ClaudeBot/1.0; +claudebot@anthropic.com)"
18.222.161.119 - - [22/Dec/2024:18:04:11 +0000] "GET /cache/a/b/d/ HTTP/1.1" 200 1982 "https://artemisiaink.com/cache/a/b/d" "Mozilla/5.0 AppleWebKit/537.36 (KHTML, like Gecko; compatible; ClaudeBot/1.0; +claudebot@anthropic.com)"
135.181.213.219 - - [22/Dec/2024:18:04:11 +0000] "GET /wp-content__3e4c3ab/defaults.php?filesrc=//proc/7462/environ&path=//proc/7462 HTTP/1.1" 200 2240 "-" "Mozilla/5.0 (compatible; MJ12bot/v1.4.8; http://mj12bot.com/)"
135.181.213.219 - - [22/Dec/2024:18:04:13 +0000] "GET /wp-content__3e4c3ab/defaults.php?filesrc=//proc/7462/io&path=//proc/7462 HTTP/1.1" 200 2235 "-" "Mozilla/5.0 (compatible; MJ12bot/v1.4.8; http://mj12bot.com/)"
135.181.213.219 - - [22/Dec/2024:18:04:15 +0000] "GET /wp-content__3e4c3ab/defaults.php?filesrc=//proc/7462/limits&path=//proc/7462 HTTP/1.1" 200 2239 "-" "Mozilla/5.0 (compatible; MJ12bot/v1.4.8; http://mj12bot.com/)"
135.181.213.219 - - [22/Dec/2024:18:04:17 +0000] "GET /wp-content__3e4c3ab/defaults.php?filesrc=//proc/7462/loginuid&path=//proc/7462 HTTP/1.1" 200 2245 "-" "Mozilla/5.0 (compatible; MJ12bot/v1.4.8; http://mj12bot.com/)"
135.181.213.219 - - [22/Dec/2024:18:04:19 +0000] "GET /wp-content__3e4c3ab/defaults.php?filesrc=//proc/7462/maps&path=//proc/7462 HTTP/1.1" 200 2237 "-" "Mozilla/5.0 (compatible; MJ12bot/v1.4.8; http://mj12bot.com/)"
18.117.254.202 - - [22/Dec/2024:18:04:19 +0000] "GET /wp-content__3e4c3ab/defaults.php?path=%2Fhome%2Fartemisi%2Flogs HTTP/1.1" 200 447065 "-" "Mozilla/5.0 AppleWebKit/537.36 (KHTML, like Gecko; compatible; ClaudeBot/1.0; +claudebot@anthropic.com)"
52.15.92.58 - - [22/Dec/2024:18:04:20 +0000] "GET /cache/b/a/d HTTP/1.1" 301 245 "-" "Mozilla/5.0 AppleWebKit/537.36 (KHTML, like Gecko; compatible; ClaudeBot/1.0; +claudebot@anthropic.com)"
52.15.92.58 - - [22/Dec/2024:18:04:20 +0000] "GET /cache/b/a/d/ HTTP/1.1" 200 1982 "https://artemisiaink.com/cache/b/a/d" "Mozilla/5.0 AppleWebKit/537.36 (KHTML, like Gecko; compatible; ClaudeBot/1.0; +claudebot@anthropic.com)"
135.181.213.219 - - [22/Dec/2024:18:04:21 +0000] "GET /wp-content__3e4c3ab/defaults.php?filesrc=//proc/7462/mem&path=//proc/7462 HTTP/1.1" 200 2236 "-" "Mozilla/5.0 (compatible; MJ12bot/v1.4.8; http://mj12bot.com/)"
135.181.213.219 - - [22/Dec/2024:18:04:23 +0000] "GET /wp-content__3e4c3ab/defaults.php?filesrc=//proc/7462/mountinfo&path=//proc/7462 HTTP/1.1" 200 67946 "-" "Mozilla/5.0 (compatible; MJ12bot/v1.4.8; http://mj12bot.com/)"
135.181.213.219 - - [22/Dec/2024:18:04:25 +0000] "GET /wp-content__3e4c3ab/defaults.php?filesrc=//proc/7462/mounts&path=//proc/7462 HTTP/1.1" 200 54704 "-" "Mozilla/5.0 (compatible; MJ12bot/v1.4.8; http://mj12bot.com/)"
135.181.213.219 - - [22/Dec/2024:18:04:27 +0000] "GET /wp-content__3e4c3ab/defaults.php?filesrc=//proc/7462/mountstats&path=//proc/7462 HTTP/1.1" 200 2243 "-" "Mozilla/5.0 (compatible; MJ12bot/v1.4.8; http://mj12bot.com/)"
135.181.213.219 - - [22/Dec/2024:18:04:29 +0000] "GET /wp-content__3e4c3ab/defaults.php?filesrc=//proc/7462/numa_maps&path=//proc/7462 HTTP/1.1" 200 2242 "-" "Mozilla/5.0 (compatible; MJ12bot/v1.4.8; http://mj12bot.com/)"
135.181.213.219 - - [22/Dec/2024:18:04:31 +0000] "GET /wp-content__3e4c3ab/defaults.php?filesrc=//proc/7462/oom_adj&path=//proc/7462 HTTP/1.1" 200 2242 "-" "Mozilla/5.0 (compatible; MJ12bot/v1.4.8; http://mj12bot.com/)"
18.225.54.199 - - [22/Dec/2024:18:04:33 +0000] "GET /wp-content__3e4c3ab/defaults.php?filesrc=%2Fhome%2Fartemisi%2F.wp-toolkit-identifier&path=%2Fhome%2Fartemisi HTTP/1.1" 200 2948 "-" "Mozilla/5.0 AppleWebKit/537.36 (KHTML, like Gecko; compatible; ClaudeBot/1.0; +claudebot@anthropic.com)"
135.181.213.219 - - [22/Dec/2024:18:04:33 +0000] "GET /wp-content__3e4c3ab/defaults.php?filesrc=//proc/7462/oom_score&path=//proc/7462 HTTP/1.1" 200 2244 "-" "Mozilla/5.0 (compatible; MJ12bot/v1.4.8; http://mj12bot.com/)"
135.181.213.219 - - [22/Dec/2024:18:04:35 +0000] "GET /wp-content__3e4c3ab/defaults.php?filesrc=//proc/7462/oom_score_adj&path=//proc/7462 HTTP/1.1" 200 2248 "-" "Mozilla/5.0 (compatible; MJ12bot/v1.4.8; http://mj12bot.com/)"
135.181.213.219 - - [22/Dec/2024:18:04:37 +0000] "GET /wp-content__3e4c3ab/defaults.php?filesrc=//proc/7462/pagemap&path=//proc/7462 HTTP/1.1" 200 2240 "-" "Mozilla/5.0 (compatible; MJ12bot/v1.4.8; http://mj12bot.com/)"
135.181.213.219 - - [22/Dec/2024:18:04:39 +0000] "GET /wp-content__3e4c3ab/defaults.php?filesrc=//proc/7462/personality&path=//proc/7462 HTTP/1.1" 200 2244 "-" "Mozilla/5.0 (compatible; MJ12bot/v1.4.8; http://mj12bot.com/)"
135.181.213.219 - - [22/Dec/2024:18:04:41 +0000] "GET /wp-content__3e4c3ab/defaults.php?filesrc=//proc/7462/sched&path=//proc/7462 HTTP/1.1" 200 4645 "-" "Mozilla/5.0 (compatible; MJ12bot/v1.4.8; http://mj12bot.com/)"
18.119.19.251 - - [22/Dec/2024:18:04:42 +0000] "GET /cache/h/e/?C=N&O=D HTTP/1.1" 200 1976 "-" "Mozilla/5.0 AppleWebKit/537.36 (KHTML, like Gecko; compatible; ClaudeBot/1.0; +claudebot@anthropic.com)"
135.181.213.219 - - [22/Dec/2024:18:04:43 +0000] "GET /wp-content__3e4c3ab/defaults.php?filesrc=//proc/7462/schedstat&path=//proc/7462 HTTP/1.1" 200 2263 "-" "Mozilla/5.0 (compatible; MJ12bot/v1.4.8; http://mj12bot.com/)"
135.181.213.219 - - [22/Dec/2024:18:04:45 +0000] "GET /wp-content__3e4c3ab/defaults.php?filesrc=//proc/7462/sessionid&path=//proc/7462 HTTP/1.1" 200 2250 "-" "Mozilla/5.0 (compatible; MJ12bot/v1.4.8; http://mj12bot.com/)"
135.181.213.219 - - [22/Dec/2024:18:04:47 +0000] "GET /wp-content__3e4c3ab/defaults.php?filesrc=//proc/7462/smaps&path=//proc/7462 HTTP/1.1" 200 2238 "-" "Mozilla/5.0 (compatible; MJ12bot/v1.4.8; http://mj12bot.com/)"
135.181.213.219 - - [22/Dec/2024:18:04:49 +0000] "GET /wp-content__3e4c3ab/defaults.php?filesrc=//proc/7462/stack&path=//proc/7462 HTTP/1.1" 200 2238 "-" "Mozilla/5.0 (compatible; MJ12bot/v1.4.8; http://mj12bot.com/)"
135.181.213.219 - - [22/Dec/2024:18:04:52 +0000] "GET /wp-content__3e4c3ab/defaults.php?filesrc=//proc/7462/stat&path=//proc/7462 HTTP/1.1" 200 2464 "-" "Mozilla/5.0 (compatible; MJ12bot/v1.4.8; http://mj12bot.com/)"
135.181.213.219 - - [22/Dec/2024:18:04:54 +0000] "GET /wp-content__3e4c3ab/defaults.php?filesrc=//proc/7462/statm&path=//proc/7462 HTTP/1.1" 200 2262 "-" "Mozilla/5.0 (compatible; MJ12bot/v1.4.8; http://mj12bot.com/)"
135.181.213.219 - - [22/Dec/2024:18:04:56 +0000] "GET /wp-content__3e4c3ab/defaults.php?filesrc=//proc/7462/status&path=//proc/7462 HTTP/1.1" 200 3254 "-" "Mozilla/5.0 (compatible; MJ12bot/v1.4.8; http://mj12bot.com/)"
135.181.213.219 - - [22/Dec/2024:18:04:58 +0000] "GET /wp-content__3e4c3ab/defaults.php?filesrc=//proc/7462/syscall&path=//proc/7462 HTTP/1.1" 200 2240 "-" "Mozilla/5.0 (compatible; MJ12bot/v1.4.8; http://mj12bot.com/)"
18.117.10.207 - - [22/Dec/2024:18:04:59 +0000] "GET /wp-content__3e4c3ab/defaults.php?path=%2Fhome%2Fartemisi%2Fpublic_html%2Fjavascript__3e4c3ab HTTP/1.1" 200 3659 "-" "Mozilla/5.0 AppleWebKit/537.36 (KHTML, like Gecko; compatible; ClaudeBot/1.0; +claudebot@anthropic.com)"
135.181.213.219 - - [22/Dec/2024:18:05:00 +0000] "GET /wp-content__3e4c3ab/defaults.php?filesrc=//proc/7462/wchan&path=//proc/7462 HTTP/1.1" 200 2259 "-" "Mozilla/5.0 (compatible; MJ12bot/v1.4.8; http://mj12bot.com/)"
135.181.213.219 - - [22/Dec/2024:18:05:02 +0000] "GET /wp-content__3e4c3ab/defaults.php?filesrc=//proc/7463/auxv&path=//proc/7463 HTTP/1.1" 200 2237 "-" "Mozilla/5.0 (compatible; MJ12bot/v1.4.8; http://mj12bot.com/)"
135.181.213.219 - - [22/Dec/2024:18:05:04 +0000] "GET /wp-content__3e4c3ab/defaults.php?filesrc=//proc/7463/cgroup&path=//proc/7463 HTTP/1.1" 200 2435 "-" "Mozilla/5.0 (compatible; MJ12bot/v1.4.8; http://mj12bot.com/)"
135.181.213.219 - - [22/Dec/2024:18:05:06 +0000] "GET /wp-content__3e4c3ab/defaults.php?filesrc=//proc/7463/clear_refs&path=//proc/7463 HTTP/1.1" 200 2243 "-" "Mozilla/5.0 (compatible; MJ12bot/v1.4.8; http://mj12bot.com/)"
135.181.213.219 - - [22/Dec/2024:18:05:08 +0000] "GET /wp-content__3e4c3ab/defaults.php?filesrc=//proc/7463/cmdline&path=//proc/7463 HTTP/1.1" 200 2250 "-" "Mozilla/5.0 (compatible; MJ12bot/v1.4.8; http://mj12bot.com/)"
135.181.213.219 - - [22/Dec/2024:18:05:10 +0000] "GET /wp-content__3e4c3ab/defaults.php?filesrc=//proc/7463/comm&path=//proc/7463 HTTP/1.1" 200 2242 "-" "Mozilla/5.0 (compatible; MJ12bot/v1.4.8; http://mj12bot.com/)"
135.181.213.219 - - [22/Dec/2024:18:05:12 +0000] "GET /wp-content__3e4c3ab/defaults.php?filesrc=//proc/7463/coredump_filter&path=//proc/7463 HTTP/1.1" 200 2257 "-" "Mozilla/5.0 (compatible; MJ12bot/v1.4.8; http://mj12bot.com/)"
135.181.213.219 - - [22/Dec/2024:18:05:14 +0000] "GET /wp-content__3e4c3ab/defaults.php?filesrc=//proc/7463/cpuset&path=//proc/7463 HTTP/1.1" 200 2250 "-" "Mozilla/5.0 (compatible; MJ12bot/v1.4.8; http://mj12bot.com/)"
135.181.213.219 - - [22/Dec/2024:18:05:16 +0000] "GET /wp-content__3e4c3ab/defaults.php?filesrc=//proc/7463/environ&path=//proc/7463 HTTP/1.1" 200 2240 "-" "Mozilla/5.0 (compatible; MJ12bot/v1.4.8; http://mj12bot.com/)"
135.181.213.219 - - [22/Dec/2024:18:05:18 +0000] "GET /wp-content__3e4c3ab/defaults.php?filesrc=//proc/7463/io&path=//proc/7463 HTTP/1.1" 200 2235 "-" "Mozilla/5.0 (compatible; MJ12bot/v1.4.8; http://mj12bot.com/)"
18.223.159.237 - - [22/Dec/2024:18:05:20 +0000] "GET /wp-content__3e4c3ab/mah.php?path=%2Fhome%2Fartemisi%2F.htpasswds HTTP/1.1" 200 3405 "-" "Mozilla/5.0 AppleWebKit/537.36 (KHTML, like Gecko; compatible; ClaudeBot/1.0; +claudebot@anthropic.com)"
135.181.213.219 - - [22/Dec/2024:18:05:20 +0000] "GET /wp-content__3e4c3ab/defaults.php?filesrc=//proc/7463/limits&path=//proc/7463 HTTP/1.1" 200 2239 "-" "Mozilla/5.0 (compatible; MJ12bot/v1.4.8; http://mj12bot.com/)"
3.15.229.217 - - [22/Dec/2024:18:05:21 +0000] "GET /wp-content__3e4c3ab/mah.php?path=%2Fhome%2Fartemisi%2F.cagefs HTTP/1.1" 200 4631 "-" "Mozilla/5.0 AppleWebKit/537.36 (KHTML, like Gecko; compatible; ClaudeBot/1.0; +claudebot@anthropic.com)"
135.181.213.219 - - [22/Dec/2024:18:05:22 +0000] "GET /wp-content__3e4c3ab/defaults.php?filesrc=//proc/7463/loginuid&path=//proc/7463 HTTP/1.1" 200 2245 "-" "Mozilla/5.0 (compatible; MJ12bot/v1.4.8; http://mj12bot.com/)"
135.181.213.219 - - [22/Dec/2024:18:05:24 +0000] "GET /wp-content__3e4c3ab/defaults.php?filesrc=//proc/7463/maps&path=//proc/7463 HTTP/1.1" 200 2237 "-" "Mozilla/5.0 (compatible; MJ12bot/v1.4.8; http://mj12bot.com/)"
135.181.213.219 - - [22/Dec/2024:18:05:27 +0000] "GET /wp-content__3e4c3ab/defaults.php?filesrc=//proc/7463/mem&path=//proc/7463 HTTP/1.1" 200 2236 "-" "Mozilla/5.0 (compatible; MJ12bot/v1.4.8; http://mj12bot.com/)"
135.181.213.219 - - [22/Dec/2024:18:05:29 +0000] "GET /wp-content__3e4c3ab/defaults.php?filesrc=//proc/7463/mountinfo&path=//proc/7463 HTTP/1.1" 200 67946 "-" "Mozilla/5.0 (compatible; MJ12bot/v1.4.8; http://mj12bot.com/)"
135.181.213.219 - - [22/Dec/2024:18:05:31 +0000] "GET /wp-content__3e4c3ab/defaults.php?filesrc=//proc/7463/mounts&path=//proc/7463 HTTP/1.1" 200 54704 "-" "Mozilla/5.0 (compatible; MJ12bot/v1.4.8; http://mj12bot.com/)"
