[Sat Jan 04 14:31:22.441872 2025] [:error] [pid 25261:tid 25281] [client 108.165.243.127:28767] File does not exist: /home/artemisi/public_html/shubal/tiny.php
[Sat Jan 04 14:31:23.007907 2025] [:error] [pid 25261:tid 25281] [client 108.165.243.127:28767] File does not exist: /home/artemisi/public_html/shubal/customize.php
[Sat Jan 04 14:31:23.591179 2025] [:error] [pid 25261:tid 25281] [client 108.165.243.127:28767] File does not exist: /home/artemisi/public_html/shubal/jp.php
[Sat Jan 04 14:31:24.697269 2025] [:error] [pid 25261:tid 25281] [client 108.165.243.127:28767] File does not exist: /home/artemisi/public_html/shubal/1337.php
[Sat Jan 04 14:31:24.963025 2025] [:error] [pid 25261:tid 25281] [client 108.165.243.127:28767] File does not exist: /home/artemisi/public_html/shubal/upgrade.php
[Sat Jan 04 14:31:25.877774 2025] [:error] [pid 25261:tid 25281] [client 108.165.243.127:28767] File does not exist: /home/artemisi/public_html/shubal/editor.php
[Sat Jan 04 14:31:26.142403 2025] [:error] [pid 25261:tid 25281] [client 108.165.243.127:28767] File does not exist: /home/artemisi/public_html/shubal/class.php
[Sat Jan 04 14:31:29.383556 2025] [:error] [pid 25261:tid 25281] [client 108.165.243.127:28767] File does not exist: /home/artemisi/public_html/shubal/defaul.php
[Sat Jan 04 14:31:29.954384 2025] [:error] [pid 25261:tid 25281] [client 108.165.243.127:28767] File does not exist: /home/artemisi/public_html/shubal/repeater.php
[Sat Jan 04 14:31:30.270001 2025] [:error] [pid 25261:tid 25281] [client 108.165.243.127:28767] File does not exist: /home/artemisi/public_html/shubal/Njima.php
[Sat Jan 04 14:31:32.414869 2025] [:error] [pid 25261:tid 25281] [client 108.165.243.127:28767] File does not exist: /home/artemisi/public_html/shubal/test.php
[Sat Jan 04 14:31:32.742324 2025] [:error] [pid 25261:tid 25281] [client 108.165.243.127:28767] File does not exist: /home/artemisi/public_html/shubal/85022df0ed31.php
[Sat Jan 04 14:31:33.138700 2025] [:error] [pid 25261:tid 25281] [client 108.165.243.127:28767] File does not exist: /home/artemisi/public_html/shubal/Nexus.php
[Sat Jan 04 14:31:34.809348 2025] [access_compat:error] [pid 25157:tid 25174] [client 85.208.96.195:38002] AH01797: client denied by server configuration: /home/saturnst/public_html/product
[Sat Jan 04 14:31:36.013790 2025] [access_compat:error] [pid 25448:tid 25465] [client 66.249.66.170:42528] AH01797: client denied by server configuration: /home/colorad7/public_html/p=1042200
[Sat Jan 04 14:31:36.395562 2025] [access_compat:error] [pid 27128:tid 27152] [client 85.208.96.210:59706] AH01797: client denied by server configuration: /home/military/public_html/start.php
[Sat Jan 04 14:31:37.518400 2025] [ssl:error] [pid 25229:tid 25236] [client 206.168.34.116:58992] AH02032: Hostname focused-energy.com provided via SNI and hostname 199.204.248.150 provided via HTTP have no compatible SSL setup
[Sat Jan 04 14:31:39.895857 2025] [access_compat:error] [pid 25292:tid 25312] [client 47.128.17.201:58768] AH01797: client denied by server configuration: /home/saturnst/public_html/item
[Sat Jan 04 14:31:41.021948 2025] [access_compat:error] [pid 25229:tid 25240] [client 206.168.34.116:59006] AH01797: client denied by server configuration: /home/focusede/public_html/
[Sat Jan 04 14:31:41.022196 2025] [access_compat:error] [pid 25229:tid 25240] [client 206.168.34.116:59006] AH01797: client denied by server configuration: /home/focusede/public_html/index.php
[Sat Jan 04 14:31:41.281615 2025] [access_compat:error] [pid 25261:tid 25285] [client 114.119.128.67:60809] AH01797: client denied by server configuration: /home/olshsdco/public_html/wp-admin/mb.php, referer: http://www.olshsd.com/wp-admin/mb.php?dir=/home/olshsdco/mail/.kindergarten%40olshsd_com
[Sat Jan 04 14:31:48.215665 2025] [access_compat:error] [pid 25157:tid 25181] [client 85.208.96.195:42766] AH01797: client denied by server configuration: /home/erxgrafx/public_html/mds.php
[Sat Jan 04 14:32:02.762180 2025] [:error] [pid 25448:tid 25450] [client 209.209.8.61:41128] SoftException in Application.cpp:657: Directory "/home/gavinsco/public_html/wp-admin" is writeable by group
[Sat Jan 04 14:32:02.762430 2025] [core:error] [pid 25448:tid 25450] [client 209.209.8.61:41128] End of script output before headers: locks.php
[Sat Jan 04 14:32:10.824758 2025] [access_compat:error] [pid 27128:tid 27144] [client 40.77.167.10:14737] AH01797: client denied by server configuration: /home/focusede/public_html/y
[Sat Jan 04 14:32:10.824959 2025] [access_compat:error] [pid 27128:tid 27144] [client 40.77.167.10:14737] AH01797: client denied by server configuration: /home/focusede/public_html/index.php
[Sat Jan 04 14:32:18.325194 2025] [access_compat:error] [pid 25157:tid 25170] [client 94.102.51.98:49844] AH01797: client denied by server configuration: /home/thefoodd/public_html/wp-json
[Sat Jan 04 14:32:21.204851 2025] [access_compat:error] [pid 25292:tid 25301] [client 199.204.248.150:55626] AH01797: client denied by server configuration: /home/thefoodd/public_html/wp-cron.php
[Sat Jan 04 14:32:21.204965 2025] [access_compat:error] [pid 25292:tid 25301] [client 199.204.248.150:55626] AH01797: client denied by server configuration: /home/thefoodd/public_html/403.shtml
[Sat Jan 04 14:32:21.461986 2025] [access_compat:error] [pid 25157:tid 25170] [client 94.102.51.98:49844] AH01797: client denied by server configuration: /home/thefoodd/public_html/wp-json
[Sat Jan 04 14:32:24.504964 2025] [access_compat:error] [pid 25157:tid 25170] [client 94.102.51.98:49844] AH01797: client denied by server configuration: /home/thefoodd/public_html/wp-json
[Sat Jan 04 14:32:35.442283 2025] [access_compat:error] [pid 25229:tid 25240] [client 185.191.171.10:36794] AH01797: client denied by server configuration: /home/saturnst/public_html/product
[Sat Jan 04 14:32:37.022666 2025] [access_compat:error] [pid 25448:tid 25468] [client 85.208.96.202:4306] AH01797: client denied by server configuration: /home/military/public_html/rptegmfmcq.php
[Sat Jan 04 14:32:50.383353 2025] [access_compat:error] [pid 25157:tid 25169] [client 185.191.171.13:53398] AH01797: client denied by server configuration: /home/erxgrafx/public_html/mds.php
[Sat Jan 04 14:33:03.318176 2025] [:error] [pid 25448:tid 25466] [client 209.209.8.61:42840] SoftException in Application.cpp:657: Directory "/home/gavinsco/public_html/wp-admin" is writeable by group
[Sat Jan 04 14:33:03.318447 2025] [core:error] [pid 25448:tid 25466] [client 209.209.8.61:42840] End of script output before headers: locks.php
[Sat Jan 04 14:33:19.325403 2025] [access_compat:error] [pid 25229:tid 25247] [client 40.77.167.74:34782] AH01797: client denied by server configuration: /home/focusede/public_html/s
[Sat Jan 04 14:33:19.325651 2025] [access_compat:error] [pid 25229:tid 25247] [client 40.77.167.74:34782] AH01797: client denied by server configuration: /home/focusede/public_html/index.php
[Sat Jan 04 14:33:27.820453 2025] [access_compat:error] [pid 25292:tid 25304] [client 89.248.163.130:36920] AH01797: client denied by server configuration: /home/thefoodd/public_html/wp-json
[Sat Jan 04 14:33:30.341690 2025] [access_compat:error] [pid 25157:tid 25176] [client 199.204.248.150:53990] AH01797: client denied by server configuration: /home/thefoodd/public_html/wp-cron.php
[Sat Jan 04 14:33:30.341772 2025] [access_compat:error] [pid 25157:tid 25176] [client 199.204.248.150:53990] AH01797: client denied by server configuration: /home/thefoodd/public_html/403.shtml
[Sat Jan 04 14:33:30.521839 2025] [access_compat:error] [pid 25292:tid 25304] [client 89.248.163.130:36920] AH01797: client denied by server configuration: /home/thefoodd/public_html/wp-json
[Sat Jan 04 14:33:36.169715 2025] [access_compat:error] [pid 25448:tid 25467] [client 185.191.171.14:48290] AH01797: client denied by server configuration: /home/saturnst/public_html/product
[Sat Jan 04 14:33:37.507461 2025] [access_compat:error] [pid 25229:tid 25252] [client 185.191.171.10:36812] AH01797: client denied by server configuration: /home/military/public_html/rptegmfmcq.php
[Sat Jan 04 14:33:42.196696 2025] [access_compat:error] [pid 25292:tid 25302] [client 185.191.171.3:33312] AH01797: client denied by server configuration: /home/saturnst/public_html/robots.txt
[Sat Jan 04 14:33:45.692261 2025] [:error] [pid 25292:tid 25318] [client 51.8.102.73:59107] File does not exist: /home/grimoire/public_html/yogadance.us/index.php
[Sat Jan 04 14:33:45.692439 2025] [:error] [pid 25292:tid 25318] [client 51.8.102.73:59107] File does not exist: /home/grimoire/public_html/yogadance.us/index.php
[Sat Jan 04 14:33:45.953744 2025] [:error] [pid 27128:tid 27147] [client 51.8.102.62:36312] File does not exist: /home/grimoire/public_html/yogadance.us/index.php
[Sat Jan 04 14:33:45.954329 2025] [:error] [pid 27128:tid 27147] [client 51.8.102.62:36312] File does not exist: /home/grimoire/public_html/yogadance.us/index.php
[Sat Jan 04 14:33:53.032772 2025] [access_compat:error] [pid 25261:tid 25275] [client 185.191.171.15:10144] AH01797: client denied by server configuration: /home/erxgrafx/public_html/mds.php
[Sat Jan 04 14:34:03.357346 2025] [:error] [pid 25448:tid 25455] [client 209.209.8.61:44380] SoftException in Application.cpp:657: Directory "/home/gavinsco/public_html/wp-admin" is writeable by group
[Sat Jan 04 14:34:03.369012 2025] [core:error] [pid 25448:tid 25455] [client 209.209.8.61:44380] End of script output before headers: locks.php
[Sat Jan 04 14:34:09.833403 2025] [proxy_fcgi:error] [pid 25157:tid 25182] [client 40.77.167.25:47960] AH01071: Got error 'Primary script unknown\n'
[Sat Jan 04 14:34:16.887117 2025] [core:notice] [pid 25261:tid 25266] AH00113: /home/soflafcp/.htaccess:66 cannot use a full URL in a 401 ErrorDocument directive --- ignoring!
[Sat Jan 04 14:34:17.021272 2025] [core:notice] [pid 25261:tid 25266] AH00113: /home/soflafcp/.htaccess:66 cannot use a full URL in a 401 ErrorDocument directive --- ignoring!
[Sat Jan 04 14:34:17.073292 2025] [core:notice] [pid 25261:tid 25266] AH00113: /home/soflafcp/.htaccess:66 cannot use a full URL in a 401 ErrorDocument directive --- ignoring!
[Sat Jan 04 14:34:17.137648 2025] [core:notice] [pid 25261:tid 25266] AH00113: /home/soflafcp/.htaccess:66 cannot use a full URL in a 401 ErrorDocument directive --- ignoring!
[Sat Jan 04 14:34:17.173639 2025] [core:notice] [pid 25261:tid 25266] AH00113: /home/soflafcp/.htaccess:66 cannot use a full URL in a 401 ErrorDocument directive --- ignoring!
[Sat Jan 04 14:34:17.208442 2025] [core:notice] [pid 25261:tid 25266] AH00113: /home/soflafcp/.htaccess:66 cannot use a full URL in a 401 ErrorDocument directive --- ignoring!
[Sat Jan 04 14:34:17.238019 2025] [core:notice] [pid 25261:tid 25266] AH00113: /home/soflafcp/.htaccess:66 cannot use a full URL in a 401 ErrorDocument directive --- ignoring!
[Sat Jan 04 14:34:17.352808 2025] [core:notice] [pid 25261:tid 25266] AH00113: /home/soflafcp/.htaccess:66 cannot use a full URL in a 401 ErrorDocument directive --- ignoring!
[Sat Jan 04 14:34:17.388910 2025] [core:notice] [pid 25261:tid 25266] AH00113: /home/soflafcp/.htaccess:66 cannot use a full URL in a 401 ErrorDocument directive --- ignoring!
[Sat Jan 04 14:34:17.421118 2025] [core:notice] [pid 25261:tid 25266] AH00113: /home/soflafcp/.htaccess:66 cannot use a full URL in a 401 ErrorDocument directive --- ignoring!
[Sat Jan 04 14:34:21.324987 2025] [access_compat:error] [pid 25292:tid 25298] [client 156.59.198.135:9302] AH01797: client denied by server configuration: /home/thefoodd/public_html/wp-content/uploads/2018/03/Sayyid_Antique_Cafe_Melaka_Malacca_Malaysia_menu.jpg
[Sat Jan 04 14:34:35.343421 2025] [proxy_fcgi:error] [pid 25292:tid 25300] [client 216.244.66.203:40618] AH01071: Got error 'Primary script unknown\n'
[Sat Jan 04 14:34:35.793391 2025] [access_compat:error] [pid 25229:tid 25232] [client 94.102.51.98:48756] AH01797: client denied by server configuration: /home/thefoodd/public_html/wp-json
[Sat Jan 04 14:34:36.912557 2025] [access_compat:error] [pid 25292:tid 25316] [client 94.102.51.98:49726] AH01797: client denied by server configuration: /home/thefoodd/public_html/wp-json
[Sat Jan 04 14:34:37.041223 2025] [access_compat:error] [pid 27128:tid 27133] [client 185.191.171.12:62688] AH01797: client denied by server configuration: /home/saturnst/public_html/product
[Sat Jan 04 14:34:38.743798 2025] [access_compat:error] [pid 25292:tid 25304] [client 185.191.171.15:62928] AH01797: client denied by server configuration: /home/military/public_html/rptegmfmcq.php
[Sat Jan 04 14:34:40.400815 2025] [access_compat:error] [pid 25292:tid 25303] [client 199.204.248.150:59168] AH01797: client denied by server configuration: /home/thefoodd/public_html/wp-cron.php
[Sat Jan 04 14:34:40.400928 2025] [access_compat:error] [pid 25292:tid 25303] [client 199.204.248.150:59168] AH01797: client denied by server configuration: /home/thefoodd/public_html/403.shtml
[Sat Jan 04 14:34:40.593627 2025] [access_compat:error] [pid 25229:tid 25237] [client 199.204.248.150:37248] AH01797: client denied by server configuration: /home/thefoodd/public_html/wp-cron.php
[Sat Jan 04 14:34:40.663893 2025] [access_compat:error] [pid 25229:tid 25237] [client 199.204.248.150:37248] AH01797: client denied by server configuration: /home/thefoodd/public_html/403.shtml
[Sat Jan 04 14:34:40.954468 2025] [access_compat:error] [pid 25292:tid 25316] [client 94.102.51.98:49726] AH01797: client denied by server configuration: /home/thefoodd/public_html/wp-json
[Sat Jan 04 14:34:40.979954 2025] [access_compat:error] [pid 25229:tid 25232] [client 94.102.51.98:48756] AH01797: client denied by server configuration: /home/thefoodd/public_html/wp-json
[Sat Jan 04 14:34:46.143384 2025] [access_compat:error] [pid 27128:tid 27154] [client 47.106.201.134:35832] AH01797: client denied by server configuration: /home/marvello/public_html/wp-login.php
[Sat Jan 04 14:34:46.174632 2025] [proxy_fcgi:error] [pid 27128:tid 27154] [client 47.106.201.134:35832] AH01071: Got error 'Primary script unknown\n'
[Sat Jan 04 14:34:46.404961 2025] [access_compat:error] [pid 25292:tid 25316] [client 94.102.51.98:49726] AH01797: client denied by server configuration: /home/thefoodd/public_html/wp-json
[Sat Jan 04 14:34:47.091298 2025] [access_compat:error] [pid 25229:tid 25232] [client 94.102.51.98:48756] AH01797: client denied by server configuration: /home/thefoodd/public_html/wp-json
[Sat Jan 04 14:34:50.957822 2025] [access_compat:error] [pid 25229:tid 25232] [client 94.102.51.98:48756] AH01797: client denied by server configuration: /home/thefoodd/public_html/wp-json
[Sat Jan 04 14:34:51.484284 2025] [access_compat:error] [pid 25292:tid 25316] [client 94.102.51.98:49726] AH01797: client denied by server configuration: /home/thefoodd/public_html/wp-json
[Sat Jan 04 14:34:51.500888 2025] [proxy:error] [pid 25448:tid 25453] (111)Connection refused: AH00957: http: attempt to connect to 127.0.0.1:2079 (127.0.0.1:2079) failed
[Sat Jan 04 14:34:51.501000 2025] [proxy_http:error] [pid 25448:tid 25453] [client 185.247.137.144:57253] AH01114: HTTP: failed to make connection to backend: 127.0.0.1
[Sat Jan 04 14:34:51.501171 2025] [proxy:error] [pid 25448:tid 25453] (111)Connection refused: AH00957: http: attempt to connect to 127.0.0.1:2079 (127.0.0.1:2079) failed
[Sat Jan 04 14:34:51.501220 2025] [proxy_http:error] [pid 25448:tid 25453] [client 185.247.137.144:57253] AH01114: HTTP: failed to make connection to backend: 127.0.0.1
[Sat Jan 04 14:34:54.537946 2025] [access_compat:error] [pid 25448:tid 25462] [client 185.191.171.12:50564] AH01797: client denied by server configuration: /home/erxgrafx/public_html/mds.php
[Sat Jan 04 14:34:55.476877 2025] [access_compat:error] [pid 25229:tid 25232] [client 94.102.51.98:48756] AH01797: client denied by server configuration: /home/thefoodd/public_html/wp-json
[Sat Jan 04 14:34:57.896034 2025] [access_compat:error] [pid 25292:tid 25316] [client 94.102.51.98:49726] AH01797: client denied by server configuration: /home/thefoodd/public_html/wp-json
[Sat Jan 04 14:34:59.592690 2025] [access_compat:error] [pid 25229:tid 25232] [client 94.102.51.98:48756] AH01797: client denied by server configuration: /home/thefoodd/public_html/wp-json
[Sat Jan 04 14:35:01.900894 2025] [core:error] [pid 25157:tid 25179] [client 52.167.144.163:49307] AH00124: Request exceeded the limit of 10 internal redirects due to probable configuration error. Use 'LimitInternalRecursion' to increase the limit if necessary. Use 'LogLevel debug' to get a backtrace.
[Sat Jan 04 14:35:02.027852 2025] [core:error] [pid 25157:tid 25179] [client 52.167.144.163:49307] AH00124: Request exceeded the limit of 10 internal redirects due to probable configuration error. Use 'LimitInternalRecursion' to increase the limit if necessary. Use 'LogLevel debug' to get a backtrace.
[Sat Jan 04 14:35:03.028249 2025] [access_compat:error] [pid 25292:tid 25316] [client 94.102.51.98:49726] AH01797: client denied by server configuration: /home/thefoodd/public_html/wp-json
[Sat Jan 04 14:35:03.287016 2025] [:error] [pid 25448:tid 25455] [client 209.209.8.61:46208] SoftException in Application.cpp:657: Directory "/home/gavinsco/public_html/wp-admin" is writeable by group
[Sat Jan 04 14:35:03.288177 2025] [core:error] [pid 25448:tid 25455] [client 209.209.8.61:46208] End of script output before headers: locks.php
[Sat Jan 04 14:35:06.791170 2025] [access_compat:error] [pid 25292:tid 25316] [client 94.102.51.98:49726] AH01797: client denied by server configuration: /home/thefoodd/public_html/wp-json
[Sat Jan 04 14:35:09.668240 2025] [access_compat:error] [pid 25292:tid 25316] [client 94.102.51.98:49726] AH01797: client denied by server configuration: /home/thefoodd/public_html/wp-json
[Sat Jan 04 14:35:14.703253 2025] [access_compat:error] [pid 25229:tid 25235] [client 103.141.170.116:51226] AH01797: client denied by server configuration: /home/saturnst/public_html/iblisshell.php
[Sat Jan 04 14:35:14.703326 2025] [access_compat:error] [pid 25229:tid 25235] [client 103.141.170.116:51226] AH01797: client denied by server configuration: /home/saturnst/public_html/403.shtml
[Sat Jan 04 14:35:15.281136 2025] [access_compat:error] [pid 25261:tid 25272] [client 103.141.170.116:51532] AH01797: client denied by server configuration: /home/saturnst/public_html/ichi.php
[Sat Jan 04 14:35:15.281225 2025] [access_compat:error] [pid 25261:tid 25272] [client 103.141.170.116:51532] AH01797: client denied by server configuration: /home/saturnst/public_html/403.shtml
[Sat Jan 04 14:35:15.372954 2025] [access_compat:error] [pid 25157:tid 25166] [client 89.248.163.130:51126] AH01797: client denied by server configuration: /home/thefoodd/public_html/wp-json
[Sat Jan 04 14:35:15.925494 2025] [access_compat:error] [pid 25292:tid 25307] [client 103.141.170.116:7179] AH01797: client denied by server configuration: /home/saturnst/public_html/ici.php
[Sat Jan 04 14:35:15.925579 2025] [access_compat:error] [pid 25292:tid 25307] [client 103.141.170.116:7179] AH01797: client denied by server configuration: /home/saturnst/public_html/403.shtml
[Sat Jan 04 14:35:16.479286 2025] [access_compat:error] [pid 25229:tid 25233] [client 103.141.170.116:51762] AH01797: client denied by server configuration: /home/saturnst/public_html/icomoon.php
[Sat Jan 04 14:35:16.479365 2025] [access_compat:error] [pid 25229:tid 25233] [client 103.141.170.116:51762] AH01797: client denied by server configuration: /home/saturnst/public_html/403.shtml
[Sat Jan 04 14:35:17.097564 2025] [access_compat:error] [pid 25157:tid 25160] [client 103.141.170.116:51868] AH01797: client denied by server configuration: /home/saturnst/public_html/icon.php
[Sat Jan 04 14:35:17.097651 2025] [access_compat:error] [pid 25157:tid 25160] [client 103.141.170.116:51868] AH01797: client denied by server configuration: /home/saturnst/public_html/403.shtml
[Sat Jan 04 14:35:17.728838 2025] [access_compat:error] [pid 25448:tid 25456] [client 103.141.170.116:51990] AH01797: client denied by server configuration: /home/saturnst/public_html/idn.php
[Sat Jan 04 14:35:17.728927 2025] [access_compat:error] [pid 25448:tid 25456] [client 103.141.170.116:51990] AH01797: client denied by server configuration: /home/saturnst/public_html/403.shtml
[Sat Jan 04 14:35:18.336895 2025] [access_compat:error] [pid 27128:tid 27146] [client 103.141.170.116:52102] AH01797: client denied by server configuration: /home/saturnst/public_html/ids-final.php
[Sat Jan 04 14:35:18.336982 2025] [access_compat:error] [pid 27128:tid 27146] [client 103.141.170.116:52102] AH01797: client denied by server configuration: /home/saturnst/public_html/403.shtml
[Sat Jan 04 14:35:18.589567 2025] [access_compat:error] [pid 25157:tid 25166] [client 89.248.163.130:51126] AH01797: client denied by server configuration: /home/thefoodd/public_html/wp-json
[Sat Jan 04 14:35:18.915183 2025] [access_compat:error] [pid 25261:tid 25266] [client 103.141.170.116:7695] AH01797: client denied by server configuration: /home/saturnst/public_html/idsv2.php
[Sat Jan 04 14:35:18.915261 2025] [access_compat:error] [pid 25261:tid 25266] [client 103.141.170.116:7695] AH01797: client denied by server configuration: /home/saturnst/public_html/403.shtml
[Sat Jan 04 14:35:19.571117 2025] [access_compat:error] [pid 25448:tid 25454] [client 103.141.170.116:52310] AH01797: client denied by server configuration: /home/saturnst/public_html/idx3.php
[Sat Jan 04 14:35:19.571202 2025] [access_compat:error] [pid 25448:tid 25454] [client 103.141.170.116:52310] AH01797: client denied by server configuration: /home/saturnst/public_html/403.shtml
[Sat Jan 04 14:35:20.192702 2025] [access_compat:error] [pid 25292:tid 25313] [client 103.141.170.116:7901] AH01797: client denied by server configuration: /home/saturnst/public_html/ih.php
[Sat Jan 04 14:35:20.192786 2025] [access_compat:error] [pid 25292:tid 25313] [client 103.141.170.116:7901] AH01797: client denied by server configuration: /home/saturnst/public_html/403.shtml
[Sat Jan 04 14:35:20.795890 2025] [access_compat:error] [pid 27128:tid 27143] [client 103.141.170.116:7999] AH01797: client denied by server configuration: /home/saturnst/public_html/ijo.php
[Sat Jan 04 14:35:20.795965 2025] [access_compat:error] [pid 27128:tid 27143] [client 103.141.170.116:7999] AH01797: client denied by server configuration: /home/saturnst/public_html/403.shtml
[Sat Jan 04 14:35:21.409328 2025] [access_compat:error] [pid 25261:tid 25280] [client 103.141.170.116:52674] AH01797: client denied by server configuration: /home/saturnst/public_html/im.php
[Sat Jan 04 14:35:21.409432 2025] [access_compat:error] [pid 25261:tid 25280] [client 103.141.170.116:52674] AH01797: client denied by server configuration: /home/saturnst/public_html/403.shtml
[Sat Jan 04 14:35:22.037391 2025] [access_compat:error] [pid 27128:tid 27144] [client 103.141.170.116:52782] AH01797: client denied by server configuration: /home/saturnst/public_html/image.php
[Sat Jan 04 14:35:22.037472 2025] [access_compat:error] [pid 27128:tid 27144] [client 103.141.170.116:52782] AH01797: client denied by server configuration: /home/saturnst/public_html/403.shtml
[Sat Jan 04 14:35:22.513838 2025] [access_compat:error] [pid 25157:tid 25166] [client 89.248.163.130:51126] AH01797: client denied by server configuration: /home/thefoodd/public_html/wp-json
[Sat Jan 04 14:35:22.606454 2025] [access_compat:error] [pid 25448:tid 25468] [client 103.141.170.116:52966] AH01797: client denied by server configuration: /home/saturnst/public_html/image.php5
[Sat Jan 04 14:35:22.606577 2025] [access_compat:error] [pid 25448:tid 25468] [client 103.141.170.116:52966] AH01797: client denied by server configuration: /home/saturnst/public_html/403.shtml
[Sat Jan 04 14:35:23.162871 2025] [access_compat:error] [pid 25157:tid 25159] [client 103.141.170.116:53128] AH01797: client denied by server configuration: /home/saturnst/public_html/imaje.php
[Sat Jan 04 14:35:23.162987 2025] [access_compat:error] [pid 25157:tid 25159] [client 103.141.170.116:53128] AH01797: client denied by server configuration: /home/saturnst/public_html/403.shtml
[Sat Jan 04 14:35:24.756372 2025] [access_compat:error] [pid 25261:tid 25270] [client 103.141.170.116:53218] AH01797: client denied by server configuration: /home/saturnst/public_html/inashell.php
[Sat Jan 04 14:35:24.760237 2025] [access_compat:error] [pid 25261:tid 25270] [client 103.141.170.116:53218] AH01797: client denied by server configuration: /home/saturnst/public_html/403.shtml
[Sat Jan 04 14:35:25.353996 2025] [access_compat:error] [pid 25292:tid 25300] [client 103.141.170.116:8823] AH01797: client denied by server configuration: /home/saturnst/public_html/inc.php
[Sat Jan 04 14:35:25.354079 2025] [access_compat:error] [pid 25292:tid 25300] [client 103.141.170.116:8823] AH01797: client denied by server configuration: /home/saturnst/public_html/403.shtml
[Sat Jan 04 14:35:25.914873 2025] [access_compat:error] [pid 25229:tid 25247] [client 103.141.170.116:53594] AH01797: client denied by server configuration: /home/saturnst/public_html/inde--.php
[Sat Jan 04 14:35:25.914996 2025] [access_compat:error] [pid 25229:tid 25247] [client 103.141.170.116:53594] AH01797: client denied by server configuration: /home/saturnst/public_html/403.shtml
[Sat Jan 04 14:35:26.524964 2025] [access_compat:error] [pid 25157:tid 25162] [client 103.141.170.116:53700] AH01797: client denied by server configuration: /home/saturnst/public_html/index.aspx
[Sat Jan 04 14:35:27.129973 2025] [access_compat:error] [pid 25261:tid 25284] [client 103.141.170.116:9147] AH01797: client denied by server configuration: /home/saturnst/public_html/index_data.php
[Sat Jan 04 14:35:27.130050 2025] [access_compat:error] [pid 25261:tid 25284] [client 103.141.170.116:9147] AH01797: client denied by server configuration: /home/saturnst/public_html/403.shtml
[Sat Jan 04 14:35:27.749395 2025] [access_compat:error] [pid 25229:tid 25252] [client 103.141.170.116:53950] AH01797: client denied by server configuration: /home/saturnst/public_html/indexbbb.php
[Sat Jan 04 14:35:27.749518 2025] [access_compat:error] [pid 25229:tid 25252] [client 103.141.170.116:53950] AH01797: client denied by server configuration: /home/saturnst/public_html/403.shtml
[Sat Jan 04 14:35:27.766261 2025] [access_compat:error] [pid 25157:tid 25166] [client 89.248.163.130:51126] AH01797: client denied by server configuration: /home/thefoodd/public_html/wp-json
[Sat Jan 04 14:35:28.360413 2025] [access_compat:error] [pid 25261:tid 25264] [client 103.141.170.116:9379] AH01797: client denied by server configuration: /home/saturnst/public_html/indexedd.php
[Sat Jan 04 14:35:28.360495 2025] [access_compat:error] [pid 25261:tid 25264] [client 103.141.170.116:9379] AH01797: client denied by server configuration: /home/saturnst/public_html/403.shtml
[Sat Jan 04 14:35:30.313964 2025] [access_compat:error] [pid 25292:tid 25304] [client 103.141.170.116:54472] AH01797: client denied by server configuration: /home/saturnst/public_html/indomart.php6
[Sat Jan 04 14:35:30.314050 2025] [access_compat:error] [pid 25292:tid 25304] [client 103.141.170.116:54472] AH01797: client denied by server configuration: /home/saturnst/public_html/403.shtml
[Sat Jan 04 14:35:30.899996 2025] [access_compat:error] [pid 25261:tid 25277] [client 103.141.170.116:9863] AH01797: client denied by server configuration: /home/saturnst/public_html/indosec_shell_final.php
[Sat Jan 04 14:35:30.900113 2025] [access_compat:error] [pid 25261:tid 25277] [client 103.141.170.116:9863] AH01797: client denied by server configuration: /home/saturnst/public_html/403.shtml
[Sat Jan 04 14:35:31.492962 2025] [access_compat:error] [pid 25292:tid 25303] [client 103.141.170.116:9975] AH01797: client denied by server configuration: /home/saturnst/public_html/indoshell.php
[Sat Jan 04 14:35:31.513456 2025] [access_compat:error] [pid 25292:tid 25303] [client 103.141.170.116:9975] AH01797: client denied by server configuration: /home/saturnst/public_html/403.shtml
[Sat Jan 04 14:35:32.128291 2025] [access_compat:error] [pid 27128:tid 27152] [client 103.141.170.116:10081] AH01797: client denied by server configuration: /home/saturnst/public_html/infect.php
[Sat Jan 04 14:35:32.128402 2025] [access_compat:error] [pid 27128:tid 27152] [client 103.141.170.116:10081] AH01797: client denied by server configuration: /home/saturnst/public_html/403.shtml
[Sat Jan 04 14:35:32.716356 2025] [access_compat:error] [pid 25261:tid 25281] [client 103.141.170.116:34530] AH01797: client denied by server configuration: /home/saturnst/public_html/infodex.php
[Sat Jan 04 14:35:32.716468 2025] [access_compat:error] [pid 25261:tid 25281] [client 103.141.170.116:34530] AH01797: client denied by server configuration: /home/saturnst/public_html/403.shtml
[Sat Jan 04 14:35:33.263607 2025] [access_compat:error] [pid 25292:tid 25302] [client 103.141.170.116:55148] AH01797: client denied by server configuration: /home/saturnst/public_html/infolog.php
[Sat Jan 04 14:35:33.263719 2025] [access_compat:error] [pid 25292:tid 25302] [client 103.141.170.116:55148] AH01797: client denied by server configuration: /home/saturnst/public_html/403.shtml
[Sat Jan 04 14:35:33.808417 2025] [access_compat:error] [pid 25157:tid 25171] [client 103.141.170.116:55264] AH01797: client denied by server configuration: /home/saturnst/public_html/ini shell.php
[Sat Jan 04 14:35:33.808535 2025] [access_compat:error] [pid 25157:tid 25171] [client 103.141.170.116:55264] AH01797: client denied by server configuration: /home/saturnst/public_html/403.shtml
[Sat Jan 04 14:35:34.411549 2025] [access_compat:error] [pid 25261:tid 25285] [client 103.141.170.116:55380] AH01797: client denied by server configuration: /home/saturnst/public_html/init.php
[Sat Jan 04 14:35:34.635109 2025] [access_compat:error] [pid 25261:tid 25285] [client 103.141.170.116:55380] AH01797: client denied by server configuration: /home/saturnst/public_html/403.shtml
[Sat Jan 04 14:35:35.244852 2025] [access_compat:error] [pid 25292:tid 25312] [client 103.141.170.116:55544] AH01797: client denied by server configuration: /home/saturnst/public_html/internal.php
[Sat Jan 04 14:35:35.245357 2025] [access_compat:error] [pid 25292:tid 25312] [client 103.141.170.116:55544] AH01797: client denied by server configuration: /home/saturnst/public_html/403.shtml
[Sat Jan 04 14:35:35.858574 2025] [access_compat:error] [pid 25157:tid 25169] [client 103.141.170.116:10869] AH01797: client denied by server configuration: /home/saturnst/public_html/ipX.php
[Sat Jan 04 14:35:35.858815 2025] [access_compat:error] [pid 25157:tid 25169] [client 103.141.170.116:10869] AH01797: client denied by server configuration: /home/saturnst/public_html/403.shtml
[Sat Jan 04 14:35:36.429188 2025] [access_compat:error] [pid 25261:tid 25278] [client 103.141.170.116:10983] AH01797: client denied by server configuration: /home/saturnst/public_html/iq.php
[Sat Jan 04 14:35:36.429550 2025] [access_compat:error] [pid 25261:tid 25278] [client 103.141.170.116:10983] AH01797: client denied by server configuration: /home/saturnst/public_html/403.shtml
[Sat Jan 04 14:35:36.998644 2025] [access_compat:error] [pid 27128:tid 27140] [client 103.141.170.116:55878] AH01797: client denied by server configuration: /home/saturnst/public_html/isal.fla.php
[Sat Jan 04 14:35:36.998888 2025] [access_compat:error] [pid 27128:tid 27140] [client 103.141.170.116:55878] AH01797: client denied by server configuration: /home/saturnst/public_html/403.shtml
[Sat Jan 04 14:35:37.264682 2025] [access_compat:error] [pid 25157:tid 25174] [client 85.208.96.197:29132] AH01797: client denied by server configuration: /home/saturnst/public_html/product
[Sat Jan 04 14:35:37.610396 2025] [access_compat:error] [pid 25448:tid 25457] [client 103.141.170.116:55992] AH01797: client denied by server configuration: /home/saturnst/public_html/its.php
[Sat Jan 04 14:35:37.610507 2025] [access_compat:error] [pid 25448:tid 25457] [client 103.141.170.116:55992] AH01797: client denied by server configuration: /home/saturnst/public_html/403.shtml
[Sat Jan 04 14:35:38.200202 2025] [access_compat:error] [pid 27128:tid 27150] [client 103.141.170.116:56062] AH01797: client denied by server configuration: /home/saturnst/public_html/j0ky.php
[Sat Jan 04 14:35:38.213895 2025] [access_compat:error] [pid 27128:tid 27150] [client 103.141.170.116:56062] AH01797: client denied by server configuration: /home/saturnst/public_html/403.shtml
[Sat Jan 04 14:35:39.611066 2025] [access_compat:error] [pid 25292:tid 25306] [client 185.191.171.17:59132] AH01797: client denied by server configuration: /home/military/public_html/rptegmfmcq.php
[Sat Jan 04 14:35:39.921881 2025] [access_compat:error] [pid 27128:tid 27132] [client 103.141.170.116:11357] AH01797: client denied by server configuration: /home/saturnst/public_html/j41shell.php
[Sat Jan 04 14:35:39.921998 2025] [access_compat:error] [pid 27128:tid 27132] [client 103.141.170.116:11357] AH01797: client denied by server configuration: /home/saturnst/public_html/403.shtml
[Sat Jan 04 14:35:40.339532 2025] [access_compat:error] [pid 25229:tid 25248] [client 47.128.59.134:44804] AH01797: client denied by server configuration: /home/saturnst/public_html/jp
[Sat Jan 04 14:35:40.679120 2025] [access_compat:error] [pid 25261:tid 25282] [client 103.141.170.116:56468] AH01797: client denied by server configuration: /home/saturnst/public_html/jateng-xploit.php
[Sat Jan 04 14:35:41.090219 2025] [access_compat:error] [pid 25261:tid 25282] [client 103.141.170.116:56468] AH01797: client denied by server configuration: /home/saturnst/public_html/403.shtml
[Sat Jan 04 14:35:43.500764 2025] [access_compat:error] [pid 27128:tid 27136] [client 103.141.170.116:12225] AH01797: client denied by server configuration: /home/saturnst/public_html/java.php
[Sat Jan 04 14:35:43.500872 2025] [access_compat:error] [pid 27128:tid 27136] [client 103.141.170.116:12225] AH01797: client denied by server configuration: /home/saturnst/public_html/403.shtml
[Sat Jan 04 14:35:44.102227 2025] [access_compat:error] [pid 25229:tid 25232] [client 103.141.170.116:12347] AH01797: client denied by server configuration: /home/saturnst/public_html/jbt.php
[Sat Jan 04 14:35:44.102308 2025] [access_compat:error] [pid 25229:tid 25232] [client 103.141.170.116:12347] AH01797: client denied by server configuration: /home/saturnst/public_html/403.shtml
[Sat Jan 04 14:35:44.837042 2025] [access_compat:error] [pid 25261:tid 25279] [client 103.141.170.116:12453] AH01797: client denied by server configuration: /home/saturnst/public_html/jdh.php
[Sat Jan 04 14:35:44.848908 2025] [access_compat:error] [pid 25261:tid 25279] [client 103.141.170.116:12453] AH01797: client denied by server configuration: /home/saturnst/public_html/403.shtml
[Sat Jan 04 14:35:45.435731 2025] [access_compat:error] [pid 25229:tid 25242] [client 103.141.170.116:12569] AH01797: client denied by server configuration: /home/saturnst/public_html/jel.php
[Sat Jan 04 14:35:45.435816 2025] [access_compat:error] [pid 25229:tid 25242] [client 103.141.170.116:12569] AH01797: client denied by server configuration: /home/saturnst/public_html/403.shtml
[Sat Jan 04 14:35:46.080618 2025] [access_compat:error] [pid 25157:tid 25183] [client 103.141.170.116:57594] AH01797: client denied by server configuration: /home/saturnst/public_html/kctshell1928.php
[Sat Jan 04 14:35:46.095039 2025] [access_compat:error] [pid 25157:tid 25183] [client 103.141.170.116:57594] AH01797: client denied by server configuration: /home/saturnst/public_html/403.shtml
[Sat Jan 04 14:35:46.672728 2025] [access_compat:error] [pid 25448:tid 25466] [client 103.141.170.116:57722] AH01797: client denied by server configuration: /home/saturnst/public_html/kiddie.php
[Sat Jan 04 14:35:46.672846 2025] [access_compat:error] [pid 25448:tid 25466] [client 103.141.170.116:57722] AH01797: client denied by server configuration: /home/saturnst/public_html/403.shtml
[Sat Jan 04 14:35:47.229969 2025] [access_compat:error] [pid 25229:tid 25246] [client 103.141.170.116:12905] AH01797: client denied by server configuration: /home/saturnst/public_html/kiss.php
[Sat Jan 04 14:35:47.230047 2025] [access_compat:error] [pid 25229:tid 25246] [client 103.141.170.116:12905] AH01797: client denied by server configuration: /home/saturnst/public_html/403.shtml
[Sat Jan 04 14:35:47.776845 2025] [access_compat:error] [pid 25261:tid 25263] [client 103.141.170.116:57946] AH01797: client denied by server configuration: /home/saturnst/public_html/s8hml.php
[Sat Jan 04 14:35:47.776956 2025] [access_compat:error] [pid 25261:tid 25263] [client 103.141.170.116:57946] AH01797: client denied by server configuration: /home/saturnst/public_html/403.shtml
[Sat Jan 04 14:35:48.340987 2025] [access_compat:error] [pid 25157:tid 25175] [client 103.141.170.116:13099] AH01797: client denied by server configuration: /home/saturnst/public_html/kk.php
[Sat Jan 04 14:35:48.341101 2025] [access_compat:error] [pid 25157:tid 25175] [client 103.141.170.116:13099] AH01797: client denied by server configuration: /home/saturnst/public_html/403.shtml
[Sat Jan 04 14:35:50.127472 2025] [access_compat:error] [pid 25229:tid 25250] [client 103.141.170.116:58356] AH01797: client denied by server configuration: /home/saturnst/public_html/kl.php
[Sat Jan 04 14:35:50.127549 2025] [access_compat:error] [pid 25229:tid 25250] [client 103.141.170.116:58356] AH01797: client denied by server configuration: /home/saturnst/public_html/403.shtml
[Sat Jan 04 14:35:50.713735 2025] [access_compat:error] [pid 25261:tid 25273] [client 103.141.170.116:58458] AH01797: client denied by server configuration: /home/saturnst/public_html/km.php
[Sat Jan 04 14:35:50.726424 2025] [access_compat:error] [pid 25261:tid 25273] [client 103.141.170.116:58458] AH01797: client denied by server configuration: /home/saturnst/public_html/403.shtml
[Sat Jan 04 14:35:51.326099 2025] [access_compat:error] [pid 25292:tid 25297] [client 103.141.170.116:13605] AH01797: client denied by server configuration: /home/saturnst/public_html/kyndel.php
[Sat Jan 04 14:35:51.326208 2025] [access_compat:error] [pid 25292:tid 25297] [client 103.141.170.116:13605] AH01797: client denied by server configuration: /home/saturnst/public_html/403.shtml
[Sat Jan 04 14:35:51.960602 2025] [access_compat:error] [pid 27128:tid 27149] [client 103.141.170.116:58710] AH01797: client denied by server configuration: /home/saturnst/public_html/l3x4.php
[Sat Jan 04 14:35:51.960716 2025] [access_compat:error] [pid 27128:tid 27149] [client 103.141.170.116:58710] AH01797: client denied by server configuration: /home/saturnst/public_html/403.shtml
[Sat Jan 04 14:35:52.579899 2025] [access_compat:error] [pid 25229:tid 25235] [client 103.141.170.116:58850] AH01797: client denied by server configuration: /home/saturnst/public_html/l4y.php
[Sat Jan 04 14:35:52.580796 2025] [access_compat:error] [pid 25229:tid 25235] [client 103.141.170.116:58850] AH01797: client denied by server configuration: /home/saturnst/public_html/403.shtml
[Sat Jan 04 14:35:53.205353 2025] [access_compat:error] [pid 25261:tid 25269] [client 103.141.170.116:14045] AH01797: client denied by server configuration: /home/saturnst/public_html/lagira.aspx
[Sat Jan 04 14:35:54.762586 2025] [access_compat:error] [pid 25292:tid 25316] [client 103.141.170.116:59160] AH01797: client denied by server configuration: /home/saturnst/public_html/lal.php
[Sat Jan 04 14:35:54.762660 2025] [access_compat:error] [pid 25292:tid 25316] [client 103.141.170.116:59160] AH01797: client denied by server configuration: /home/saturnst/public_html/403.shtml
[Sat Jan 04 14:35:55.385935 2025] [access_compat:error] [pid 25229:tid 25233] [client 103.141.170.116:59416] AH01797: client denied by server configuration: /home/saturnst/public_html/langues.php
[Sat Jan 04 14:35:55.386023 2025] [access_compat:error] [pid 25229:tid 25233] [client 103.141.170.116:59416] AH01797: client denied by server configuration: /home/saturnst/public_html/403.shtml
[Sat Jan 04 14:35:55.986860 2025] [access_compat:error] [pid 25261:tid 25276] [client 103.141.170.116:59516] AH01797: client denied by server configuration: /home/saturnst/public_html/laod.php
[Sat Jan 04 14:35:56.030908 2025] [access_compat:error] [pid 25261:tid 25276] [client 103.141.170.116:59516] AH01797: client denied by server configuration: /home/saturnst/public_html/403.shtml
[Sat Jan 04 14:35:56.619593 2025] [access_compat:error] [pid 25292:tid 25305] [client 103.141.170.116:14621] AH01797: client denied by server configuration: /home/saturnst/public_html/lastlogin.php
[Sat Jan 04 14:35:56.619722 2025] [access_compat:error] [pid 25292:tid 25305] [client 103.141.170.116:14621] AH01797: client denied by server configuration: /home/saturnst/public_html/403.shtml
[Sat Jan 04 14:35:56.842390 2025] [access_compat:error] [pid 25448:tid 25469] [client 185.191.171.12:61566] AH01797: client denied by server configuration: /home/erxgrafx/public_html/mds.php
[Sat Jan 04 14:35:57.195880 2025] [access_compat:error] [pid 25229:tid 25238] [client 103.141.170.116:14713] AH01797: client denied by server configuration: /home/saturnst/public_html/leafmaile.php
[Sat Jan 04 14:35:57.195969 2025] [access_compat:error] [pid 25229:tid 25238] [client 103.141.170.116:14713] AH01797: client denied by server configuration: /home/saturnst/public_html/403.shtml
[Sat Jan 04 14:35:57.791334 2025] [access_compat:error] [pid 25261:tid 25272] [client 103.141.170.116:14827] AH01797: client denied by server configuration: /home/saturnst/public_html/bbxeh.php
[Sat Jan 04 14:35:57.791410 2025] [access_compat:error] [pid 25261:tid 25272] [client 103.141.170.116:14827] AH01797: client denied by server configuration: /home/saturnst/public_html/403.shtml
[Sat Jan 04 14:35:58.477057 2025] [access_compat:error] [pid 25157:tid 25160] [client 103.141.170.116:14929] AH01797: client denied by server configuration: /home/saturnst/public_html/x404f.php
[Sat Jan 04 14:35:58.631710 2025] [access_compat:error] [pid 25157:tid 25160] [client 103.141.170.116:14929] AH01797: client denied by server configuration: /home/saturnst/public_html/403.shtml
[Sat Jan 04 14:35:59.230636 2025] [access_compat:error] [pid 25261:tid 25286] [client 103.141.170.116:60096] AH01797: client denied by server configuration: /home/saturnst/public_html/lex.php
[Sat Jan 04 14:35:59.230750 2025] [access_compat:error] [pid 25261:tid 25286] [client 103.141.170.116:60096] AH01797: client denied by server configuration: /home/saturnst/public_html/403.shtml
[Sat Jan 04 14:35:59.796149 2025] [access_compat:error] [pid 27128:tid 27135] [client 103.141.170.116:42230] AH01797: client denied by server configuration: /home/saturnst/public_html/li.php
[Sat Jan 04 14:35:59.796240 2025] [access_compat:error] [pid 27128:tid 27135] [client 103.141.170.116:42230] AH01797: client denied by server configuration: /home/saturnst/public_html/403.shtml
[Sat Jan 04 14:36:00.368006 2025] [access_compat:error] [pid 25229:tid 25244] [client 103.141.170.116:15237] AH01797: client denied by server configuration: /home/saturnst/public_html/licence.php
[Sat Jan 04 14:36:00.368089 2025] [access_compat:error] [pid 25229:tid 25244] [client 103.141.170.116:15237] AH01797: client denied by server configuration: /home/saturnst/public_html/403.shtml
[Sat Jan 04 14:36:00.900226 2025] [access_compat:error] [pid 25157:tid 25167] [client 103.141.170.116:15329] AH01797: client denied by server configuration: /home/saturnst/public_html/lio.php
[Sat Jan 04 14:36:00.900309 2025] [access_compat:error] [pid 25157:tid 25167] [client 103.141.170.116:15329] AH01797: client denied by server configuration: /home/saturnst/public_html/403.shtml
[Sat Jan 04 14:36:01.485026 2025] [access_compat:error] [pid 25448:tid 25456] [client 103.141.170.116:15419] AH01797: client denied by server configuration: /home/saturnst/public_html/llehs.php
[Sat Jan 04 14:36:01.586683 2025] [access_compat:error] [pid 25448:tid 25456] [client 103.141.170.116:15419] AH01797: client denied by server configuration: /home/saturnst/public_html/403.shtml
[Sat Jan 04 14:36:02.243072 2025] [access_compat:error] [pid 27128:tid 27144] [client 103.141.170.116:15513] AH01797: client denied by server configuration: /home/saturnst/public_html/lul.php
[Sat Jan 04 14:36:02.243148 2025] [access_compat:error] [pid 27128:tid 27144] [client 103.141.170.116:15513] AH01797: client denied by server configuration: /home/saturnst/public_html/403.shtml
[Sat Jan 04 14:36:02.373340 2025] [:error] [pid 25292:tid 25317] [client 209.209.8.61:47006] SoftException in Application.cpp:657: Directory "/home/gavinsco/public_html/wp-admin" is writeable by group
[Sat Jan 04 14:36:02.373723 2025] [core:error] [pid 25292:tid 25317] [client 209.209.8.61:47006] End of script output before headers: locks.php
[Sat Jan 04 14:36:02.825638 2025] [access_compat:error] [pid 25157:tid 25170] [client 103.141.170.116:15657] AH01797: client denied by server configuration: /home/saturnst/public_html/luppi.php
[Sat Jan 04 14:36:02.825760 2025] [access_compat:error] [pid 25157:tid 25170] [client 103.141.170.116:15657] AH01797: client denied by server configuration: /home/saturnst/public_html/403.shtml
[Sat Jan 04 14:36:03.394517 2025] [access_compat:error] [pid 25448:tid 25454] [client 103.141.170.116:60820] AH01797: client denied by server configuration: /home/saturnst/public_html/ma.php
[Sat Jan 04 14:36:03.394615 2025] [access_compat:error] [pid 25448:tid 25454] [client 103.141.170.116:60820] AH01797: client denied by server configuration: /home/saturnst/public_html/403.shtml
[Sat Jan 04 14:36:04.905676 2025] [access_compat:error] [pid 25261:tid 25280] [client 103.141.170.116:15833] AH01797: client denied by server configuration: /home/saturnst/public_html/macibay.php
[Sat Jan 04 14:36:04.905778 2025] [access_compat:error] [pid 25261:tid 25280] [client 103.141.170.116:15833] AH01797: client denied by server configuration: /home/saturnst/public_html/403.shtml
[Sat Jan 04 14:36:05.540172 2025] [access_compat:error] [pid 25292:tid 25298] [client 103.141.170.116:15867] AH01797: client denied by server configuration: /home/saturnst/public_html/mad.php
[Sat Jan 04 14:36:05.540271 2025] [access_compat:error] [pid 25292:tid 25298] [client 103.141.170.116:15867] AH01797: client denied by server configuration: /home/saturnst/public_html/403.shtml
[Sat Jan 04 14:36:06.104165 2025] [access_compat:error] [pid 25229:tid 25255] [client 103.141.170.116:15907] AH01797: client denied by server configuration: /home/saturnst/public_html/marjun.php
[Sat Jan 04 14:36:06.109083 2025] [access_compat:error] [pid 25229:tid 25255] [client 103.141.170.116:15907] AH01797: client denied by server configuration: /home/saturnst/public_html/403.shtml
[Sat Jan 04 14:36:06.686587 2025] [access_compat:error] [pid 25157:tid 25159] [client 103.141.170.116:61060] AH01797: client denied by server configuration: /home/saturnst/public_html/mart.php
[Sat Jan 04 14:36:06.851390 2025] [access_compat:error] [pid 25157:tid 25159] [client 103.141.170.116:61060] AH01797: client denied by server configuration: /home/saturnst/public_html/403.shtml
[Sat Jan 04 14:36:08.447209 2025] [access_compat:error] [pid 27128:tid 27153] [client 103.141.170.116:61118] AH01797: client denied by server configuration: /home/saturnst/public_html/mase.php
[Sat Jan 04 14:36:08.522035 2025] [access_compat:error] [pid 27128:tid 27153] [client 103.141.170.116:61118] AH01797: client denied by server configuration: /home/saturnst/public_html/403.shtml
[Sat Jan 04 14:36:10.136526 2025] [access_compat:error] [pid 25292:tid 25301] [client 103.141.170.116:61238] AH01797: client denied by server configuration: /home/saturnst/public_html/masssmtp.php
[Sat Jan 04 14:36:10.137081 2025] [access_compat:error] [pid 25292:tid 25301] [client 103.141.170.116:61238] AH01797: client denied by server configuration: /home/saturnst/public_html/403.shtml
[Sat Jan 04 14:36:13.717760 2025] [access_compat:error] [pid 25292:tid 25300] [client 103.141.170.116:61944] AH01797: client denied by server configuration: /home/saturnst/public_html/mazx.php
[Sat Jan 04 14:36:13.717854 2025] [access_compat:error] [pid 25292:tid 25300] [client 103.141.170.116:61944] AH01797: client denied by server configuration: /home/saturnst/public_html/403.shtml
[Sat Jan 04 14:36:14.266038 2025] [access_compat:error] [pid 27128:tid 27139] [client 103.141.170.116:62024] AH01797: client denied by server configuration: /home/saturnst/public_html/mc.php
[Sat Jan 04 14:36:14.266121 2025] [access_compat:error] [pid 27128:tid 27139] [client 103.141.170.116:62024] AH01797: client denied by server configuration: /home/saturnst/public_html/403.shtml
[Sat Jan 04 14:36:14.875592 2025] [access_compat:error] [pid 27128:tid 27142] [client 103.141.170.116:16943] AH01797: client denied by server configuration: /home/saturnst/public_html/me.php
[Sat Jan 04 14:36:14.875672 2025] [access_compat:error] [pid 27128:tid 27142] [client 103.141.170.116:16943] AH01797: client denied by server configuration: /home/saturnst/public_html/403.shtml
[Sat Jan 04 14:36:15.505810 2025] [access_compat:error] [pid 25157:tid 25166] [client 103.141.170.116:62224] AH01797: client denied by server configuration: /home/saturnst/public_html/me0909.php
[Sat Jan 04 14:36:15.505898 2025] [access_compat:error] [pid 25157:tid 25166] [client 103.141.170.116:62224] AH01797: client denied by server configuration: /home/saturnst/public_html/403.shtml
[Sat Jan 04 14:36:16.136859 2025] [access_compat:error] [pid 25448:tid 25774] [client 103.141.170.116:17161] AH01797: client denied by server configuration: /home/saturnst/public_html/mellfile.php
[Sat Jan 04 14:36:16.136942 2025] [access_compat:error] [pid 25448:tid 25774] [client 103.141.170.116:17161] AH01797: client denied by server configuration: /home/saturnst/public_html/403.shtml
