[Sat Jan 04 13:02:17.732894 2025] [proxy_http:error] [pid 25229:tid 25248] [client 205.210.31.241:62586] AH01114: HTTP: failed to make connection to backend: 127.0.0.1
[Sat Jan 04 13:02:17.733152 2025] [proxy:error] [pid 25229:tid 25248] (111)Connection refused: AH00957: http: attempt to connect to 127.0.0.1:2079 (127.0.0.1:2079) failed
[Sat Jan 04 13:02:17.733199 2025] [proxy_http:error] [pid 25229:tid 25248] [client 205.210.31.241:62586] AH01114: HTTP: failed to make connection to backend: 127.0.0.1
[Sat Jan 04 13:02:33.858787 2025] [access_compat:error] [pid 25157:tid 25169] [client 185.191.171.7:26264] AH01797: client denied by server configuration: /home/erxgrafx/public_html/mds.php
[Sat Jan 04 13:02:37.165275 2025] [ssl:error] [pid 25261:tid 25265] [client 130.162.224.168:52068] AH02032: Hostname ratmoto.com provided via SNI and hostname 194.99.105.109 provided via HTTP have no compatible SSL setup
[Sat Jan 04 13:02:38.356650 2025] [:error] [pid 25448:tid 25472] [client 87.250.224.18:60548] File does not exist: /home/healthyg/public_html/rqinc.com/index.php
[Sat Jan 04 13:02:38.356908 2025] [:error] [pid 25448:tid 25472] [client 87.250.224.18:60548] File does not exist: /home/healthyg/public_html/rqinc.com/index.php
[Sat Jan 04 13:02:41.024010 2025] [access_compat:error] [pid 27128:tid 27132] [client 146.70.28.48:50346] AH01797: client denied by server configuration: /home/military/public_html/index.php
[Sat Jan 04 13:02:41.024295 2025] [access_compat:error] [pid 27128:tid 27132] [client 146.70.28.48:50346] AH01797: client denied by server configuration: /home/military/public_html/index.php5
[Sat Jan 04 13:02:41.024930 2025] [access_compat:error] [pid 27128:tid 27132] [client 146.70.28.48:50346] AH01797: client denied by server configuration: /home/military/public_html/index.phtml
[Sat Jan 04 13:02:58.333875 2025] [access_compat:error] [pid 25157:tid 25182] [client 185.191.171.11:20160] AH01797: client denied by server configuration: /home/saturnst/public_html/product
[Sat Jan 04 13:03:02.819607 2025] [:error] [pid 27128:tid 27149] [client 209.209.8.61:42752] SoftException in Application.cpp:657: Directory "/home/gavinsco/public_html/wp-admin" is writeable by group
[Sat Jan 04 13:03:02.819677 2025] [core:error] [pid 27128:tid 27149] [client 209.209.8.61:42752] End of script output before headers: locks.php
[Sat Jan 04 13:03:14.927511 2025] [access_compat:error] [pid 25261:tid 25264] [client 185.191.171.13:33018] AH01797: client denied by server configuration: /home/military/public_html/rptegmfmcq.php
[Sat Jan 04 13:03:20.017297 2025] [proxy:error] [pid 25448:tid 25451] (111)Connection refused: AH00957: http: attempt to connect to 127.0.0.1:2079 (127.0.0.1:2079) failed
[Sat Jan 04 13:03:20.017406 2025] [proxy_http:error] [pid 25448:tid 25451] [client 198.235.24.91:57714] AH01114: HTTP: failed to make connection to backend: 127.0.0.1
[Sat Jan 04 13:03:20.017614 2025] [proxy:error] [pid 25448:tid 25451] (111)Connection refused: AH00957: http: attempt to connect to 127.0.0.1:2079 (127.0.0.1:2079) failed
[Sat Jan 04 13:03:20.017680 2025] [proxy_http:error] [pid 25448:tid 25451] [client 198.235.24.91:57714] AH01114: HTTP: failed to make connection to backend: 127.0.0.1
[Sat Jan 04 13:03:35.953552 2025] [access_compat:error] [pid 25229:tid 25238] [client 85.208.96.198:51522] AH01797: client denied by server configuration: /home/erxgrafx/public_html/mds.php
[Sat Jan 04 13:03:36.745435 2025] [access_compat:error] [pid 27128:tid 27138] [client 47.128.26.42:22620] AH01797: client denied by server configuration: /home/saturnst/public_html/item
[Sat Jan 04 13:03:50.587594 2025] [authz_core:error] [pid 25292:tid 25320] [client 198.235.24.146:64948] AH01630: client denied by server configuration: /home/ratmotoc/public_html/php.ini, referer: http://199.204.248.150:80/
[Sat Jan 04 13:03:50.587843 2025] [authz_core:error] [pid 25292:tid 25320] [client 198.235.24.146:64948] AH01630: client denied by server configuration: /home/ratmotoc/public_html/error_log, referer: http://199.204.248.150:80/
[Sat Jan 04 13:04:00.289786 2025] [access_compat:error] [pid 25448:tid 25475] [client 185.191.171.11:9380] AH01797: client denied by server configuration: /home/saturnst/public_html/product
[Sat Jan 04 13:04:03.249190 2025] [:error] [pid 27128:tid 27140] [client 209.209.8.61:45054] SoftException in Application.cpp:657: Directory "/home/gavinsco/public_html/wp-admin" is writeable by group
[Sat Jan 04 13:04:03.249301 2025] [core:error] [pid 27128:tid 27140] [client 209.209.8.61:45054] End of script output before headers: locks.php
[Sat Jan 04 13:04:11.780797 2025] [access_compat:error] [pid 27128:tid 27142] [client 184.154.139.13:34556] AH01797: client denied by server configuration: /home/focusede/public_html/, referer: http://www.google.com/url?url=www.focused-energy.com&yahoo.com
[Sat Jan 04 13:04:11.781001 2025] [access_compat:error] [pid 27128:tid 27142] [client 184.154.139.13:34556] AH01797: client denied by server configuration: /home/focusede/public_html/index.php, referer: http://www.google.com/url?url=www.focused-energy.com&yahoo.com
[Sat Jan 04 13:04:12.039010 2025] [access_compat:error] [pid 25261:tid 25274] [client 184.154.139.13:34570] AH01797: client denied by server configuration: /home/focusede/public_html/th1s_1s_a_4o4.html
[Sat Jan 04 13:04:12.039258 2025] [access_compat:error] [pid 25261:tid 25274] [client 184.154.139.13:34570] AH01797: client denied by server configuration: /home/focusede/public_html/index.php
[Sat Jan 04 13:04:15.588511 2025] [access_compat:error] [pid 25448:tid 25472] [client 85.208.96.203:40796] AH01797: client denied by server configuration: /home/military/public_html/rptegmfmcq.php
[Sat Jan 04 13:04:30.774201 2025] [access_compat:error] [pid 27128:tid 27148] [client 185.247.137.221:58645] AH01797: client denied by server configuration: /home/henderso/public_html/blackdogmactech.com/index.php
[Sat Jan 04 13:04:30.774324 2025] [access_compat:error] [pid 27128:tid 27148] [client 185.247.137.221:58645] AH01797: client denied by server configuration: /home/henderso/public_html/blackdogmactech.com/index.php7
[Sat Jan 04 13:04:30.774686 2025] [access_compat:error] [pid 27128:tid 27148] [client 185.247.137.221:58645] AH01797: client denied by server configuration: /home/henderso/public_html/blackdogmactech.com/index.phtml
[Sat Jan 04 13:04:36.183611 2025] [proxy_fcgi:error] [pid 27128:tid 27139] [client 216.244.66.203:44308] AH01071: Got error 'Primary script unknown\n'
[Sat Jan 04 13:04:37.905311 2025] [access_compat:error] [pid 27128:tid 27149] [client 185.191.171.8:30244] AH01797: client denied by server configuration: /home/erxgrafx/public_html/mds.php
[Sat Jan 04 13:04:52.647276 2025] [proxy_fcgi:error] [pid 25229:tid 25244] [client 109.237.99.63:47556] AH01071: Got error 'Primary script unknown\n'
[Sat Jan 04 13:04:52.858030 2025] [proxy_fcgi:error] [pid 25229:tid 25244] [client 109.237.99.63:47556] AH01071: Got error 'Primary script unknown\n', referer: http://brianhscott.com/accesson.php
[Sat Jan 04 13:04:53.823174 2025] [proxy_fcgi:error] [pid 25448:tid 25451] [client 128.199.110.52:39816] AH01071: Got error 'Primary script unknown\n'
[Sat Jan 04 13:04:55.408231 2025] [proxy_fcgi:error] [pid 25229:tid 25244] [client 109.237.99.63:47556] AH01071: Got error 'Primary script unknown\n', referer: http://brianhscott.com/d5ed49187aa6.php
[Sat Jan 04 13:04:55.696238 2025] [proxy_fcgi:error] [pid 25229:tid 25244] [client 109.237.99.63:47556] AH01071: Got error 'Primary script unknown\n', referer: http://brianhscott.com/style.php?sig=shell519&file_name=d5ed49187aa6.php&domain=looklong.com&shell_file=accesson20
[Sat Jan 04 13:04:55.927886 2025] [proxy_fcgi:error] [pid 25229:tid 25244] [client 109.237.99.63:47556] AH01071: Got error 'Primary script unknown\n', referer: http://brianhscott.com/style.php?sig=beima&level=0&domain=looklong.com&shell_file=accesson20&file_name=d5ed49187aa6.php
[Sat Jan 04 13:04:56.196271 2025] [proxy_fcgi:error] [pid 25229:tid 25244] [client 109.237.99.63:47556] AH01071: Got error 'Primary script unknown\n', referer: http://brianhscott.com/style.php?sig=plan_task&domain=looklong.com
[Sat Jan 04 13:04:57.698807 2025] [proxy_fcgi:error] [pid 25229:tid 25244] [client 109.237.99.63:47556] AH01071: Got error 'Primary script unknown\n', referer: http://brianhscott.com/wp-admin/d5ed49187aa6.php
[Sat Jan 04 13:04:57.897240 2025] [proxy_fcgi:error] [pid 25229:tid 25244] [client 109.237.99.63:47556] AH01071: Got error 'Primary script unknown\n', referer: http://brianhscott.com/accesson.php
[Sat Jan 04 13:05:00.819763 2025] [access_compat:error] [pid 25448:tid 25774] [client 85.208.96.194:2980] AH01797: client denied by server configuration: /home/saturnst/public_html/product
[Sat Jan 04 13:05:02.720322 2025] [:error] [pid 27128:tid 27150] [client 209.209.8.61:46366] SoftException in Application.cpp:657: Directory "/home/gavinsco/public_html/wp-admin" is writeable by group
[Sat Jan 04 13:05:02.720650 2025] [core:error] [pid 27128:tid 27150] [client 209.209.8.61:46366] End of script output before headers: locks.php
[Sat Jan 04 13:05:15.886803 2025] [access_compat:error] [pid 25229:tid 25241] [client 185.191.171.11:50384] AH01797: client denied by server configuration: /home/military/public_html/start.php
[Sat Jan 04 13:05:40.896865 2025] [access_compat:error] [pid 27128:tid 27136] [client 185.191.171.13:44306] AH01797: client denied by server configuration: /home/erxgrafx/public_html/mds.php
[Sat Jan 04 13:06:01.198036 2025] [access_compat:error] [pid 25229:tid 25253] [client 85.208.96.202:54216] AH01797: client denied by server configuration: /home/saturnst/public_html/product
[Sat Jan 04 13:06:02.918160 2025] [:error] [pid 25261:tid 25270] [client 209.209.8.61:47954] SoftException in Application.cpp:657: Directory "/home/gavinsco/public_html/wp-admin" is writeable by group
[Sat Jan 04 13:06:02.918347 2025] [core:error] [pid 25261:tid 25270] [client 209.209.8.61:47954] End of script output before headers: locks.php
[Sat Jan 04 13:06:16.539740 2025] [access_compat:error] [pid 25292:tid 25319] [client 185.191.171.15:4180] AH01797: client denied by server configuration: /home/military/public_html/rptegmfmcq.php
[Sat Jan 04 13:06:40.018075 2025] [access_compat:error] [pid 25292:tid 25296] [client 120.71.59.24:34374] AH01797: client denied by server configuration: /home/thefoodd/public_html/
[Sat Jan 04 13:06:43.003335 2025] [access_compat:error] [pid 27128:tid 27131] [client 199.204.248.150:42478] AH01797: client denied by server configuration: /home/thefoodd/public_html/wp-cron.php
[Sat Jan 04 13:06:43.003448 2025] [access_compat:error] [pid 27128:tid 27131] [client 199.204.248.150:42478] AH01797: client denied by server configuration: /home/thefoodd/public_html/403.shtml
[Sat Jan 04 13:06:43.715391 2025] [access_compat:error] [pid 25157:tid 25167] [client 185.191.171.6:24290] AH01797: client denied by server configuration: /home/erxgrafx/public_html/mds.php
[Sat Jan 04 13:07:01.427432 2025] [access_compat:error] [pid 25292:tid 25306] [client 185.191.171.17:39430] AH01797: client denied by server configuration: /home/saturnst/public_html/product
[Sat Jan 04 13:07:02.840193 2025] [:error] [pid 25157:tid 25178] [client 209.209.8.61:49854] SoftException in Application.cpp:657: Directory "/home/gavinsco/public_html/wp-admin" is writeable by group
[Sat Jan 04 13:07:02.840448 2025] [core:error] [pid 25157:tid 25178] [client 209.209.8.61:49854] End of script output before headers: locks.php
[Sat Jan 04 13:07:05.965884 2025] [access_compat:error] [pid 25229:tid 25251] [client 94.102.51.98:35646] AH01797: client denied by server configuration: /home/thefoodd/public_html/wp-json
[Sat Jan 04 13:07:09.180726 2025] [access_compat:error] [pid 25229:tid 25251] [client 94.102.51.98:35646] AH01797: client denied by server configuration: /home/thefoodd/public_html/wp-json
[Sat Jan 04 13:07:12.830652 2025] [access_compat:error] [pid 25229:tid 25251] [client 94.102.51.98:35646] AH01797: client denied by server configuration: /home/thefoodd/public_html/wp-json
[Sat Jan 04 13:07:16.849157 2025] [access_compat:error] [pid 27128:tid 27140] [client 185.191.171.19:37462] AH01797: client denied by server configuration: /home/military/public_html/start.php
[Sat Jan 04 13:07:20.452027 2025] [access_compat:error] [pid 25261:tid 25287] [client 205.169.39.172:6415] AH01797: client denied by server configuration: /home/thefoodd/public_html/wp-content/themes/Newspaper/style-woocommerce.css
[Sat Jan 04 13:07:25.303655 2025] [access_compat:error] [pid 25292:tid 25307] [client 66.249.66.170:44231] AH01797: client denied by server configuration: /home/colorad7/public_html/p=739199
[Sat Jan 04 13:07:27.342528 2025] [access_compat:error] [pid 25261:tid 25287] [client 205.169.39.172:6415] AH01797: client denied by server configuration: /home/thefoodd/public_html/wp-includes/js/wp-emoji-release.min.js, referer: http://www.mollybhagan.com/wp-content/themes/Newspaper/style-woocommerce.css?ver=9.5
[Sat Jan 04 13:07:32.453602 2025] [proxy:error] [pid 27128:tid 27131] (111)Connection refused: AH00957: http: attempt to connect to 127.0.0.1:2079 (127.0.0.1:2079) failed
[Sat Jan 04 13:07:33.297078 2025] [proxy_http:error] [pid 27128:tid 27131] [client 135.148.100.196:41884] AH01114: HTTP: failed to make connection to backend: 127.0.0.1
[Sat Jan 04 13:07:33.297462 2025] [proxy:error] [pid 27128:tid 27131] (111)Connection refused: AH00957: http: attempt to connect to 127.0.0.1:2079 (127.0.0.1:2079) failed
[Sat Jan 04 13:07:33.297529 2025] [proxy_http:error] [pid 27128:tid 27131] [client 135.148.100.196:41884] AH01114: HTTP: failed to make connection to backend: 127.0.0.1
[Sat Jan 04 13:07:35.059826 2025] [access_compat:error] [pid 25261:tid 25278] [client 66.249.66.170:60832] AH01797: client denied by server configuration: /home/focusede/public_html/gogreendata.com/robots.txt
[Sat Jan 04 13:07:35.060081 2025] [access_compat:error] [pid 25261:tid 25278] [client 66.249.66.170:60832] AH01797: client denied by server configuration: /home/focusede/public_html/gogreendata.com/index.php
[Sat Jan 04 13:07:35.969813 2025] [access_compat:error] [pid 25229:tid 25245] [client 66.249.66.168:59988] AH01797: client denied by server configuration: /home/focusede/public_html/gogreendata.com/l
[Sat Jan 04 13:07:35.970029 2025] [access_compat:error] [pid 25229:tid 25245] [client 66.249.66.168:59988] AH01797: client denied by server configuration: /home/focusede/public_html/gogreendata.com/index.php
[Sat Jan 04 13:07:37.619340 2025] [access_compat:error] [pid 25292:tid 25296] [client 47.128.62.90:20198] AH01797: client denied by server configuration: /home/saturnst/public_html/jp
[Sat Jan 04 13:07:40.695137 2025] [access_compat:error] [pid 25261:tid 25287] [client 205.169.39.172:6415] AH01797: client denied by server configuration: /home/thefoodd/public_html/wp-includes/js/jquery/jquery.min.js, referer: http://www.mollybhagan.com/wp-content/themes/Newspaper/style-woocommerce.css?ver=9.5
[Sat Jan 04 13:07:43.680099 2025] [access_compat:error] [pid 25229:tid 25253] [client 199.204.248.150:47216] AH01797: client denied by server configuration: /home/thefoodd/public_html/wp-cron.php
[Sat Jan 04 13:07:43.680205 2025] [access_compat:error] [pid 25229:tid 25253] [client 199.204.248.150:47216] AH01797: client denied by server configuration: /home/thefoodd/public_html/403.shtml
[Sat Jan 04 13:07:45.597264 2025] [access_compat:error] [pid 25229:tid 25234] [client 185.191.171.5:6296] AH01797: client denied by server configuration: /home/erxgrafx/public_html/mds.php
[Sat Jan 04 13:07:48.343624 2025] [access_compat:error] [pid 25261:tid 25287] [client 205.169.39.172:6415] AH01797: client denied by server configuration: /home/thefoodd/public_html/wp-includes/js/jquery/jquery-migrate.min.js, referer: http://www.mollybhagan.com/wp-content/themes/Newspaper/style-woocommerce.css?ver=9.5
[Sat Jan 04 13:07:57.197567 2025] [access_compat:error] [pid 25261:tid 25287] [client 205.169.39.172:6415] AH01797: client denied by server configuration: /home/thefoodd/public_html/wp-content/themes/Newspaper/js/tagdiv_theme.min.js, referer: http://www.mollybhagan.com/wp-content/themes/Newspaper/style-woocommerce.css?ver=9.5
[Sat Jan 04 13:08:00.333736 2025] [proxy:error] [pid 25292:tid 25318] (111)Connection refused: AH00957: http: attempt to connect to 127.0.0.1:2079 (127.0.0.1:2079) failed
[Sat Jan 04 13:08:00.333869 2025] [proxy_http:error] [pid 25292:tid 25318] [client 205.210.31.27:62800] AH01114: HTTP: failed to make connection to backend: 127.0.0.1
[Sat Jan 04 13:08:00.334048 2025] [proxy:error] [pid 25292:tid 25318] (111)Connection refused: AH00957: http: attempt to connect to 127.0.0.1:2079 (127.0.0.1:2079) failed
[Sat Jan 04 13:08:00.334108 2025] [proxy_http:error] [pid 25292:tid 25318] [client 205.210.31.27:62800] AH01114: HTTP: failed to make connection to backend: 127.0.0.1
[Sat Jan 04 13:08:01.792634 2025] [access_compat:error] [pid 25157:tid 25183] [client 85.208.96.212:30034] AH01797: client denied by server configuration: /home/saturnst/public_html/product
[Sat Jan 04 13:08:03.491166 2025] [:error] [pid 25261:tid 25272] [client 209.209.8.61:51578] SoftException in Application.cpp:657: Directory "/home/gavinsco/public_html/wp-admin" is writeable by group
[Sat Jan 04 13:08:03.491412 2025] [core:error] [pid 25261:tid 25272] [client 209.209.8.61:51578] End of script output before headers: locks.php
[Sat Jan 04 13:08:07.114589 2025] [access_compat:error] [pid 25261:tid 25279] [client 92.118.39.244:39248] AH01797: client denied by server configuration: /home/thefoodd/public_html/
[Sat Jan 04 13:08:18.024760 2025] [access_compat:error] [pid 25448:tid 25464] [client 185.191.171.12:44808] AH01797: client denied by server configuration: /home/military/public_html/rptegmfmcq.php
[Sat Jan 04 13:08:20.194901 2025] [access_compat:error] [pid 25261:tid 25281] [client 92.118.39.244:44564] AH01797: client denied by server configuration: /home/thefoodd/public_html/wp-emoji-release.min.js
[Sat Jan 04 13:08:20.409768 2025] [access_compat:error] [pid 25448:tid 25475] [client 92.118.39.244:44570] AH01797: client denied by server configuration: /home/thefoodd/public_html/wp-emoji-release.min.js
[Sat Jan 04 13:08:20.453644 2025] [access_compat:error] [pid 25229:tid 25252] [client 92.118.39.244:44580] AH01797: client denied by server configuration: /home/thefoodd/public_html/www.mollybhagan.com
[Sat Jan 04 13:08:20.512375 2025] [access_compat:error] [pid 25292:tid 25300] [client 92.118.39.244:44586] AH01797: client denied by server configuration: /home/thefoodd/public_html/cdnjs.cloudflare.com
[Sat Jan 04 13:08:20.610319 2025] [access_compat:error] [pid 27128:tid 27147] [client 92.118.39.244:44602] AH01797: client denied by server configuration: /home/thefoodd/public_html/www.mollybhagan.com
[Sat Jan 04 13:08:20.611876 2025] [access_compat:error] [pid 25157:tid 25176] [client 92.118.39.244:44608] AH01797: client denied by server configuration: /home/thefoodd/public_html/www.mollybhagan.com
[Sat Jan 04 13:08:20.617652 2025] [access_compat:error] [pid 25448:tid 25450] [client 92.118.39.244:44616] AH01797: client denied by server configuration: /home/thefoodd/public_html/www.mollybhagan.com
[Sat Jan 04 13:08:20.616769 2025] [access_compat:error] [pid 25261:tid 25267] [client 92.118.39.244:44610] AH01797: client denied by server configuration: /home/thefoodd/public_html/www.mollybhagan.com
[Sat Jan 04 13:08:20.640706 2025] [access_compat:error] [pid 25229:tid 25233] [client 92.118.39.244:44632] AH01797: client denied by server configuration: /home/thefoodd/public_html/www.mollybhagan.com
[Sat Jan 04 13:08:20.660572 2025] [access_compat:error] [pid 25292:tid 25299] [client 92.118.39.244:44642] AH01797: client denied by server configuration: /home/thefoodd/public_html/www.mollybhagan.com
[Sat Jan 04 13:08:20.674785 2025] [access_compat:error] [pid 27128:tid 27142] [client 92.118.39.244:44664] AH01797: client denied by server configuration: /home/thefoodd/public_html/\\
[Sat Jan 04 13:08:20.684242 2025] [access_compat:error] [pid 25261:tid 25274] [client 92.118.39.244:44672] AH01797: client denied by server configuration: /home/thefoodd/public_html/\\
[Sat Jan 04 13:08:20.691752 2025] [access_compat:error] [pid 25157:tid 25166] [client 92.118.39.244:44648] AH01797: client denied by server configuration: /home/thefoodd/public_html/www.mollybhagan.com
[Sat Jan 04 13:08:24.534450 2025] [access_compat:error] [pid 25261:tid 25275] [client 92.118.39.244:57170] AH01797: client denied by server configuration: /home/thefoodd/public_html/wp-emoji-release.min.js
[Sat Jan 04 13:08:24.577062 2025] [access_compat:error] [pid 25448:tid 25462] [client 92.118.39.244:57172] AH01797: client denied by server configuration: /home/thefoodd/public_html/wp-emoji-release.min.js
[Sat Jan 04 13:08:25.346625 2025] [access_compat:error] [pid 27128:tid 27135] [client 92.118.39.244:57182] AH01797: client denied by server configuration: /home/thefoodd/public_html/www.mollybhagan.com
[Sat Jan 04 13:08:25.432027 2025] [access_compat:error] [pid 25157:tid 25161] [client 92.118.39.244:57188] AH01797: client denied by server configuration: /home/thefoodd/public_html/cdnjs.cloudflare.com
[Sat Jan 04 13:08:25.565069 2025] [access_compat:error] [pid 25261:tid 25276] [client 92.118.39.244:57200] AH01797: client denied by server configuration: /home/thefoodd/public_html/www.mollybhagan.com
[Sat Jan 04 13:08:25.565475 2025] [access_compat:error] [pid 25448:tid 25774] [client 92.118.39.244:57208] AH01797: client denied by server configuration: /home/thefoodd/public_html/www.mollybhagan.com
[Sat Jan 04 13:08:25.565841 2025] [access_compat:error] [pid 25229:tid 25253] [client 92.118.39.244:57210] AH01797: client denied by server configuration: /home/thefoodd/public_html/www.mollybhagan.com
[Sat Jan 04 13:08:25.566212 2025] [access_compat:error] [pid 25292:tid 25303] [client 92.118.39.244:57214] AH01797: client denied by server configuration: /home/thefoodd/public_html/www.mollybhagan.com
[Sat Jan 04 13:08:25.569747 2025] [access_compat:error] [pid 27128:tid 27141] [client 92.118.39.244:57228] AH01797: client denied by server configuration: /home/thefoodd/public_html/www.mollybhagan.com
[Sat Jan 04 13:08:25.587092 2025] [access_compat:error] [pid 25261:tid 25264] [client 92.118.39.244:57260] AH01797: client denied by server configuration: /home/thefoodd/public_html/www.mollybhagan.com
[Sat Jan 04 13:08:25.587133 2025] [access_compat:error] [pid 25448:tid 25472] [client 92.118.39.244:57274] AH01797: client denied by server configuration: /home/thefoodd/public_html/\\
[Sat Jan 04 13:08:25.586624 2025] [access_compat:error] [pid 25157:tid 25180] [client 92.118.39.244:57244] AH01797: client denied by server configuration: /home/thefoodd/public_html/www.mollybhagan.com
[Sat Jan 04 13:08:25.603193 2025] [access_compat:error] [pid 25292:tid 25311] [client 92.118.39.244:57286] AH01797: client denied by server configuration: /home/thefoodd/public_html/\\
[Sat Jan 04 13:08:34.239981 2025] [access_compat:error] [pid 27128:tid 27133] [client 94.102.51.98:58648] AH01797: client denied by server configuration: /home/thefoodd/public_html/wp-json
[Sat Jan 04 13:08:41.806469 2025] [access_compat:error] [pid 27128:tid 27133] [client 94.102.51.98:58648] AH01797: client denied by server configuration: /home/thefoodd/public_html/wp-json
[Sat Jan 04 13:08:44.989056 2025] [access_compat:error] [pid 27128:tid 27138] [client 199.204.248.150:51732] AH01797: client denied by server configuration: /home/thefoodd/public_html/wp-cron.php
[Sat Jan 04 13:08:44.989162 2025] [access_compat:error] [pid 27128:tid 27138] [client 199.204.248.150:51732] AH01797: client denied by server configuration: /home/thefoodd/public_html/403.shtml
[Sat Jan 04 13:08:45.215311 2025] [access_compat:error] [pid 27128:tid 27133] [client 94.102.51.98:58648] AH01797: client denied by server configuration: /home/thefoodd/public_html/wp-json
[Sat Jan 04 13:08:46.379679 2025] [access_compat:error] [pid 25229:tid 25236] [client 212.58.102.56:18930] AH01797: client denied by server configuration: /home/thefoodd/public_html/2018
[Sat Jan 04 13:08:47.262661 2025] [access_compat:error] [pid 25157:tid 25159] [client 185.191.171.17:46594] AH01797: client denied by server configuration: /home/erxgrafx/public_html/mds.php
[Sat Jan 04 13:08:48.621730 2025] [access_compat:error] [pid 27128:tid 27133] [client 94.102.51.98:58648] AH01797: client denied by server configuration: /home/thefoodd/public_html/wp-json
[Sat Jan 04 13:08:51.732724 2025] [access_compat:error] [pid 27128:tid 27133] [client 94.102.51.98:58648] AH01797: client denied by server configuration: /home/thefoodd/public_html/wp-json
[Sat Jan 04 13:08:54.901364 2025] [access_compat:error] [pid 27128:tid 27133] [client 94.102.51.98:58648] AH01797: client denied by server configuration: /home/thefoodd/public_html/wp-json
[Sat Jan 04 13:08:59.887630 2025] [access_compat:error] [pid 27128:tid 27133] [client 94.102.51.98:58648] AH01797: client denied by server configuration: /home/thefoodd/public_html/wp-json
[Sat Jan 04 13:09:02.275353 2025] [access_compat:error] [pid 25157:tid 25167] [client 85.208.96.194:60042] AH01797: client denied by server configuration: /home/saturnst/public_html/product
[Sat Jan 04 13:09:03.007911 2025] [:error] [pid 25292:tid 25296] [client 209.209.8.61:52508] SoftException in Application.cpp:657: Directory "/home/gavinsco/public_html/wp-admin" is writeable by group
[Sat Jan 04 13:09:03.008122 2025] [core:error] [pid 25292:tid 25296] [client 209.209.8.61:52508] End of script output before headers: locks.php
[Sat Jan 04 13:09:18.114410 2025] [access_compat:error] [pid 25448:tid 25462] [client 185.191.171.18:25882] AH01797: client denied by server configuration: /home/saturnst/public_html/robots.txt
[Sat Jan 04 13:09:18.290656 2025] [access_compat:error] [pid 25229:tid 25249] [client 185.191.171.16:8538] AH01797: client denied by server configuration: /home/military/public_html/start.php
[Sat Jan 04 13:09:27.333385 2025] [proxy_fcgi:error] [pid 27128:tid 27135] [client 114.119.132.248:65303] AH01071: Got error 'Primary script unknown\n'
[Sat Jan 04 13:09:49.099235 2025] [access_compat:error] [pid 25157:tid 25183] [client 199.204.248.150:56340] AH01797: client denied by server configuration: /home/thefoodd/public_html/wp-cron.php
[Sat Jan 04 13:09:49.099349 2025] [access_compat:error] [pid 25157:tid 25183] [client 199.204.248.150:56340] AH01797: client denied by server configuration: /home/thefoodd/public_html/403.shtml
[Sat Jan 04 13:09:49.514308 2025] [access_compat:error] [pid 25261:tid 25284] [client 185.191.171.3:58656] AH01797: client denied by server configuration: /home/erxgrafx/public_html/mds.php
[Sat Jan 04 13:09:54.921479 2025] [:error] [pid 25448:tid 25453] [client 69.197.182.50:36004] SoftException in Application.cpp:657: Directory "/home/gavinsco/public_html/wp-content" is writeable by group, referer: https://gavinscott.co.uk/wp-content/wp-configs.php
[Sat Jan 04 13:09:54.921679 2025] [core:error] [pid 25448:tid 25453] [client 69.197.182.50:36004] End of script output before headers: wp-configs.php, referer: https://gavinscott.co.uk/wp-content/wp-configs.php
[Sat Jan 04 13:10:01.513947 2025] [ssl:error] [pid 25229:tid 25251] [client 167.94.138.179:37210] AH02032: Hostname www.portocidade.cobeira.com provided via SNI and hostname 199.204.248.150 provided via HTTP have no compatible SSL setup
[Sat Jan 04 13:10:02.055408 2025] [proxy_fcgi:error] [pid 25229:tid 25248] [client 114.119.139.26:21873] AH01071: Got error 'Primary script unknown\n'
[Sat Jan 04 13:10:02.443970 2025] [access_compat:error] [pid 25261:tid 25270] [client 185.191.171.8:42034] AH01797: client denied by server configuration: /home/saturnst/public_html/product
[Sat Jan 04 13:10:03.214580 2025] [:error] [pid 25157:tid 25179] [client 209.209.8.61:54150] SoftException in Application.cpp:657: Directory "/home/gavinsco/public_html/wp-admin" is writeable by group
[Sat Jan 04 13:10:03.214860 2025] [core:error] [pid 25157:tid 25179] [client 209.209.8.61:54150] End of script output before headers: locks.php
[Sat Jan 04 13:10:18.689084 2025] [access_compat:error] [pid 27128:tid 27153] [client 185.191.171.14:63042] AH01797: client denied by server configuration: /home/military/public_html/start.php
[Sat Jan 04 13:10:51.514204 2025] [access_compat:error] [pid 27128:tid 27150] [client 185.191.171.13:55694] AH01797: client denied by server configuration: /home/erxgrafx/public_html/mds.php
[Sat Jan 04 13:11:02.671473 2025] [access_compat:error] [pid 27128:tid 27145] [client 185.191.171.8:34504] AH01797: client denied by server configuration: /home/saturnst/public_html/product
[Sat Jan 04 13:11:03.208870 2025] [:error] [pid 25261:tid 25280] [client 209.209.8.61:56360] SoftException in Application.cpp:657: Directory "/home/gavinsco/public_html/wp-admin" is writeable by group
[Sat Jan 04 13:11:03.209051 2025] [core:error] [pid 25261:tid 25280] [client 209.209.8.61:56360] End of script output before headers: locks.php
[Sat Jan 04 13:11:03.569849 2025] [access_compat:error] [pid 25229:tid 25249] [client 167.94.138.179:45416] AH01797: client denied by server configuration: /home/colorad7/public_html/
[Sat Jan 04 13:11:18.968998 2025] [access_compat:error] [pid 25292:tid 25318] [client 85.208.96.204:63382] AH01797: client denied by server configuration: /home/military/public_html/rptegmfmcq.php
[Sat Jan 04 13:11:33.999680 2025] [ssl:error] [pid 25261:tid 25282] [client 167.94.138.205:53094] AH02032: Hostname mail.superiorselfstorage.com provided via SNI and hostname 199.204.248.150 provided via HTTP have no compatible SSL setup
[Sat Jan 04 13:11:37.512634 2025] [access_compat:error] [pid 25261:tid 25268] [client 47.128.47.176:21178] AH01797: client denied by server configuration: /home/saturnst/public_html/class
[Sat Jan 04 13:11:41.858711 2025] [access_compat:error] [pid 25292:tid 25320] [client 114.119.149.118:50383] AH01797: client denied by server configuration: /home/olshsdco/public_html/wp-admin/mb.php, referer: http://www.olshsd.com/wp-admin/mb.php?dir=/home/olshsdco/public_html/wp-includes&download=wp-conflg.php
[Sat Jan 04 13:11:53.114103 2025] [access_compat:error] [pid 27128:tid 27153] [client 85.208.96.204:27580] AH01797: client denied by server configuration: /home/erxgrafx/public_html/mds.php
[Sat Jan 04 13:12:03.057560 2025] [:error] [pid 25261:tid 25269] [client 209.209.8.61:57206] SoftException in Application.cpp:657: Directory "/home/gavinsco/public_html/wp-admin" is writeable by group
[Sat Jan 04 13:12:03.241124 2025] [access_compat:error] [pid 27128:tid 27138] [client 85.208.96.206:64736] AH01797: client denied by server configuration: /home/saturnst/public_html/product
[Sat Jan 04 13:12:19.860998 2025] [access_compat:error] [pid 25157:tid 25183] [client 85.208.96.210:9020] AH01797: client denied by server configuration: /home/military/public_html/start.php
[Sat Jan 04 13:12:54.382741 2025] [access_compat:error] [pid 25292:tid 25308] [client 85.208.96.211:49526] AH01797: client denied by server configuration: /home/erxgrafx/public_html/mds.php
[Sat Jan 04 13:13:03.153760 2025] [:error] [pid 25157:tid 25178] [client 209.209.8.61:59018] SoftException in Application.cpp:657: Directory "/home/gavinsco/public_html/wp-admin" is writeable by group
[Sat Jan 04 13:13:03.153847 2025] [core:error] [pid 25157:tid 25178] [client 209.209.8.61:59018] End of script output before headers: locks.php
[Sat Jan 04 13:13:03.705119 2025] [access_compat:error] [pid 27128:tid 27137] [client 185.191.171.15:30688] AH01797: client denied by server configuration: /home/saturnst/public_html/product
[Sat Jan 04 13:13:11.390254 2025] [proxy_fcgi:error] [pid 25229:tid 25242] [client 103.167.217.137:48470] AH01071: Got error 'Primary script unknown\n'
[Sat Jan 04 13:13:12.791907 2025] [core:error] [pid 25292:tid 25309] [client 156.59.198.135:8720] Caught race condition abuser. attacker: 1196, victim: 1143 open file owner: 1143, open file: /home/weareroy/public_html/images/Fox-C/Fox-US/0-bryansch/configUPH/Jump/0-tbhbaorg/CONSTRUCTION_HISTORY_files/rss.xml
[Sat Jan 04 13:13:20.639084 2025] [access_compat:error] [pid 25229:tid 25236] [client 85.208.96.203:17636] AH01797: client denied by server configuration: /home/military/public_html/rptegmfmcq.php
[Sat Jan 04 13:13:36.920628 2025] [access_compat:error] [pid 25292:tid 25306] [client 205.169.39.187:24118] AH01797: client denied by server configuration: /home/homerepa/public_html/index.php5
[Sat Jan 04 13:13:37.093254 2025] [access_compat:error] [pid 25292:tid 25306] [client 205.169.39.187:24118] AH01797: client denied by server configuration: /home/homerepa/public_html/index.phtml
[Sat Jan 04 13:13:37.809845 2025] [access_compat:error] [pid 27128:tid 27145] [client 94.102.51.98:47308] AH01797: client denied by server configuration: /home/thefoodd/public_html/wp-json
[Sat Jan 04 13:13:41.691656 2025] [access_compat:error] [pid 27128:tid 27155] [client 199.204.248.150:46656] AH01797: client denied by server configuration: /home/thefoodd/public_html/wp-cron.php
[Sat Jan 04 13:13:41.691757 2025] [access_compat:error] [pid 27128:tid 27155] [client 199.204.248.150:46656] AH01797: client denied by server configuration: /home/thefoodd/public_html/403.shtml
[Sat Jan 04 13:13:42.891434 2025] [access_compat:error] [pid 27128:tid 27145] [client 94.102.51.98:47308] AH01797: client denied by server configuration: /home/thefoodd/public_html/wp-json
[Sat Jan 04 13:13:46.953698 2025] [access_compat:error] [pid 25292:tid 25308] [client 205.169.39.187:27262] AH01797: client denied by server configuration: /home/homerepa/public_html/index.php5
[Sat Jan 04 13:13:46.954930 2025] [access_compat:error] [pid 25292:tid 25308] [client 205.169.39.187:27262] AH01797: client denied by server configuration: /home/homerepa/public_html/index.phtml
[Sat Jan 04 13:13:57.668576 2025] [access_compat:error] [pid 25448:tid 25450] [client 85.208.96.206:24702] AH01797: client denied by server configuration: /home/erxgrafx/public_html/mds.php
[Sat Jan 04 13:14:02.544026 2025] [:error] [pid 25229:tid 25253] [client 209.209.8.61:60164] SoftException in Application.cpp:657: Directory "/home/gavinsco/public_html/wp-admin" is writeable by group
[Sat Jan 04 13:14:02.544114 2025] [core:error] [pid 25229:tid 25253] [client 209.209.8.61:60164] End of script output before headers: locks.php
[Sat Jan 04 13:14:04.286705 2025] [access_compat:error] [pid 25261:tid 25275] [client 185.191.171.17:36124] AH01797: client denied by server configuration: /home/saturnst/public_html/product
[Sat Jan 04 13:14:14.246664 2025] [access_compat:error] [pid 25448:tid 25470] [client 89.248.163.130:55022] AH01797: client denied by server configuration: /home/thefoodd/public_html/wp-json
[Sat Jan 04 13:14:20.735866 2025] [core:crit] [pid 27128:tid 27142] (13)Permission denied: [client 51.222.253.2:21082] AH00529: /home/ksmanual/public_html/komline.co.uk-hacked/WdBvT/configMPW/Jump/0-casadees/cgi-bin__ab49a3f/.htaccess pcfg_openfile: unable to check htaccess file, ensure it is readable and that '/home/ksmanual/public_html/komline.co.uk-hacked/WdBvT/configMPW/Jump/0-casadees/cgi-bin__ab49a3f/' is executable
[Sat Jan 04 13:14:20.736339 2025] [core:crit] [pid 27128:tid 27142] (13)Permission denied: [client 51.222.253.2:21082] AH00529: /home/ksmanual/public_html/komline.co.uk-hacked/WdBvT/configMPW/Jump/0-casadees/wp-admin__ab49a3f/.htaccess pcfg_openfile: unable to check htaccess file, ensure it is readable and that '/home/ksmanual/public_html/komline.co.uk-hacked/WdBvT/configMPW/Jump/0-casadees/wp-admin__ab49a3f/' is executable
[Sat Jan 04 13:14:20.736385 2025] [core:crit] [pid 27128:tid 27142] (13)Permission denied: [client 51.222.253.2:21082] AH00529: /home/ksmanual/public_html/komline.co.uk-hacked/WdBvT/configMPW/Jump/0-casadees/scripts__ab49a3f/.htaccess pcfg_openfile: unable to check htaccess file, ensure it is readable and that '/home/ksmanual/public_html/komline.co.uk-hacked/WdBvT/configMPW/Jump/0-casadees/scripts__ab49a3f/' is executable
[Sat Jan 04 13:14:20.736424 2025] [core:crit] [pid 27128:tid 27142] (13)Permission denied: [client 51.222.253.2:21082] AH00529: /home/ksmanual/public_html/komline.co.uk-hacked/WdBvT/configMPW/Jump/0-casadees/css__ab49a3f/.htaccess pcfg_openfile: unable to check htaccess file, ensure it is readable and that '/home/ksmanual/public_html/komline.co.uk-hacked/WdBvT/configMPW/Jump/0-casadees/css__ab49a3f/' is executable
[Sat Jan 04 13:14:20.736464 2025] [core:crit] [pid 27128:tid 27142] (13)Permission denied: [client 51.222.253.2:21082] AH00529: /home/ksmanual/public_html/komline.co.uk-hacked/WdBvT/configMPW/Jump/0-casadees/_images__ab49a3f/.htaccess pcfg_openfile: unable to check htaccess file, ensure it is readable and that '/home/ksmanual/public_html/komline.co.uk-hacked/WdBvT/configMPW/Jump/0-casadees/_images__ab49a3f/' is executable
[Sat Jan 04 13:14:20.736594 2025] [core:crit] [pid 27128:tid 27142] (13)Permission denied: [client 51.222.253.2:21082] AH00529: /home/ksmanual/public_html/komline.co.uk-hacked/WdBvT/configMPW/Jump/0-casadees/wp-content__ab49a3f/.htaccess pcfg_openfile: unable to check htaccess file, ensure it is readable and that '/home/ksmanual/public_html/komline.co.uk-hacked/WdBvT/configMPW/Jump/0-casadees/wp-content__ab49a3f/' is executable
[Sat Jan 04 13:14:20.736730 2025] [core:crit] [pid 27128:tid 27142] (13)Permission denied: [client 51.222.253.2:21082] AH00529: /home/ksmanual/public_html/komline.co.uk-hacked/WdBvT/configMPW/Jump/0-casadees/4mgxxa0is__ab49a3f/.htaccess pcfg_openfile: unable to check htaccess file, ensure it is readable and that '/home/ksmanual/public_html/komline.co.uk-hacked/WdBvT/configMPW/Jump/0-casadees/4mgxxa0is__ab49a3f/' is executable
[Sat Jan 04 13:14:20.736780 2025] [core:crit] [pid 27128:tid 27142] (13)Permission denied: [client 51.222.253.2:21082] AH00529: /home/ksmanual/public_html/komline.co.uk-hacked/WdBvT/configMPW/Jump/0-casadees/wp-include__ab49a3f/.htaccess pcfg_openfile: unable to check htaccess file, ensure it is readable and that '/home/ksmanual/public_html/komline.co.uk-hacked/WdBvT/configMPW/Jump/0-casadees/wp-include__ab49a3f/' is executable
[Sat Jan 04 13:14:20.736814 2025] [core:crit] [pid 27128:tid 27142] (13)Permission denied: [client 51.222.253.2:21082] AH00529: /home/ksmanual/public_html/komline.co.uk-hacked/WdBvT/configMPW/Jump/0-casadees/well-known__ab49a3f/.htaccess pcfg_openfile: unable to check htaccess file, ensure it is readable and that '/home/ksmanual/public_html/komline.co.uk-hacked/WdBvT/configMPW/Jump/0-casadees/well-known__ab49a3f/' is executable
[Sat Jan 04 13:14:20.736955 2025] [core:crit] [pid 27128:tid 27142] (13)Permission denied: [client 51.222.253.2:21082] AH00529: /home/ksmanual/public_html/komline.co.uk-hacked/WdBvT/configMPW/Jump/0-casadees/IlV9X8fRAyi__ab49a3f/.htaccess pcfg_openfile: unable to check htaccess file, ensure it is readable and that '/home/ksmanual/public_html/komline.co.uk-hacked/WdBvT/configMPW/Jump/0-casadees/IlV9X8fRAyi__ab49a3f/' is executable
[Sat Jan 04 13:14:20.737048 2025] [core:crit] [pid 27128:tid 27142] (13)Permission denied: [client 51.222.253.2:21082] AH00529: /home/ksmanual/public_html/komline.co.uk-hacked/WdBvT/configMPW/Jump/0-casadees/content__ab49a3f/.htaccess pcfg_openfile: unable to check htaccess file, ensure it is readable and that '/home/ksmanual/public_html/komline.co.uk-hacked/WdBvT/configMPW/Jump/0-casadees/content__ab49a3f/' is executable
[Sat Jan 04 13:14:20.737186 2025] [core:crit] [pid 27128:tid 27142] (13)Permission denied: [client 51.222.253.2:21082] AH00529: /home/ksmanual/public_html/komline.co.uk-hacked/WdBvT/configMPW/Jump/0-casadees/assets__ab49a3f/.htaccess pcfg_openfile: unable to check htaccess file, ensure it is readable and that '/home/ksmanual/public_html/komline.co.uk-hacked/WdBvT/configMPW/Jump/0-casadees/assets__ab49a3f/' is executable
[Sat Jan 04 13:14:20.737280 2025] [core:crit] [pid 27128:tid 27142] (13)Permission denied: [client 51.222.253.2:21082] AH00529: /home/ksmanual/public_html/komline.co.uk-hacked/WdBvT/configMPW/Jump/0-casadees/wp-includes__ab49a3f/.htaccess pcfg_openfile: unable to check htaccess file, ensure it is readable and that '/home/ksmanual/public_html/komline.co.uk-hacked/WdBvT/configMPW/Jump/0-casadees/wp-includes__ab49a3f/' is executable
[Sat Jan 04 13:14:20.737815 2025] [core:crit] [pid 27128:tid 27142] (13)Permission denied: [client 51.222.253.2:21082] AH00529: /home/ksmanual/public_html/komline.co.uk-hacked/WdBvT/configMPW/Jump/0-casadees/phone__ab49a3f/.htaccess pcfg_openfile: unable to check htaccess file, ensure it is readable and that '/home/ksmanual/public_html/komline.co.uk-hacked/WdBvT/configMPW/Jump/0-casadees/phone__ab49a3f/' is executable
[Sat Jan 04 13:14:20.737909 2025] [core:crit] [pid 27128:tid 27142] (13)Permission denied: [client 51.222.253.2:21082] AH00529: /home/ksmanual/public_html/komline.co.uk-hacked/WdBvT/configMPW/Jump/0-casadees/images__ab49a3f/.htaccess pcfg_openfile: unable to check htaccess file, ensure it is readable and that '/home/ksmanual/public_html/komline.co.uk-hacked/WdBvT/configMPW/Jump/0-casadees/images__ab49a3f/' is executable
[Sat Jan 04 13:14:21.145558 2025] [access_compat:error] [pid 25261:tid 25281] [client 185.191.171.16:8020] AH01797: client denied by server configuration: /home/military/public_html/rptegmfmcq.php
[Sat Jan 04 13:15:00.188505 2025] [access_compat:error] [pid 25292:tid 25311] [client 85.208.96.206:48596] AH01797: client denied by server configuration: /home/erxgrafx/public_html/mds.php
[Sat Jan 04 13:15:02.651461 2025] [:error] [pid 25229:tid 25238] [client 209.209.8.61:33892] SoftException in Application.cpp:657: Directory "/home/gavinsco/public_html/wp-admin" is writeable by group
[Sat Jan 04 13:15:02.651582 2025] [core:error] [pid 25229:tid 25238] [client 209.209.8.61:33892] End of script output before headers: locks.php
[Sat Jan 04 13:15:05.053915 2025] [access_compat:error] [pid 25229:tid 25242] [client 85.208.96.197:31836] AH01797: client denied by server configuration: /home/saturnst/public_html/product
[Sat Jan 04 13:15:21.383159 2025] [access_compat:error] [pid 25229:tid 25251] [client 85.208.96.198:4630] AH01797: client denied by server configuration: /home/military/public_html/start.php
[Sat Jan 04 13:15:29.315341 2025] [:error] [pid 25292:tid 25302] [client 13.48.178.37:64826] File does not exist: /home/grimoire/public_html/yogadance.us/index.php
[Sat Jan 04 13:15:29.315596 2025] [:error] [pid 25292:tid 25302] [client 13.48.178.37:64826] File does not exist: /home/grimoire/public_html/yogadance.us/index.php
[Sat Jan 04 13:15:29.316409 2025] [:error] [pid 25229:tid 25250] [client 13.48.178.37:64827] File does not exist: /home/grimoire/public_html/yogadance.us/index.php
[Sat Jan 04 13:15:29.316593 2025] [:error] [pid 25229:tid 25250] [client 13.48.178.37:64827] File does not exist: /home/grimoire/public_html/yogadance.us/index.php
[Sat Jan 04 13:15:29.354076 2025] [:error] [pid 27128:tid 27145] [client 13.48.178.37:49404] File does not exist: /home/grimoire/public_html/yogadance.us/index.php
[Sat Jan 04 13:15:29.354864 2025] [:error] [pid 27128:tid 27145] [client 13.48.178.37:49404] File does not exist: /home/grimoire/public_html/yogadance.us/index.php
[Sat Jan 04 13:15:29.777698 2025] [:error] [pid 25229:tid 25250] [client 13.48.178.37:64827] File does not exist: /home/grimoire/public_html/yogadance.us/index.php
[Sat Jan 04 13:15:29.777912 2025] [:error] [pid 25229:tid 25250] [client 13.48.178.37:64827] File does not exist: /home/grimoire/public_html/yogadance.us/index.php
[Sat Jan 04 13:15:29.841905 2025] [:error] [pid 27128:tid 27145] [client 13.48.178.37:49404] File does not exist: /home/grimoire/public_html/yogadance.us/index.php
[Sat Jan 04 13:15:29.844011 2025] [:error] [pid 27128:tid 27145] [client 13.48.178.37:49404] File does not exist: /home/grimoire/public_html/yogadance.us/index.php
[Sat Jan 04 13:15:29.901154 2025] [:error] [pid 25292:tid 25302] [client 13.48.178.37:64826] File does not exist: /home/grimoire/public_html/yogadance.us/index.php
[Sat Jan 04 13:15:29.901850 2025] [:error] [pid 25292:tid 25302] [client 13.48.178.37:64826] File does not exist: /home/grimoire/public_html/yogadance.us/index.php
[Sat Jan 04 13:15:29.984599 2025] [:error] [pid 27128:tid 27145] [client 13.48.178.37:49404] File does not exist: /home/grimoire/public_html/yogadance.us/index.php
[Sat Jan 04 13:15:29.984988 2025] [:error] [pid 27128:tid 27145] [client 13.48.178.37:49404] File does not exist: /home/grimoire/public_html/yogadance.us/index.php
[Sat Jan 04 13:15:29.994284 2025] [:error] [pid 25229:tid 25250] [client 13.48.178.37:64827] File does not exist: /home/grimoire/public_html/yogadance.us/index.php
[Sat Jan 04 13:15:30.014736 2025] [:error] [pid 25229:tid 25250] [client 13.48.178.37:64827] File does not exist: /home/grimoire/public_html/yogadance.us/index.php
[Sat Jan 04 13:15:30.036600 2025] [:error] [pid 25292:tid 25302] [client 13.48.178.37:64826] File does not exist: /home/grimoire/public_html/yogadance.us/index.php
[Sat Jan 04 13:15:30.036815 2025] [:error] [pid 25292:tid 25302] [client 13.48.178.37:64826] File does not exist: /home/grimoire/public_html/yogadance.us/index.php
[Sat Jan 04 13:15:30.199276 2025] [:error] [pid 25229:tid 25250] [client 13.48.178.37:64827] File does not exist: /home/grimoire/public_html/yogadance.us/index.php
[Sat Jan 04 13:15:30.199487 2025] [:error] [pid 25229:tid 25250] [client 13.48.178.37:64827] File does not exist: /home/grimoire/public_html/yogadance.us/index.php
[Sat Jan 04 13:15:30.218087 2025] [proxy:error] [pid 25229:tid 25240] (111)Connection refused: AH00957: http: attempt to connect to 127.0.0.1:2079 (127.0.0.1:2079) failed
[Sat Jan 04 13:15:30.219873 2025] [proxy_http:error] [pid 25229:tid 25240] [client 45.148.10.236:49078] AH01114: HTTP: failed to make connection to backend: 127.0.0.1
[Sat Jan 04 13:15:30.220223 2025] [proxy:error] [pid 25229:tid 25240] (111)Connection refused: AH00957: http: attempt to connect to 127.0.0.1:2079 (127.0.0.1:2079) failed
[Sat Jan 04 13:15:30.220267 2025] [proxy_http:error] [pid 25229:tid 25240] [client 45.148.10.236:49078] AH01114: HTTP: failed to make connection to backend: 127.0.0.1
[Sat Jan 04 13:15:30.226072 2025] [:error] [pid 25292:tid 25302] [client 13.48.178.37:64826] File does not exist: /home/grimoire/public_html/yogadance.us/index.php
[Sat Jan 04 13:15:30.227088 2025] [:error] [pid 25292:tid 25302] [client 13.48.178.37:64826] File does not exist: /home/grimoire/public_html/yogadance.us/index.php
[Sat Jan 04 13:15:30.324177 2025] [proxy:error] [pid 27128:tid 27155] (111)Connection refused: AH00957: http: attempt to connect to 127.0.0.1:2079 (127.0.0.1:2079) failed
[Sat Jan 04 13:15:30.324399 2025] [proxy_http:error] [pid 27128:tid 27155] [client 45.148.10.236:49092] AH01114: HTTP: failed to make connection to backend: 127.0.0.1
[Sat Jan 04 13:15:30.324858 2025] [proxy:error] [pid 27128:tid 27155] (111)Connection refused: AH00957: http: attempt to connect to 127.0.0.1:2079 (127.0.0.1:2079) failed
[Sat Jan 04 13:15:30.324916 2025] [proxy_http:error] [pid 27128:tid 27155] [client 45.148.10.236:49092] AH01114: HTTP: failed to make connection to backend: 127.0.0.1
[Sat Jan 04 13:15:30.354218 2025] [:error] [pid 25292:tid 25302] [client 13.48.178.37:64826] File does not exist: /home/grimoire/public_html/yogadance.us/index.php
[Sat Jan 04 13:15:30.354420 2025] [:error] [pid 25292:tid 25302] [client 13.48.178.37:64826] File does not exist: /home/grimoire/public_html/yogadance.us/index.php
[Sat Jan 04 13:15:30.384249 2025] [:error] [pid 27128:tid 27145] [client 13.48.178.37:49404] File does not exist: /home/grimoire/public_html/yogadance.us/index.php
[Sat Jan 04 13:15:30.384442 2025] [:error] [pid 27128:tid 27145] [client 13.48.178.37:49404] File does not exist: /home/grimoire/public_html/yogadance.us/index.php
[Sat Jan 04 13:15:30.407355 2025] [:error] [pid 25229:tid 25250] [client 13.48.178.37:64827] File does not exist: /home/grimoire/public_html/yogadance.us/index.php
[Sat Jan 04 13:15:30.407523 2025] [:error] [pid 25229:tid 25250] [client 13.48.178.37:64827] File does not exist: /home/grimoire/public_html/yogadance.us/index.php
[Sat Jan 04 13:15:30.470023 2025] [:error] [pid 25292:tid 25302] [client 13.48.178.37:64826] File does not exist: /home/grimoire/public_html/yogadance.us/index.php
[Sat Jan 04 13:15:30.470328 2025] [:error] [pid 25292:tid 25302] [client 13.48.178.37:64826] File does not exist: /home/grimoire/public_html/yogadance.us/index.php
[Sat Jan 04 13:15:30.714588 2025] [:error] [pid 27128:tid 27145] [client 13.48.178.37:49404] File does not exist: /home/grimoire/public_html/yogadance.us/index.php
[Sat Jan 04 13:15:30.714817 2025] [:error] [pid 27128:tid 27145] [client 13.48.178.37:49404] File does not exist: /home/grimoire/public_html/yogadance.us/index.php
[Sat Jan 04 13:15:30.750562 2025] [:error] [pid 25292:tid 25302] [client 13.48.178.37:64826] File does not exist: /home/grimoire/public_html/yogadance.us/index.php
[Sat Jan 04 13:15:30.751175 2025] [:error] [pid 25292:tid 25302] [client 13.48.178.37:64826] File does not exist: /home/grimoire/public_html/yogadance.us/index.php
[Sat Jan 04 13:15:30.810335 2025] [:error] [pid 25229:tid 25250] [client 13.48.178.37:64827] File does not exist: /home/grimoire/public_html/yogadance.us/index.php
[Sat Jan 04 13:15:30.810496 2025] [:error] [pid 25229:tid 25250] [client 13.48.178.37:64827] File does not exist: /home/grimoire/public_html/yogadance.us/index.php
[Sat Jan 04 13:15:30.853009 2025] [:error] [pid 27128:tid 27145] [client 13.48.178.37:49404] File does not exist: /home/grimoire/public_html/yogadance.us/index.php
[Sat Jan 04 13:15:30.853264 2025] [:error] [pid 27128:tid 27145] [client 13.48.178.37:49404] File does not exist: /home/grimoire/public_html/yogadance.us/index.php
