Executing in an invalid environment for the supplied user at /usr/local/cpanel/Cpanel/CGI/NoForm.pm line 157.
[Sat Jan 04 12:28:38.195194 2025] [access_compat:error] [pid 25292:tid 25313] [client 85.208.96.210:30516] AH01797: client denied by server configuration: /home/saturnst/public_html/product
[Sat Jan 04 12:28:39.404275 2025] [:error] [pid 25261:tid 25285] [client 45.227.255.158:57130] File does not exist: /home/sonsofdo/public_html/janesomers.co.uk/adminer.php
[Sat Jan 04 12:28:52.975226 2025] [access_compat:error] [pid 25448:tid 25455] [client 94.102.51.98:43920] AH01797: client denied by server configuration: /home/thefoodd/public_html/wp-json
[Sat Jan 04 12:28:55.576007 2025] [access_compat:error] [pid 25448:tid 25466] [client 199.204.248.150:41872] AH01797: client denied by server configuration: /home/thefoodd/public_html/wp-cron.php
[Sat Jan 04 12:28:55.576092 2025] [access_compat:error] [pid 25448:tid 25466] [client 199.204.248.150:41872] AH01797: client denied by server configuration: /home/thefoodd/public_html/403.shtml
[Sat Jan 04 12:28:55.800459 2025] [access_compat:error] [pid 25448:tid 25455] [client 94.102.51.98:43920] AH01797: client denied by server configuration: /home/thefoodd/public_html/wp-json
[Sat Jan 04 12:28:58.705390 2025] [access_compat:error] [pid 25448:tid 25455] [client 94.102.51.98:43920] AH01797: client denied by server configuration: /home/thefoodd/public_html/wp-json
[Sat Jan 04 12:29:01.430728 2025] [access_compat:error] [pid 25448:tid 25455] [client 94.102.51.98:43920] AH01797: client denied by server configuration: /home/thefoodd/public_html/wp-json
[Sat Jan 04 12:29:03.065886 2025] [access_compat:error] [pid 25229:tid 25239] [client 114.119.136.92:27461] AH01797: client denied by server configuration: /home/olshsdco/public_html/wp-admin/mb.php, referer: http://www.olshsd.com/wp-admin/mb.php?dir=/home/olshsdco/public_html
[Sat Jan 04 12:29:03.380556 2025] [:error] [pid 25448:tid 25457] [client 209.209.8.61:46414] SoftException in Application.cpp:657: Directory "/home/gavinsco/public_html/wp-admin" is writeable by group
[Sat Jan 04 12:29:03.380639 2025] [core:error] [pid 25448:tid 25457] [client 209.209.8.61:46414] End of script output before headers: locks.php
[Sat Jan 04 12:29:05.127414 2025] [access_compat:error] [pid 25448:tid 25455] [client 94.102.51.98:43920] AH01797: client denied by server configuration: /home/thefoodd/public_html/wp-json
[Sat Jan 04 12:29:08.189822 2025] [access_compat:error] [pid 25448:tid 25455] [client 94.102.51.98:43920] AH01797: client denied by server configuration: /home/thefoodd/public_html/wp-json
[Sat Jan 04 12:29:11.519112 2025] [access_compat:error] [pid 25448:tid 25455] [client 94.102.51.98:43920] AH01797: client denied by server configuration: /home/thefoodd/public_html/wp-json
[Sat Jan 04 12:29:14.159262 2025] [access_compat:error] [pid 25448:tid 25455] [client 94.102.51.98:43920] AH01797: client denied by server configuration: /home/thefoodd/public_html/wp-json
[Sat Jan 04 12:29:26.595638 2025] [access_compat:error] [pid 25157:tid 25174] [client 85.208.96.199:47498] AH01797: client denied by server configuration: /home/erxgrafx/public_html/mds.php
[Sat Jan 04 12:29:28.247800 2025] [core:error] [pid 25229:tid 25250] [client 114.119.138.250:55267] AH00124: Request exceeded the limit of 10 internal redirects due to probable configuration error. Use 'LimitInternalRecursion' to increase the limit if necessary. Use 'LogLevel debug' to get a backtrace., referer: http://impactmedfoundation.com/info/
[Sat Jan 04 12:29:28.247924 2025] [core:error] [pid 25229:tid 25250] [client 114.119.138.250:55267] AH00124: Request exceeded the limit of 10 internal redirects due to probable configuration error. Use 'LimitInternalRecursion' to increase the limit if necessary. Use 'LogLevel debug' to get a backtrace., referer: http://impactmedfoundation.com/info/
[Sat Jan 04 12:29:33.006217 2025] [ssl:error] [pid 25261:tid 25287] [client 206.168.34.122:35324] AH02032: Hostname pintobooks.com provided via SNI and hostname 199.204.248.150 provided via HTTP have no compatible SSL setup
[Sat Jan 04 12:29:38.561914 2025] [access_compat:error] [pid 25157:tid 25161] [client 85.208.96.198:43512] AH01797: client denied by server configuration: /home/saturnst/public_html/product
[Sat Jan 04 12:29:54.319601 2025] [access_compat:error] [pid 25157:tid 25159] [client 185.191.171.5:44662] AH01797: client denied by server configuration: /home/military/public_html/rptegmfmcq.php
[Sat Jan 04 12:30:03.139617 2025] [:error] [pid 27128:tid 27135] [client 209.209.8.61:48396] SoftException in Application.cpp:657: Directory "/home/gavinsco/public_html/wp-admin" is writeable by group
[Sat Jan 04 12:30:03.139869 2025] [core:error] [pid 27128:tid 27135] [client 209.209.8.61:48396] End of script output before headers: locks.php
[Sat Jan 04 12:30:24.899636 2025] [access_compat:error] [pid 25292:tid 25306] [client 147.78.47.38:42998] AH01797: client denied by server configuration: /home/military/public_html/index.php, referer: http://www.ussfiredrake.com/index.php/jk
[Sat Jan 04 12:30:26.545353 2025] [access_compat:error] [pid 27128:tid 27147] [client 89.248.163.130:48608] AH01797: client denied by server configuration: /home/thefoodd/public_html/wp-json
[Sat Jan 04 12:30:28.260606 2025] [access_compat:error] [pid 25448:tid 25462] [client 185.191.171.12:16426] AH01797: client denied by server configuration: /home/erxgrafx/public_html/mds.php
[Sat Jan 04 12:30:31.450287 2025] [access_compat:error] [pid 25157:tid 25163] [client 199.204.248.150:55092] AH01797: client denied by server configuration: /home/thefoodd/public_html/wp-cron.php
[Sat Jan 04 12:30:31.450372 2025] [access_compat:error] [pid 25157:tid 25163] [client 199.204.248.150:55092] AH01797: client denied by server configuration: /home/thefoodd/public_html/403.shtml
[Sat Jan 04 12:30:38.771907 2025] [access_compat:error] [pid 25229:tid 25238] [client 185.191.171.3:7044] AH01797: client denied by server configuration: /home/saturnst/public_html/product
[Sat Jan 04 12:30:54.557674 2025] [access_compat:error] [pid 25261:tid 25274] [client 185.191.171.7:24240] AH01797: client denied by server configuration: /home/military/public_html/start.php
[Sat Jan 04 12:31:02.241737 2025] [ssl:error] [pid 27128:tid 27144] [client 206.168.34.193:43392] AH02032: Hostname cpcontacts.sseltzer.com provided via SNI and hostname 199.204.248.150 provided via HTTP have no compatible SSL setup
[Sat Jan 04 12:31:02.818838 2025] [:error] [pid 25292:tid 25313] [client 209.209.8.61:50304] SoftException in Application.cpp:657: Directory "/home/gavinsco/public_html/wp-admin" is writeable by group
[Sat Jan 04 12:31:02.818921 2025] [core:error] [pid 25292:tid 25313] [client 209.209.8.61:50304] End of script output before headers: locks.php
[Sat Jan 04 12:31:11.295253 2025] [core:notice] [pid 25157:tid 25160] AH00113: /home/soflafcp/.htaccess:66 cannot use a full URL in a 401 ErrorDocument directive --- ignoring!
[Sat Jan 04 12:31:11.734138 2025] [proxy:error] [pid 25229:tid 25242] (111)Connection refused: AH00957: http: attempt to connect to 127.0.0.1:2079 (127.0.0.1:2079) failed
[Sat Jan 04 12:31:11.734872 2025] [proxy_http:error] [pid 25229:tid 25242] [client 206.168.34.193:48392] AH01114: HTTP: failed to make connection to backend: 127.0.0.1
[Sat Jan 04 12:31:11.735506 2025] [proxy:error] [pid 25229:tid 25242] (111)Connection refused: AH00957: http: attempt to connect to 127.0.0.1:2079 (127.0.0.1:2079) failed
[Sat Jan 04 12:31:11.735580 2025] [proxy_http:error] [pid 25229:tid 25242] [client 206.168.34.193:48392] AH01114: HTTP: failed to make connection to backend: 127.0.0.1
[Sat Jan 04 12:31:29.760255 2025] [access_compat:error] [pid 25229:tid 25246] [client 85.208.96.195:19288] AH01797: client denied by server configuration: /home/erxgrafx/public_html/mds.php
[Sat Jan 04 12:31:35.259961 2025] [access_compat:error] [pid 25292:tid 25311] [client 47.128.27.140:63644] AH01797: client denied by server configuration: /home/saturnst/public_html/jp
[Sat Jan 04 12:31:35.675318 2025] [access_compat:error] [pid 25448:tid 25774] [client 114.119.149.118:50375] AH01797: client denied by server configuration: /home/olshsdco/public_html/wp-admin/mb.php, referer: http://www.olshsd.com/wp-admin/mb.php?dir=/home/olshsdco/cache
[Sat Jan 04 12:31:38.934632 2025] [access_compat:error] [pid 25448:tid 25452] [client 185.191.171.17:19316] AH01797: client denied by server configuration: /home/saturnst/public_html/product
[Sat Jan 04 12:31:55.680750 2025] [access_compat:error] [pid 25261:tid 25263] [client 185.191.171.15:34536] AH01797: client denied by server configuration: /home/military/public_html/rptegmfmcq.php
[Sat Jan 04 12:32:02.826554 2025] [:error] [pid 25157:tid 25166] [client 209.209.8.61:51628] SoftException in Application.cpp:657: Directory "/home/gavinsco/public_html/wp-admin" is writeable by group
[Sat Jan 04 12:32:02.837113 2025] [core:error] [pid 25157:tid 25166] [client 209.209.8.61:51628] End of script output before headers: locks.php
[Sat Jan 04 12:32:06.091888 2025] [proxy_fcgi:error] [pid 27128:tid 27154] [client 150.136.222.122:64296] AH01071: Got error 'Primary script unknown\n'
[Sat Jan 04 12:32:07.067966 2025] [proxy_fcgi:error] [pid 27128:tid 27154] [client 150.136.222.122:64296] AH01071: Got error 'Primary script unknown\n'
[Sat Jan 04 12:32:07.364140 2025] [proxy_fcgi:error] [pid 27128:tid 27154] [client 150.136.222.122:64296] AH01071: Got error 'Primary script unknown\n'
[Sat Jan 04 12:32:08.258006 2025] [proxy_fcgi:error] [pid 27128:tid 27154] [client 150.136.222.122:64296] AH01071: Got error 'Primary script unknown\n'
[Sat Jan 04 12:32:08.847656 2025] [proxy_fcgi:error] [pid 27128:tid 27154] [client 150.136.222.122:64296] AH01071: Got error 'Primary script unknown\n'
[Sat Jan 04 12:32:09.360963 2025] [proxy_fcgi:error] [pid 27128:tid 27154] [client 150.136.222.122:64296] AH01071: Got error 'Primary script unknown\n'
[Sat Jan 04 12:32:10.284109 2025] [access_compat:error] [pid 27128:tid 27154] [client 150.136.222.122:64296] AH01797: client denied by server configuration: /home/aaronleh/public_html/.well-known/acme-challenge/cloud.php
[Sat Jan 04 12:32:10.492347 2025] [proxy_fcgi:error] [pid 27128:tid 27154] [client 150.136.222.122:64296] AH01071: Got error 'Primary script unknown\n'
[Sat Jan 04 12:32:10.699825 2025] [access_compat:error] [pid 27128:tid 27154] [client 150.136.222.122:64296] AH01797: client denied by server configuration: /home/aaronleh/public_html/cgi-bin/cloud.php
[Sat Jan 04 12:32:10.862320 2025] [proxy_fcgi:error] [pid 27128:tid 27154] [client 150.136.222.122:64296] AH01071: Got error 'Primary script unknown\n'
[Sat Jan 04 12:32:10.889783 2025] [access_compat:error] [pid 27128:tid 27154] [client 150.136.222.122:64296] AH01797: client denied by server configuration: /home/aaronleh/public_html/images/cloud.php
[Sat Jan 04 12:32:11.053564 2025] [proxy_fcgi:error] [pid 27128:tid 27154] [client 150.136.222.122:64296] AH01071: Got error 'Primary script unknown\n'
[Sat Jan 04 12:32:11.140131 2025] [proxy_fcgi:error] [pid 27128:tid 27154] [client 150.136.222.122:64296] AH01071: Got error 'Primary script unknown\n'
[Sat Jan 04 12:32:11.171954 2025] [proxy_fcgi:error] [pid 27128:tid 27154] [client 150.136.222.122:64296] AH01071: Got error 'Primary script unknown\n'
[Sat Jan 04 12:32:11.266669 2025] [proxy_fcgi:error] [pid 27128:tid 27154] [client 150.136.222.122:64296] AH01071: Got error 'Primary script unknown\n'
[Sat Jan 04 12:32:11.493552 2025] [proxy_fcgi:error] [pid 27128:tid 27154] [client 150.136.222.122:64296] AH01071: Got error 'Primary script unknown\n'
[Sat Jan 04 12:32:11.525445 2025] [proxy_fcgi:error] [pid 27128:tid 27154] [client 150.136.222.122:64296] AH01071: Got error 'Primary script unknown\n'
[Sat Jan 04 12:32:11.646350 2025] [proxy_fcgi:error] [pid 27128:tid 27154] [client 150.136.222.122:64296] AH01071: Got error 'Primary script unknown\n'
[Sat Jan 04 12:32:12.382756 2025] [proxy_fcgi:error] [pid 27128:tid 27154] [client 150.136.222.122:64296] AH01071: Got error 'Primary script unknown\n'
[Sat Jan 04 12:32:12.424438 2025] [proxy_fcgi:error] [pid 27128:tid 27154] [client 150.136.222.122:64296] AH01071: Got error 'Primary script unknown\n'
[Sat Jan 04 12:32:12.447555 2025] [proxy_fcgi:error] [pid 27128:tid 27154] [client 150.136.222.122:64296] AH01071: Got error 'Primary script unknown\n'
[Sat Jan 04 12:32:12.478325 2025] [proxy_fcgi:error] [pid 27128:tid 27154] [client 150.136.222.122:64296] AH01071: Got error 'Primary script unknown\n'
[Sat Jan 04 12:32:12.601938 2025] [proxy_fcgi:error] [pid 27128:tid 27154] [client 150.136.222.122:64296] AH01071: Got error 'Primary script unknown\n'
[Sat Jan 04 12:32:12.663323 2025] [proxy_fcgi:error] [pid 27128:tid 27154] [client 150.136.222.122:64296] AH01071: Got error 'Primary script unknown\n'
[Sat Jan 04 12:32:12.688559 2025] [proxy_fcgi:error] [pid 27128:tid 27154] [client 150.136.222.122:64296] AH01071: Got error 'Primary script unknown\n'
[Sat Jan 04 12:32:12.786873 2025] [proxy_fcgi:error] [pid 27128:tid 27154] [client 150.136.222.122:64296] AH01071: Got error 'Primary script unknown\n'
[Sat Jan 04 12:32:12.796535 2025] [authz_core:error] [pid 25229:tid 25254] [client 205.169.39.94:51065] AH01630: client denied by server configuration: /home/ratmotoc/public_html/php.ini
[Sat Jan 04 12:32:12.823536 2025] [authz_core:error] [pid 25229:tid 25254] [client 205.169.39.94:51065] AH01630: client denied by server configuration: /home/ratmotoc/public_html/error_log
[Sat Jan 04 12:32:12.841972 2025] [proxy_fcgi:error] [pid 27128:tid 27154] [client 150.136.222.122:64296] AH01071: Got error 'Primary script unknown\n'
[Sat Jan 04 12:32:12.860211 2025] [proxy_fcgi:error] [pid 27128:tid 27154] [client 150.136.222.122:64296] AH01071: Got error 'Primary script unknown\n'
[Sat Jan 04 12:32:12.907688 2025] [proxy_fcgi:error] [pid 27128:tid 27154] [client 150.136.222.122:64296] AH01071: Got error 'Primary script unknown\n'
[Sat Jan 04 12:32:13.032888 2025] [proxy_fcgi:error] [pid 27128:tid 27154] [client 150.136.222.122:64296] AH01071: Got error 'Primary script unknown\n'
[Sat Jan 04 12:32:13.067300 2025] [proxy_fcgi:error] [pid 27128:tid 27154] [client 150.136.222.122:64296] AH01071: Got error 'Primary script unknown\n'
[Sat Jan 04 12:32:13.092923 2025] [access_compat:error] [pid 27128:tid 27154] [client 150.136.222.122:64296] AH01797: client denied by server configuration: /home/aaronleh/public_html/.well-known/acme-challenge/cloud.php
[Sat Jan 04 12:32:13.404555 2025] [proxy_fcgi:error] [pid 25261:tid 25265] [client 150.136.222.122:56236] AH01071: Got error 'Primary script unknown\n'
[Sat Jan 04 12:32:13.427228 2025] [access_compat:error] [pid 25261:tid 25265] [client 150.136.222.122:56236] AH01797: client denied by server configuration: /home/aaronleh/public_html/.well-known/acme-challenge/xmrlpc.php
[Sat Jan 04 12:32:13.480191 2025] [proxy_fcgi:error] [pid 25261:tid 25265] [client 150.136.222.122:56236] AH01071: Got error 'Primary script unknown\n'
[Sat Jan 04 12:32:13.517598 2025] [access_compat:error] [pid 25261:tid 25265] [client 150.136.222.122:56236] AH01797: client denied by server configuration: /home/aaronleh/public_html/cgi-bin/xmrlpc.php
[Sat Jan 04 12:32:13.710778 2025] [access_compat:error] [pid 25261:tid 25265] [client 150.136.222.122:56236] AH01797: client denied by server configuration: /home/aaronleh/public_html/images/xmrlpc.php
[Sat Jan 04 12:32:13.900425 2025] [proxy_fcgi:error] [pid 25261:tid 25265] [client 150.136.222.122:56236] AH01071: Got error 'Primary script unknown\n'
[Sat Jan 04 12:32:13.958573 2025] [proxy_fcgi:error] [pid 25261:tid 25265] [client 150.136.222.122:56236] AH01071: Got error 'Primary script unknown\n'
[Sat Jan 04 12:32:14.079123 2025] [proxy_fcgi:error] [pid 25261:tid 25265] [client 150.136.222.122:56236] AH01071: Got error 'Primary script unknown\n'
[Sat Jan 04 12:32:14.169540 2025] [proxy_fcgi:error] [pid 25261:tid 25265] [client 150.136.222.122:56236] AH01071: Got error 'Primary script unknown\n'
[Sat Jan 04 12:32:15.904574 2025] [authz_core:error] [pid 25261:tid 25281] [client 205.169.39.94:1672] AH01630: client denied by server configuration: /home/ratmotoc/public_html/php.ini
[Sat Jan 04 12:32:16.017645 2025] [authz_core:error] [pid 25261:tid 25281] [client 205.169.39.94:1672] AH01630: client denied by server configuration: /home/ratmotoc/public_html/error_log
[Sat Jan 04 12:32:16.586984 2025] [proxy_fcgi:error] [pid 25261:tid 25265] [client 150.136.222.122:56236] AH01071: Got error 'Primary script unknown\n'
[Sat Jan 04 12:32:17.097150 2025] [proxy_fcgi:error] [pid 25261:tid 25265] [client 150.136.222.122:56236] AH01071: Got error 'Primary script unknown\n'
[Sat Jan 04 12:32:17.124309 2025] [access_compat:error] [pid 25261:tid 25265] [client 150.136.222.122:56236] AH01797: client denied by server configuration: /home/aaronleh/public_html/.well-known/acme-challenge/cloud.php
[Sat Jan 04 12:32:17.192523 2025] [proxy_fcgi:error] [pid 25261:tid 25265] [client 150.136.222.122:56236] AH01071: Got error 'Primary script unknown\n'
[Sat Jan 04 12:32:17.226287 2025] [access_compat:error] [pid 25261:tid 25265] [client 150.136.222.122:56236] AH01797: client denied by server configuration: /home/aaronleh/public_html/cgi-bin/cloud.php
[Sat Jan 04 12:32:17.438239 2025] [proxy_fcgi:error] [pid 25261:tid 25265] [client 150.136.222.122:56236] AH01071: Got error 'Primary script unknown\n'
[Sat Jan 04 12:32:17.456512 2025] [access_compat:error] [pid 25261:tid 25265] [client 150.136.222.122:56236] AH01797: client denied by server configuration: /home/aaronleh/public_html/images/cloud.php
[Sat Jan 04 12:32:17.614249 2025] [proxy_fcgi:error] [pid 25261:tid 25265] [client 150.136.222.122:56236] AH01071: Got error 'Primary script unknown\n'
[Sat Jan 04 12:32:17.707512 2025] [proxy_fcgi:error] [pid 25261:tid 25265] [client 150.136.222.122:56236] AH01071: Got error 'Primary script unknown\n'
[Sat Jan 04 12:32:17.729364 2025] [proxy_fcgi:error] [pid 25261:tid 25265] [client 150.136.222.122:56236] AH01071: Got error 'Primary script unknown\n'
[Sat Jan 04 12:32:17.822761 2025] [proxy_fcgi:error] [pid 25261:tid 25265] [client 150.136.222.122:56236] AH01071: Got error 'Primary script unknown\n'
[Sat Jan 04 12:32:17.939272 2025] [proxy_fcgi:error] [pid 25261:tid 25265] [client 150.136.222.122:56236] AH01071: Got error 'Primary script unknown\n'
[Sat Jan 04 12:32:17.960444 2025] [proxy_fcgi:error] [pid 25261:tid 25265] [client 150.136.222.122:56236] AH01071: Got error 'Primary script unknown\n'
[Sat Jan 04 12:32:18.061633 2025] [proxy_fcgi:error] [pid 25261:tid 25265] [client 150.136.222.122:56236] AH01071: Got error 'Primary script unknown\n'
[Sat Jan 04 12:32:18.108116 2025] [proxy_fcgi:error] [pid 25157:tid 25167] [client 150.136.222.122:55841] AH01071: Got error 'Primary script unknown\n'
[Sat Jan 04 12:32:18.159572 2025] [proxy_fcgi:error] [pid 25157:tid 25167] [client 150.136.222.122:55841] AH01071: Got error 'Primary script unknown\n'
[Sat Jan 04 12:32:18.178687 2025] [proxy_fcgi:error] [pid 25157:tid 25167] [client 150.136.222.122:55841] AH01071: Got error 'Primary script unknown\n'
[Sat Jan 04 12:32:18.208666 2025] [proxy_fcgi:error] [pid 25157:tid 25167] [client 150.136.222.122:55841] AH01071: Got error 'Primary script unknown\n'
[Sat Jan 04 12:32:18.318662 2025] [proxy_fcgi:error] [pid 25157:tid 25167] [client 150.136.222.122:55841] AH01071: Got error 'Primary script unknown\n'
[Sat Jan 04 12:32:18.366497 2025] [proxy_fcgi:error] [pid 25157:tid 25167] [client 150.136.222.122:55841] AH01071: Got error 'Primary script unknown\n'
[Sat Jan 04 12:32:18.474215 2025] [proxy_fcgi:error] [pid 25157:tid 25167] [client 150.136.222.122:55841] AH01071: Got error 'Primary script unknown\n'
[Sat Jan 04 12:32:19.040511 2025] [proxy_fcgi:error] [pid 25157:tid 25167] [client 150.136.222.122:55841] AH01071: Got error 'Primary script unknown\n'
[Sat Jan 04 12:32:19.519508 2025] [proxy_fcgi:error] [pid 25157:tid 25167] [client 150.136.222.122:55841] AH01071: Got error 'Primary script unknown\n'
[Sat Jan 04 12:32:20.216964 2025] [access_compat:error] [pid 25157:tid 25168] [client 89.248.163.130:37700] AH01797: client denied by server configuration: /home/thefoodd/public_html/wp-json
[Sat Jan 04 12:32:20.319484 2025] [proxy_fcgi:error] [pid 25157:tid 25167] [client 150.136.222.122:55841] AH01071: Got error 'Primary script unknown\n'
[Sat Jan 04 12:32:20.353451 2025] [proxy_fcgi:error] [pid 25157:tid 25167] [client 150.136.222.122:55841] AH01071: Got error 'Primary script unknown\n'
[Sat Jan 04 12:32:20.375938 2025] [proxy_fcgi:error] [pid 25157:tid 25167] [client 150.136.222.122:55841] AH01071: Got error 'Primary script unknown\n'
[Sat Jan 04 12:32:20.422471 2025] [proxy_fcgi:error] [pid 25157:tid 25167] [client 150.136.222.122:55841] AH01071: Got error 'Primary script unknown\n'
[Sat Jan 04 12:32:20.450513 2025] [access_compat:error] [pid 25157:tid 25167] [client 150.136.222.122:55841] AH01797: client denied by server configuration: /home/aaronleh/public_html/.well-known/acme-challenge/cloud.php
[Sat Jan 04 12:32:20.726762 2025] [proxy_fcgi:error] [pid 25157:tid 25167] [client 150.136.222.122:55841] AH01071: Got error 'Primary script unknown\n'
[Sat Jan 04 12:32:20.769648 2025] [access_compat:error] [pid 25157:tid 25167] [client 150.136.222.122:55841] AH01797: client denied by server configuration: /home/aaronleh/public_html/.well-known/acme-challenge/xmrlpc.php
[Sat Jan 04 12:32:21.408699 2025] [proxy_fcgi:error] [pid 25157:tid 25167] [client 150.136.222.122:55841] AH01071: Got error 'Primary script unknown\n'
[Sat Jan 04 12:32:21.436574 2025] [access_compat:error] [pid 25157:tid 25167] [client 150.136.222.122:55841] AH01797: client denied by server configuration: /home/aaronleh/public_html/cgi-bin/xmrlpc.php
[Sat Jan 04 12:32:21.584020 2025] [access_compat:error] [pid 25157:tid 25167] [client 150.136.222.122:55841] AH01797: client denied by server configuration: /home/aaronleh/public_html/images/xmrlpc.php
[Sat Jan 04 12:32:26.435943 2025] [access_compat:error] [pid 27128:tid 27142] [client 199.204.248.150:56762] AH01797: client denied by server configuration: /home/thefoodd/public_html/wp-cron.php
[Sat Jan 04 12:32:26.436069 2025] [access_compat:error] [pid 27128:tid 27142] [client 199.204.248.150:56762] AH01797: client denied by server configuration: /home/thefoodd/public_html/403.shtml
[Sat Jan 04 12:32:26.841333 2025] [access_compat:error] [pid 25292:tid 25304] [client 66.249.66.17:57211] AH01797: client denied by server configuration: /home/saturnst/public_html/0008632213224103.html
[Sat Jan 04 12:32:30.054885 2025] [ssl:error] [pid 25157:tid 25171] [client 162.142.125.33:43686] AH02032: Hostname mail.insectsingers.com provided via SNI and hostname 199.204.248.150 provided via HTTP have no compatible SSL setup
[Sat Jan 04 12:32:30.958946 2025] [access_compat:error] [pid 25448:tid 25466] [client 185.191.171.1:42102] AH01797: client denied by server configuration: /home/erxgrafx/public_html/mds.php
[Sat Jan 04 12:32:39.135972 2025] [access_compat:error] [pid 25229:tid 25235] [client 85.208.96.198:59796] AH01797: client denied by server configuration: /home/saturnst/public_html/product
[Sat Jan 04 12:32:47.467236 2025] [core:error] [pid 27128:tid 27155] [client 40.77.167.230:63758] AH00124: Request exceeded the limit of 10 internal redirects due to probable configuration error. Use 'LimitInternalRecursion' to increase the limit if necessary. Use 'LogLevel debug' to get a backtrace.
[Sat Jan 04 12:32:47.467288 2025] [core:error] [pid 27128:tid 27155] [client 40.77.167.230:63758] AH00124: Request exceeded the limit of 10 internal redirects due to probable configuration error. Use 'LimitInternalRecursion' to increase the limit if necessary. Use 'LogLevel debug' to get a backtrace.
[Sat Jan 04 12:32:56.009278 2025] [access_compat:error] [pid 25261:tid 25269] [client 185.191.171.16:49134] AH01797: client denied by server configuration: /home/military/public_html/rptegmfmcq.php
[Sat Jan 04 12:33:00.166996 2025] [access_compat:error] [pid 25229:tid 25233] [client 216.244.66.240:48222] AH01797: client denied by server configuration: /home/ksmanual/public_html/komline.co.uk/index.php
[Sat Jan 04 12:33:00.280803 2025] [access_compat:error] [pid 25229:tid 25233] [client 216.244.66.240:48222] AH01797: client denied by server configuration: /home/ksmanual/public_html/komline.co.uk/index.php
[Sat Jan 04 12:33:02.579580 2025] [:error] [pid 25292:tid 25305] [client 209.209.8.61:52544] SoftException in Application.cpp:657: Directory "/home/gavinsco/public_html/wp-admin" is writeable by group
[Sat Jan 04 12:33:02.669618 2025] [core:error] [pid 25292:tid 25305] [client 209.209.8.61:52544] End of script output before headers: locks.php
[Sat Jan 04 12:33:07.957167 2025] [access_compat:error] [pid 25157:tid 25177] [client 66.249.66.69:38675] AH01797: client denied by server configuration: /home/olshsdco/public_html/good.php
[Sat Jan 04 12:33:17.347265 2025] [core:crit] [pid 25261:tid 25263] (13)Permission denied: [client 34.73.206.133:57835] AH00529: /home/bnnconsu/public_html/wp-setting/.htaccess pcfg_openfile: unable to check htaccess file, ensure it is readable and that '/home/bnnconsu/public_html/wp-setting/' is executable
[Sat Jan 04 12:33:18.560603 2025] [access_compat:error] [pid 25261:tid 25263] [client 34.73.206.133:57835] AH01797: client denied by server configuration: /home/bnnconsu/public_html/wp-includes/index.php
[Sat Jan 04 12:33:18.560990 2025] [access_compat:error] [pid 25261:tid 25263] [client 34.73.206.133:57835] AH01797: client denied by server configuration: /home/bnnconsu/public_html/wp-includes/index.php7
[Sat Jan 04 12:33:18.561648 2025] [access_compat:error] [pid 25261:tid 25263] [client 34.73.206.133:57835] AH01797: client denied by server configuration: /home/bnnconsu/public_html/wp-includes/index.phtml
[Sat Jan 04 12:33:18.562163 2025] [access_compat:error] [pid 25261:tid 25263] [client 34.73.206.133:57835] AH01797: client denied by server configuration: /home/bnnconsu/public_html/cache/index.php
[Sat Jan 04 12:33:18.562337 2025] [access_compat:error] [pid 25261:tid 25263] [client 34.73.206.133:57835] AH01797: client denied by server configuration: /home/bnnconsu/public_html/cache/index.php7
[Sat Jan 04 12:33:18.564423 2025] [access_compat:error] [pid 25261:tid 25263] [client 34.73.206.133:57835] AH01797: client denied by server configuration: /home/bnnconsu/public_html/cache/index.phtml
[Sat Jan 04 12:33:18.564931 2025] [core:crit] [pid 25261:tid 25263] (13)Permission denied: [client 34.73.206.133:57835] AH00529: /home/bnnconsu/public_html/wp-load/.htaccess pcfg_openfile: unable to check htaccess file, ensure it is readable and that '/home/bnnconsu/public_html/wp-load/' is executable
[Sat Jan 04 12:33:18.565149 2025] [access_compat:error] [pid 25261:tid 25263] [client 34.73.206.133:57835] AH01797: client denied by server configuration: /home/bnnconsu/public_html/srtab/index.php
[Sat Jan 04 12:33:18.565360 2025] [access_compat:error] [pid 25261:tid 25263] [client 34.73.206.133:57835] AH01797: client denied by server configuration: /home/bnnconsu/public_html/srtab/index.php7
[Sat Jan 04 12:33:18.566156 2025] [access_compat:error] [pid 25261:tid 25263] [client 34.73.206.133:57835] AH01797: client denied by server configuration: /home/bnnconsu/public_html/srtab/index.phtml
[Sat Jan 04 12:33:18.568378 2025] [authz_core:error] [pid 25261:tid 25263] [client 34.73.206.133:57835] AH01630: client denied by server configuration: /home/bnnconsu/public_html/php.ini
[Sat Jan 04 12:33:18.568597 2025] [access_compat:error] [pid 25261:tid 25263] [client 34.73.206.133:57835] AH01797: client denied by server configuration: /home/bnnconsu/public_html/wp-content/index.php
[Sat Jan 04 12:33:18.568772 2025] [access_compat:error] [pid 25261:tid 25263] [client 34.73.206.133:57835] AH01797: client denied by server configuration: /home/bnnconsu/public_html/wp-content/index.php7
[Sat Jan 04 12:33:18.569432 2025] [access_compat:error] [pid 25261:tid 25263] [client 34.73.206.133:57835] AH01797: client denied by server configuration: /home/bnnconsu/public_html/wp-content/index.phtml
[Sat Jan 04 12:33:18.569991 2025] [access_compat:error] [pid 25261:tid 25263] [client 34.73.206.133:57835] AH01797: client denied by server configuration: /home/bnnconsu/public_html/wp-theme/index.php
[Sat Jan 04 12:33:18.570155 2025] [access_compat:error] [pid 25261:tid 25263] [client 34.73.206.133:57835] AH01797: client denied by server configuration: /home/bnnconsu/public_html/wp-theme/index.php7
[Sat Jan 04 12:33:18.570791 2025] [access_compat:error] [pid 25261:tid 25263] [client 34.73.206.133:57835] AH01797: client denied by server configuration: /home/bnnconsu/public_html/wp-theme/index.phtml
[Sat Jan 04 12:33:18.571459 2025] [access_compat:error] [pid 25261:tid 25263] [client 34.73.206.133:57835] AH01797: client denied by server configuration: /home/bnnconsu/public_html/wp-admin/index.php
[Sat Jan 04 12:33:18.571710 2025] [access_compat:error] [pid 25261:tid 25263] [client 34.73.206.133:57835] AH01797: client denied by server configuration: /home/bnnconsu/public_html/wp-admin/index.php7
[Sat Jan 04 12:33:18.572582 2025] [access_compat:error] [pid 25261:tid 25263] [client 34.73.206.133:57835] AH01797: client denied by server configuration: /home/bnnconsu/public_html/wp-admin/index.phtml
[Sat Jan 04 12:33:18.573142 2025] [access_compat:error] [pid 25261:tid 25263] [client 34.73.206.133:57835] AH01797: client denied by server configuration: /home/bnnconsu/public_html/wp-mail/index.php
[Sat Jan 04 12:33:18.573312 2025] [access_compat:error] [pid 25261:tid 25263] [client 34.73.206.133:57835] AH01797: client denied by server configuration: /home/bnnconsu/public_html/wp-mail/index.php7
[Sat Jan 04 12:33:18.573962 2025] [access_compat:error] [pid 25261:tid 25263] [client 34.73.206.133:57835] AH01797: client denied by server configuration: /home/bnnconsu/public_html/wp-mail/index.phtml
[Sat Jan 04 12:33:32.685162 2025] [access_compat:error] [pid 25261:tid 25282] [client 185.191.171.15:64726] AH01797: client denied by server configuration: /home/erxgrafx/public_html/mds.php
[Sat Jan 04 12:33:39.336510 2025] [access_compat:error] [pid 25229:tid 25234] [client 85.208.96.208:5404] AH01797: client denied by server configuration: /home/saturnst/public_html/product
[Sat Jan 04 12:33:47.897373 2025] [proxy:error] [pid 25157:tid 25181] (111)Connection refused: AH00957: http: attempt to connect to 127.0.0.1:2079 (127.0.0.1:2079) failed
[Sat Jan 04 12:33:47.897515 2025] [proxy_http:error] [pid 25157:tid 25181] [client 135.148.100.196:60318] AH01114: HTTP: failed to make connection to backend: 127.0.0.1
[Sat Jan 04 12:33:47.897797 2025] [proxy:error] [pid 25157:tid 25181] (111)Connection refused: AH00957: http: attempt to connect to 127.0.0.1:2079 (127.0.0.1:2079) failed
[Sat Jan 04 12:33:47.897847 2025] [proxy_http:error] [pid 25157:tid 25181] [client 135.148.100.196:60318] AH01114: HTTP: failed to make connection to backend: 127.0.0.1
[Sat Jan 04 12:33:55.636876 2025] [ssl:error] [pid 25448:tid 25463] [client 162.142.125.195:60062] AH02032: Hostname webdisk.magspage.com provided via SNI and hostname 199.204.248.150 provided via HTTP have no compatible SSL setup
[Sat Jan 04 12:33:57.372364 2025] [access_compat:error] [pid 25157:tid 25162] [client 85.208.96.206:58710] AH01797: client denied by server configuration: /home/military/public_html/rptegmfmcq.php
[Sat Jan 04 12:34:03.364303 2025] [:error] [pid 25229:tid 25248] [client 209.209.8.61:55166] SoftException in Application.cpp:657: Directory "/home/gavinsco/public_html/wp-admin" is writeable by group
[Sat Jan 04 12:34:03.364368 2025] [core:error] [pid 25229:tid 25248] [client 209.209.8.61:55166] End of script output before headers: locks.php
[Sat Jan 04 12:34:08.629867 2025] [access_compat:error] [pid 25157:tid 25175] [client 136.243.228.198:62106] AH01797: client denied by server configuration: /home/briancol/public_html/dpy
[Sat Jan 04 12:34:17.346075 2025] [:error] [pid 25261:tid 25281] [client 213.180.203.64:48594] File does not exist: /home/healthyg/public_html/rqinc.com/index.php
[Sat Jan 04 12:34:17.346350 2025] [:error] [pid 25261:tid 25281] [client 213.180.203.64:48594] File does not exist: /home/healthyg/public_html/rqinc.com/index.php
[Sat Jan 04 12:34:21.087830 2025] [access_compat:error] [pid 27128:tid 27143] [client 66.249.66.161:54425] AH01797: client denied by server configuration: /home/colorad7/public_html/p=1646291
[Sat Jan 04 12:34:34.182725 2025] [access_compat:error] [pid 27128:tid 27149] [client 85.208.96.205:31568] AH01797: client denied by server configuration: /home/erxgrafx/public_html/mds.php
[Sat Jan 04 12:34:35.325103 2025] [proxy:error] [pid 25157:tid 25178] (111)Connection refused: AH00957: http: attempt to connect to 127.0.0.1:2079 (127.0.0.1:2079) failed
[Sat Jan 04 12:34:35.325195 2025] [proxy_http:error] [pid 25157:tid 25178] [client 205.210.31.59:62290] AH01114: HTTP: failed to make connection to backend: 127.0.0.1
[Sat Jan 04 12:34:35.325373 2025] [proxy:error] [pid 25157:tid 25178] (111)Connection refused: AH00957: http: attempt to connect to 127.0.0.1:2079 (127.0.0.1:2079) failed
[Sat Jan 04 12:34:35.325425 2025] [proxy_http:error] [pid 25157:tid 25178] [client 205.210.31.59:62290] AH01114: HTTP: failed to make connection to backend: 127.0.0.1
[Sat Jan 04 12:34:40.231283 2025] [access_compat:error] [pid 25261:tid 25275] [client 185.191.171.13:42290] AH01797: client denied by server configuration: /home/saturnst/public_html/product
[Sat Jan 04 12:34:41.809738 2025] [:error] [pid 25292:tid 25300] [client 107.148.42.152:46350] SoftException in Application.cpp:657: Directory "/home/gavinsco/public_html/wp-content" is writeable by group, referer: https://gavinscott.co.uk/wp-content/wp-configs.php
[Sat Jan 04 12:34:41.809929 2025] [core:error] [pid 25292:tid 25300] [client 107.148.42.152:46350] End of script output before headers: wp-configs.php, referer: https://gavinscott.co.uk/wp-content/wp-configs.php
[Sat Jan 04 12:34:44.405514 2025] [access_compat:error] [pid 27128:tid 27151] [client 89.248.169.52:46962] AH01797: client denied by server configuration: /home/thefoodd/public_html/
[Sat Jan 04 12:34:46.024472 2025] [access_compat:error] [pid 25448:tid 25463] [client 89.248.169.52:37566] AH01797: client denied by server configuration: /home/thefoodd/public_html/
[Sat Jan 04 12:34:48.862395 2025] [access_compat:error] [pid 25157:tid 25160] [client 94.102.51.98:38634] AH01797: client denied by server configuration: /home/thefoodd/public_html/wp-json
[Sat Jan 04 12:34:51.670323 2025] [access_compat:error] [pid 25157:tid 25170] [client 199.204.248.150:46386] AH01797: client denied by server configuration: /home/thefoodd/public_html/wp-cron.php
[Sat Jan 04 12:34:51.676884 2025] [access_compat:error] [pid 25157:tid 25170] [client 199.204.248.150:46386] AH01797: client denied by server configuration: /home/thefoodd/public_html/403.shtml
[Sat Jan 04 12:34:51.962073 2025] [access_compat:error] [pid 25448:tid 25454] [client 199.204.248.150:40136] AH01797: client denied by server configuration: /home/thefoodd/public_html/wp-cron.php
[Sat Jan 04 12:34:51.962210 2025] [access_compat:error] [pid 25448:tid 25454] [client 199.204.248.150:40136] AH01797: client denied by server configuration: /home/thefoodd/public_html/403.shtml
[Sat Jan 04 12:34:52.064004 2025] [access_compat:error] [pid 25157:tid 25183] [client 199.204.248.150:40196] AH01797: client denied by server configuration: /home/thefoodd/public_html/wp-cron.php
[Sat Jan 04 12:34:52.064193 2025] [access_compat:error] [pid 25157:tid 25183] [client 199.204.248.150:40196] AH01797: client denied by server configuration: /home/thefoodd/public_html/403.shtml
[Sat Jan 04 12:34:52.163429 2025] [access_compat:error] [pid 25292:tid 25311] [client 89.248.169.52:55140] AH01797: client denied by server configuration: /home/thefoodd/public_html/
[Sat Jan 04 12:34:52.173028 2025] [access_compat:error] [pid 25261:tid 25286] [client 89.248.169.52:43518] AH01797: client denied by server configuration: /home/thefoodd/public_html/
[Sat Jan 04 12:34:52.469046 2025] [access_compat:error] [pid 25157:tid 25160] [client 94.102.51.98:38634] AH01797: client denied by server configuration: /home/thefoodd/public_html/wp-json
[Sat Jan 04 12:34:55.958330 2025] [access_compat:error] [pid 25229:tid 25250] [client 89.248.169.52:55154] AH01797: client denied by server configuration: /home/thefoodd/public_html/
[Sat Jan 04 12:34:56.806179 2025] [access_compat:error] [pid 25448:tid 25455] [client 89.248.169.52:43530] AH01797: client denied by server configuration: /home/thefoodd/public_html/
[Sat Jan 04 12:34:57.880568 2025] [access_compat:error] [pid 25292:tid 25318] [client 85.208.96.202:19010] AH01797: client denied by server configuration: /home/military/public_html/start.php
[Sat Jan 04 12:34:59.664418 2025] [access_compat:error] [pid 25229:tid 25244] [client 89.248.169.52:55158] AH01797: client denied by server configuration: /home/thefoodd/public_html/
[Sat Jan 04 12:35:01.445860 2025] [access_compat:error] [pid 25261:tid 25270] [client 89.248.169.52:48610] AH01797: client denied by server configuration: /home/thefoodd/public_html/
[Sat Jan 04 12:35:03.307847 2025] [:error] [pid 27128:tid 27142] [client 209.209.8.61:55802] SoftException in Application.cpp:657: Directory "/home/gavinsco/public_html/wp-admin" is writeable by group
[Sat Jan 04 12:35:03.307953 2025] [core:error] [pid 27128:tid 27142] [client 209.209.8.61:55802] End of script output before headers: locks.php
[Sat Jan 04 12:35:27.967084 2025] [access_compat:error] [pid 27128:tid 27146] [client 143.110.187.61:44956] AH01797: client denied by server configuration: /home/saturnst/public_html/
[Sat Jan 04 12:35:29.559313 2025] [access_compat:error] [pid 25157:tid 25181] [client 143.110.187.61:44972] AH01797: client denied by server configuration: /home/saturnst/public_html/favicon.ico, referer: http://www.saturnstudios.com/
[Sat Jan 04 12:35:31.599061 2025] [access_compat:error] [pid 27128:tid 27150] [client 143.110.187.61:44988] AH01797: client denied by server configuration: /home/saturnst/public_html/ads.txt
[Sat Jan 04 12:35:33.329284 2025] [access_compat:error] [pid 25448:tid 25462] [client 143.110.187.61:44864] AH01797: client denied by server configuration: /home/saturnst/public_html/
[Sat Jan 04 12:35:35.473217 2025] [access_compat:error] [pid 25448:tid 25467] [client 47.128.32.161:34114] AH01797: client denied by server configuration: /home/saturnst/public_html/jp
[Sat Jan 04 12:35:35.505602 2025] [access_compat:error] [pid 25261:tid 25275] [client 185.191.171.2:57310] AH01797: client denied by server configuration: /home/erxgrafx/public_html/mds.php
[Sat Jan 04 12:35:40.879498 2025] [access_compat:error] [pid 25261:tid 25274] [client 185.191.171.16:15758] AH01797: client denied by server configuration: /home/saturnst/public_html/lowpr.php
[Sat Jan 04 12:35:40.881599 2025] [access_compat:error] [pid 25261:tid 25274] [client 185.191.171.16:15758] AH01797: client denied by server configuration: /home/saturnst/public_html/403.shtml
[Sat Jan 04 12:35:41.266628 2025] [access_compat:error] [pid 25448:tid 25458] [client 143.110.187.61:53794] AH01797: client denied by server configuration: /home/saturnst/public_html/favicon.ico, referer: https://www.saturnstudios.com/
[Sat Jan 04 12:35:42.739578 2025] [access_compat:error] [pid 27128:tid 27141] [client 143.110.187.61:53800] AH01797: client denied by server configuration: /home/saturnst/public_html/ads.txt
[Sat Jan 04 12:35:58.576172 2025] [access_compat:error] [pid 27128:tid 27149] [client 85.208.96.210:47290] AH01797: client denied by server configuration: /home/military/public_html/rptegmfmcq.php
[Sat Jan 04 12:36:02.254830 2025] [:error] [pid 25229:tid 25251] [client 209.209.8.61:57082] SoftException in Application.cpp:657: Directory "/home/gavinsco/public_html/wp-admin" is writeable by group
[Sat Jan 04 12:36:02.255051 2025] [core:error] [pid 25229:tid 25251] [client 209.209.8.61:57082] End of script output before headers: locks.php
[Sat Jan 04 12:36:07.333321 2025] [proxy_fcgi:error] [pid 25261:tid 25264] [client 40.77.167.45:60206] AH01071: Got error 'Primary script unknown\n'
[Sat Jan 04 12:36:36.756485 2025] [access_compat:error] [pid 25292:tid 25315] [client 114.119.128.67:60803] AH01797: client denied by server configuration: /home/olshsdco/public_html/wp-admin/mb.php, referer: http://www.olshsd.com/wp-admin/mb.php?dir=/home/olshsdco/cache
[Sat Jan 04 12:36:37.503091 2025] [access_compat:error] [pid 25448:tid 25467] [client 185.191.171.12:33720] AH01797: client denied by server configuration: /home/erxgrafx/public_html/mds.php
[Sat Jan 04 12:36:40.481406 2025] [access_compat:error] [pid 25292:tid 25319] [client 206.168.34.55:42210] AH01797: client denied by server configuration: /home/ksmanual/public_html/komline.co.uk/index.php
[Sat Jan 04 12:36:40.481657 2025] [access_compat:error] [pid 25292:tid 25319] [client 206.168.34.55:42210] AH01797: client denied by server configuration: /home/ksmanual/public_html/komline.co.uk/index.php
[Sat Jan 04 12:36:41.669150 2025] [access_compat:error] [pid 27128:tid 27151] [client 85.208.96.210:18418] AH01797: client denied by server configuration: /home/saturnst/public_html/product
[Sat Jan 04 12:36:42.940930 2025] [access_compat:error] [pid 25157:tid 25172] [client 207.90.244.11:59836] AH01797: client denied by server configuration: /home/colorad7/public_html/400.shtml
[Sat Jan 04 12:36:43.397482 2025] [access_compat:error] [pid 25229:tid 25236] [client 207.90.244.11:59852] AH01797: client denied by server configuration: /home/colorad7/public_html/400.shtml
[Sat Jan 04 12:36:43.839773 2025] [access_compat:error] [pid 25261:tid 25283] [client 207.90.244.11:59868] AH01797: client denied by server configuration: /home/colorad7/public_html/400.shtml
[Sat Jan 04 12:36:44.262543 2025] [access_compat:error] [pid 27128:tid 27136] [client 207.90.244.11:59880] AH01797: client denied by server configuration: /home/colorad7/public_html/400.shtml
[Sat Jan 04 12:36:48.079175 2025] [:error] [pid 27128:tid 27150] [client 95.108.213.253:49158] File does not exist: /home/healthyg/public_html/rqinc.com/index.php
[Sat Jan 04 12:36:48.079505 2025] [:error] [pid 27128:tid 27150] [client 95.108.213.253:49158] File does not exist: /home/healthyg/public_html/rqinc.com/index.php
[Sat Jan 04 12:36:49.019759 2025] [access_compat:error] [pid 25261:tid 25276] [client 207.90.244.11:40814] AH01797: client denied by server configuration: /home/colorad7/public_html/400.shtml
[Sat Jan 04 12:36:59.017801 2025] [access_compat:error] [pid 25229:tid 25251] [client 185.191.171.11:40768] AH01797: client denied by server configuration: /home/military/public_html/start.php
[Sat Jan 04 12:37:02.900445 2025] [:error] [pid 25292:tid 25311] [client 209.209.8.61:59252] SoftException in Application.cpp:657: Directory "/home/gavinsco/public_html/wp-admin" is writeable by group
[Sat Jan 04 12:37:02.900552 2025] [core:error] [pid 25292:tid 25311] [client 209.209.8.61:59252] End of script output before headers: locks.php
[Sat Jan 04 12:37:20.538694 2025] [:error] [pid 25292:tid 25320] [client 185.191.171.9:5844] File does not exist: /home/grimoire/public_html/yogadance.us/index.php
[Sat Jan 04 12:37:20.538894 2025] [:error] [pid 25292:tid 25320] [client 185.191.171.9:5844] File does not exist: /home/grimoire/public_html/yogadance.us/index.php
[Sat Jan 04 12:37:39.193655 2025] [access_compat:error] [pid 27128:tid 27149] [client 185.191.171.10:11098] AH01797: client denied by server configuration: /home/erxgrafx/public_html/mds.php
[Sat Jan 04 12:37:42.311524 2025] [access_compat:error] [pid 25157:tid 25177] [client 85.208.96.202:27564] AH01797: client denied by server configuration: /home/saturnst/public_html/product
[Sat Jan 04 12:37:59.159995 2025] [access_compat:error] [pid 25448:tid 25469] [client 85.208.96.197:46640] AH01797: client denied by server configuration: /home/military/public_html/start.php
[Sat Jan 04 12:38:03.709503 2025] [:error] [pid 25229:tid 25239] [client 209.209.8.61:33114] SoftException in Application.cpp:657: Directory "/home/gavinsco/public_html/wp-admin" is writeable by group
[Sat Jan 04 12:38:03.709637 2025] [core:error] [pid 25229:tid 25239] [client 209.209.8.61:33114] End of script output before headers: locks.php
[Sat Jan 04 12:38:27.223519 2025] [proxy:error] [pid 25261:tid 25265] (111)Connection refused: AH00957: http: attempt to connect to 127.0.0.1:2079 (127.0.0.1:2079) failed
[Sat Jan 04 12:38:27.328704 2025] [proxy_http:error] [pid 25261:tid 25265] [client 198.235.24.245:60164] AH01114: HTTP: failed to make connection to backend: 127.0.0.1
[Sat Jan 04 12:38:27.329204 2025] [proxy:error] [pid 25261:tid 25265] (111)Connection refused: AH00957: http: attempt to connect to 127.0.0.1:2079 (127.0.0.1:2079) failed
[Sat Jan 04 12:38:27.329251 2025] [proxy_http:error] [pid 25261:tid 25265] [client 198.235.24.245:60164] AH01114: HTTP: failed to make connection to backend: 127.0.0.1
[Sat Jan 04 12:38:41.227743 2025] [access_compat:error] [pid 25157:tid 25175] [client 85.208.96.210:30510] AH01797: client denied by server configuration: /home/erxgrafx/public_html/mds.php
[Sat Jan 04 12:38:42.663303 2025] [access_compat:error] [pid 25157:tid 25161] [client 85.208.96.200:11060] AH01797: client denied by server configuration: /home/saturnst/public_html/product
[Sat Jan 04 12:38:46.760412 2025] [access_compat:error] [pid 25448:tid 25469] [client 34.1.25.70:35274] AH01797: client denied by server configuration: /home/henderso/public_html/blackdogmactech.com/index.php
[Sat Jan 04 12:38:46.760536 2025] [access_compat:error] [pid 25448:tid 25469] [client 34.1.25.70:35274] AH01797: client denied by server configuration: /home/henderso/public_html/blackdogmactech.com/index.php7
[Sat Jan 04 12:38:46.760990 2025] [access_compat:error] [pid 25448:tid 25469] [client 34.1.25.70:35274] AH01797: client denied by server configuration: /home/henderso/public_html/blackdogmactech.com/index.phtml
403 (Forbidden): 403 Forbidden
Executing in an invalid environment for the supplied user at /usr/local/cpanel/Cpanel/CGI/NoForm.pm line 157.
[Sat Jan 04 12:39:00.031192 2025] [access_compat:error] [pid 25157:tid 25164] [client 85.208.96.206:26674] AH01797: client denied by server configuration: /home/military/public_html/rptegmfmcq.php
[Sat Jan 04 12:39:02.927667 2025] [:error] [pid 25261:tid 25287] [client 209.209.8.61:34756] SoftException in Application.cpp:657: Directory "/home/gavinsco/public_html/wp-admin" is writeable by group
[Sat Jan 04 12:39:02.927784 2025] [core:error] [pid 25261:tid 25287] [client 209.209.8.61:34756] End of script output before headers: locks.php
[Sat Jan 04 12:39:34.788827 2025] [proxy_fcgi:error] [pid 25229:tid 25238] [client 45.10.151.10:54830] AH01071: Got error 'Primary script unknown\n'
[Sat Jan 04 12:39:35.240392 2025] [access_compat:error] [pid 25261:tid 25283] [client 47.128.120.50:28514] AH01797: client denied by server configuration: /home/saturnst/public_html/jp
[Sat Jan 04 12:39:36.042261 2025] [access_compat:error] [pid 25448:tid 25468] [client 66.249.66.170:62184] AH01797: client denied by server configuration: /home/colorad7/public_html/p=1316569
[Sat Jan 04 12:39:42.905268 2025] [access_compat:error] [pid 27128:tid 27139] [client 185.191.171.7:49268] AH01797: client denied by server configuration: /home/saturnst/public_html/product
[Sat Jan 04 12:39:43.522312 2025] [access_compat:error] [pid 25448:tid 25462] [client 85.208.96.200:36146] AH01797: client denied by server configuration: /home/erxgrafx/public_html/mds.php
[Sat Jan 04 12:39:57.925111 2025] [access_compat:error] [pid 25448:tid 25464] [client 94.102.51.98:37944] AH01797: client denied by server configuration: /home/thefoodd/public_html/wp-json
[Sat Jan 04 12:40:00.438803 2025] [access_compat:error] [pid 25448:tid 25455] [client 199.204.248.150:34118] AH01797: client denied by server configuration: /home/thefoodd/public_html/wp-cron.php
[Sat Jan 04 12:40:00.438887 2025] [access_compat:error] [pid 25448:tid 25455] [client 199.204.248.150:34118] AH01797: client denied by server configuration: /home/thefoodd/public_html/403.shtml
[Sat Jan 04 12:40:00.585539 2025] [access_compat:error] [pid 25157:tid 25177] [client 185.191.171.7:7498] AH01797: client denied by server configuration: /home/military/public_html/rptegmfmcq.php
[Sat Jan 04 12:40:01.062302 2025] [access_compat:error] [pid 25448:tid 25464] [client 94.102.51.98:37944] AH01797: client denied by server configuration: /home/thefoodd/public_html/wp-json
[Sat Jan 04 12:40:03.037152 2025] [:error] [pid 25261:tid 25265] [client 209.209.8.61:35294] SoftException in Application.cpp:657: Directory "/home/gavinsco/public_html/wp-admin" is writeable by group
[Sat Jan 04 12:40:03.037231 2025] [core:error] [pid 25261:tid 25265] [client 209.209.8.61:35294] End of script output before headers: locks.php
[Sat Jan 04 12:40:04.288319 2025] [access_compat:error] [pid 25448:tid 25464] [client 94.102.51.98:37944] AH01797: client denied by server configuration: /home/thefoodd/public_html/wp-json
[Sat Jan 04 12:40:06.760339 2025] [access_compat:error] [pid 25448:tid 25464] [client 94.102.51.98:37944] AH01797: client denied by server configuration: /home/thefoodd/public_html/wp-json
[Sat Jan 04 12:40:09.590176 2025] [access_compat:error] [pid 25448:tid 25464] [client 94.102.51.98:37944] AH01797: client denied by server configuration: /home/thefoodd/public_html/wp-json
[Sat Jan 04 12:40:12.371030 2025] [access_compat:error] [pid 25448:tid 25464] [client 94.102.51.98:37944] AH01797: client denied by server configuration: /home/thefoodd/public_html/wp-json
