[Sat Jan 04 13:15:30.903302 2025] [:error] [pid 25292:tid 25302] [client 13.48.178.37:64826] File does not exist: /home/grimoire/public_html/yogadance.us/index.php
[Sat Jan 04 13:15:30.903488 2025] [:error] [pid 25292:tid 25302] [client 13.48.178.37:64826] File does not exist: /home/grimoire/public_html/yogadance.us/index.php
[Sat Jan 04 13:15:30.991219 2025] [:error] [pid 27128:tid 27145] [client 13.48.178.37:49404] File does not exist: /home/grimoire/public_html/yogadance.us/index.php
[Sat Jan 04 13:15:30.991628 2025] [:error] [pid 27128:tid 27145] [client 13.48.178.37:49404] File does not exist: /home/grimoire/public_html/yogadance.us/index.php
[Sat Jan 04 13:15:30.995580 2025] [:error] [pid 25229:tid 25250] [client 13.48.178.37:64827] File does not exist: /home/grimoire/public_html/yogadance.us/index.php
[Sat Jan 04 13:15:30.995773 2025] [:error] [pid 25229:tid 25250] [client 13.48.178.37:64827] File does not exist: /home/grimoire/public_html/yogadance.us/index.php
[Sat Jan 04 13:15:31.029767 2025] [:error] [pid 25292:tid 25302] [client 13.48.178.37:64826] File does not exist: /home/grimoire/public_html/yogadance.us/index.php
[Sat Jan 04 13:15:31.029908 2025] [:error] [pid 25292:tid 25302] [client 13.48.178.37:64826] File does not exist: /home/grimoire/public_html/yogadance.us/index.php
[Sat Jan 04 13:15:31.115782 2025] [:error] [pid 25229:tid 25250] [client 13.48.178.37:64827] File does not exist: /home/grimoire/public_html/yogadance.us/index.php
[Sat Jan 04 13:15:31.116039 2025] [:error] [pid 25229:tid 25250] [client 13.48.178.37:64827] File does not exist: /home/grimoire/public_html/yogadance.us/index.php
[Sat Jan 04 13:15:31.117586 2025] [:error] [pid 27128:tid 27145] [client 13.48.178.37:49404] File does not exist: /home/grimoire/public_html/yogadance.us/index.php
[Sat Jan 04 13:15:31.117718 2025] [:error] [pid 27128:tid 27145] [client 13.48.178.37:49404] File does not exist: /home/grimoire/public_html/yogadance.us/index.php
[Sat Jan 04 13:15:31.284139 2025] [:error] [pid 25229:tid 25250] [client 13.48.178.37:64827] File does not exist: /home/grimoire/public_html/yogadance.us/index.php
[Sat Jan 04 13:15:31.284369 2025] [:error] [pid 25229:tid 25250] [client 13.48.178.37:64827] File does not exist: /home/grimoire/public_html/yogadance.us/index.php
[Sat Jan 04 13:15:31.284997 2025] [:error] [pid 27128:tid 27145] [client 13.48.178.37:49404] File does not exist: /home/grimoire/public_html/yogadance.us/index.php
[Sat Jan 04 13:15:31.285219 2025] [:error] [pid 27128:tid 27145] [client 13.48.178.37:49404] File does not exist: /home/grimoire/public_html/yogadance.us/index.php
[Sat Jan 04 13:15:37.457013 2025] [access_compat:error] [pid 27128:tid 27134] [client 145.239.10.137:38390] AH01797: client denied by server configuration: /home/focusede/public_html/mespaces.php, referer: https://otterlion.org/mespaces.php
[Sat Jan 04 13:15:37.457141 2025] [access_compat:error] [pid 27128:tid 27134] [client 145.239.10.137:38390] AH01797: client denied by server configuration: /home/focusede/public_html/403.shtml, referer: https://otterlion.org/mespaces.php
[Sat Jan 04 13:15:37.457831 2025] [access_compat:error] [pid 25157:tid 25170] [client 145.239.10.137:39881] AH01797: client denied by server configuration: /home/focusede/public_html/cache.php, referer: https://otterlion.org/cache.php
[Sat Jan 04 13:15:37.457939 2025] [access_compat:error] [pid 25157:tid 25170] [client 145.239.10.137:39881] AH01797: client denied by server configuration: /home/focusede/public_html/403.shtml, referer: https://otterlion.org/cache.php
[Sat Jan 04 13:15:37.459830 2025] [access_compat:error] [pid 25261:tid 25278] [client 145.239.10.137:35695] AH01797: client denied by server configuration: /home/focusede/public_html/core5.php, referer: https://otterlion.org/core5.php
[Sat Jan 04 13:15:37.459924 2025] [access_compat:error] [pid 25261:tid 25278] [client 145.239.10.137:35695] AH01797: client denied by server configuration: /home/focusede/public_html/403.shtml, referer: https://otterlion.org/core5.php
[Sat Jan 04 13:15:37.493742 2025] [access_compat:error] [pid 25448:tid 25457] [client 145.239.10.137:46945] AH01797: client denied by server configuration: /home/focusede/public_html/cols3.php, referer: https://otterlion.org/cols3.php
[Sat Jan 04 13:15:37.500914 2025] [access_compat:error] [pid 25448:tid 25457] [client 145.239.10.137:46945] AH01797: client denied by server configuration: /home/focusede/public_html/403.shtml, referer: https://otterlion.org/cols3.php
[Sat Jan 04 13:15:37.804331 2025] [access_compat:error] [pid 27128:tid 27139] [client 47.128.20.0:23652] AH01797: client denied by server configuration: /home/saturnst/public_html/jp
[Sat Jan 04 13:16:01.086338 2025] [:error] [pid 25157:tid 25163] [client 39.180.88.140:24859] File does not exist: /home/sandersm/public_html/1234.php, referer: http://www.sandersmedical.com/1234.php
[Sat Jan 04 13:16:01.127604 2025] [:error] [pid 25292:tid 25313] [client 39.180.88.140:24867] File does not exist: /home/sandersm/public_html/admin.php, referer: http://www.sandersmedical.com/admin.php
[Sat Jan 04 13:16:01.173478 2025] [:error] [pid 25229:tid 25245] [client 39.180.88.140:24876] File does not exist: /home/sandersm/public_html/a.php, referer: http://www.sandersmedical.com/a.php
[Sat Jan 04 13:16:01.220059 2025] [:error] [pid 27128:tid 27131] [client 39.180.88.140:24870] File does not exist: /home/sandersm/public_html/newfile.php, referer: http://www.sandersmedical.com/newfile.php
[Sat Jan 04 13:16:01.276424 2025] [:error] [pid 25448:tid 25474] [client 39.180.88.140:24874] File does not exist: /home/sandersm/public_html/dd.php, referer: http://www.sandersmedical.com/dd.php
[Sat Jan 04 13:16:01.322615 2025] [:error] [pid 25261:tid 25279] [client 39.180.88.140:24860] File does not exist: /home/sandersm/public_html/1.php, referer: http://www.sandersmedical.com/1.php
[Sat Jan 04 13:16:01.356325 2025] [:error] [pid 25157:tid 25163] [client 39.180.88.140:24859] File does not exist: /home/sandersm/public_html/ak.php, referer: http://www.sandersmedical.com/ak.php
[Sat Jan 04 13:16:01.407315 2025] [:error] [pid 25448:tid 25464] [client 39.180.88.140:24864] File does not exist: /home/sandersm/public_html/dama.php, referer: http://www.sandersmedical.com/dama.php
[Sat Jan 04 13:16:01.453632 2025] [:error] [pid 25229:tid 25245] [client 39.180.88.140:24876] File does not exist: /home/sandersm/public_html/admins.php, referer: http://www.sandersmedical.com/admins.php
[Sat Jan 04 13:16:02.302402 2025] [access_compat:error] [pid 25157:tid 25167] [client 185.191.171.12:24520] AH01797: client denied by server configuration: /home/erxgrafx/public_html/mds.php
[Sat Jan 04 13:16:02.973766 2025] [:error] [pid 25261:tid 25273] [client 209.209.8.61:35990] SoftException in Application.cpp:657: Directory "/home/gavinsco/public_html/wp-admin" is writeable by group
[Sat Jan 04 13:16:02.974017 2025] [core:error] [pid 25261:tid 25273] [client 209.209.8.61:35990] End of script output before headers: locks.php
[Sat Jan 04 13:16:05.258523 2025] [access_compat:error] [pid 25292:tid 25316] [client 85.208.96.204:10092] AH01797: client denied by server configuration: /home/saturnst/public_html/product
[Sat Jan 04 13:16:10.980102 2025] [access_compat:error] [pid 25261:tid 25264] [client 94.102.51.98:33536] AH01797: client denied by server configuration: /home/thefoodd/public_html/wp-json
[Sat Jan 04 13:16:13.617581 2025] [access_compat:error] [pid 25229:tid 25248] [client 199.204.248.150:37046] AH01797: client denied by server configuration: /home/thefoodd/public_html/wp-cron.php
[Sat Jan 04 13:16:13.617703 2025] [access_compat:error] [pid 25229:tid 25248] [client 199.204.248.150:37046] AH01797: client denied by server configuration: /home/thefoodd/public_html/403.shtml
[Sat Jan 04 13:16:14.267651 2025] [access_compat:error] [pid 25261:tid 25264] [client 94.102.51.98:33536] AH01797: client denied by server configuration: /home/thefoodd/public_html/wp-json
[Sat Jan 04 13:16:18.070322 2025] [access_compat:error] [pid 25261:tid 25264] [client 94.102.51.98:33536] AH01797: client denied by server configuration: /home/thefoodd/public_html/wp-json
[Sat Jan 04 13:16:21.980882 2025] [access_compat:error] [pid 25448:tid 25454] [client 185.191.171.9:40466] AH01797: client denied by server configuration: /home/military/public_html/start.php
[Sat Jan 04 13:16:37.284056 2025] [access_compat:error] [pid 25157:tid 25182] [client 114.119.137.54:34909] AH01797: client denied by server configuration: /home/olshsdco/public_html/wp-admin/mb.php, referer: http://www.olshsd.com/wp-admin/mb.php?dir=/home/olshsdco/tmp/awstats
[Sat Jan 04 13:16:40.621659 2025] [access_compat:error] [pid 25448:tid 25459] [client 94.102.51.98:54816] AH01797: client denied by server configuration: /home/thefoodd/public_html/wp-json
[Sat Jan 04 13:16:43.232519 2025] [access_compat:error] [pid 25448:tid 25459] [client 94.102.51.98:54816] AH01797: client denied by server configuration: /home/thefoodd/public_html/wp-json
[Sat Jan 04 13:16:45.806155 2025] [access_compat:error] [pid 25448:tid 25459] [client 94.102.51.98:54816] AH01797: client denied by server configuration: /home/thefoodd/public_html/wp-json
[Sat Jan 04 13:17:03.298875 2025] [:error] [pid 25448:tid 25456] [client 209.209.8.61:37478] SoftException in Application.cpp:657: Directory "/home/gavinsco/public_html/wp-admin" is writeable by group
[Sat Jan 04 13:17:03.298948 2025] [core:error] [pid 25448:tid 25456] [client 209.209.8.61:37478] End of script output before headers: locks.php
[Sat Jan 04 13:17:04.784652 2025] [access_compat:error] [pid 25157:tid 25172] [client 85.208.96.205:34788] AH01797: client denied by server configuration: /home/erxgrafx/public_html/mds.php
[Sat Jan 04 13:17:05.686898 2025] [access_compat:error] [pid 25448:tid 25468] [client 185.191.171.14:61288] AH01797: client denied by server configuration: /home/saturnst/public_html/product
[Sat Jan 04 13:17:22.185085 2025] [core:error] [pid 25261:tid 25280] [client 156.59.198.135:30174] Caught race condition abuser. attacker: 1196, victim: 1205 open file owner: 1205, open file: /home/weareroy/public_html/images/Fox-C/Fox-US/0-bryansch/configUPH/Jump/0-teamyike/Mags/NewBlue001.pdf
[Sat Jan 04 13:17:22.339125 2025] [access_compat:error] [pid 25292:tid 25309] [client 185.191.171.8:27586] AH01797: client denied by server configuration: /home/military/public_html/rptegmfmcq.php
[Sat Jan 04 13:17:36.627262 2025] [ssl:error] [pid 25261:tid 25285] [client 162.142.125.204:46532] AH02032: Hostname webdisk.sandersmedical.com provided via SNI and hostname 199.204.248.150 provided via HTTP have no compatible SSL setup
[Sat Jan 04 13:18:03.189573 2025] [:error] [pid 25292:tid 25314] [client 209.209.8.61:38294] SoftException in Application.cpp:657: Directory "/home/gavinsco/public_html/wp-admin" is writeable by group
[Sat Jan 04 13:18:03.189663 2025] [core:error] [pid 25292:tid 25314] [client 209.209.8.61:38294] End of script output before headers: locks.php
[Sat Jan 04 13:18:05.903815 2025] [access_compat:error] [pid 27128:tid 27154] [client 85.208.96.203:41422] AH01797: client denied by server configuration: /home/erxgrafx/public_html/mds.php
[Sat Jan 04 13:18:06.083049 2025] [access_compat:error] [pid 25157:tid 25170] [client 85.208.96.203:26090] AH01797: client denied by server configuration: /home/saturnst/public_html/product
[Sat Jan 04 13:18:10.021043 2025] [access_compat:error] [pid 25261:tid 25280] [client 179.43.159.196:26998] AH01797: client denied by server configuration: /home/homerepa/public_html/index.php5, referer: kodiakdevelopment.com
[Sat Jan 04 13:18:10.044415 2025] [access_compat:error] [pid 25261:tid 25280] [client 179.43.159.196:26998] AH01797: client denied by server configuration: /home/homerepa/public_html/index.phtml, referer: kodiakdevelopment.com
[Sat Jan 04 13:18:22.941626 2025] [access_compat:error] [pid 25261:tid 25267] [client 85.208.96.207:53154] AH01797: client denied by server configuration: /home/military/public_html/rptegmfmcq.php
[Sat Jan 04 13:18:58.615568 2025] [:error] [pid 25261:tid 25280] [client 185.191.171.5:59790] File does not exist: /home/grimoire/public_html/yogadance.us/index.php
[Sat Jan 04 13:18:58.615789 2025] [:error] [pid 25261:tid 25280] [client 185.191.171.5:59790] File does not exist: /home/grimoire/public_html/yogadance.us/index.php
[Sat Jan 04 13:19:02.567539 2025] [:error] [pid 25448:tid 25475] [client 209.209.8.61:39986] SoftException in Application.cpp:657: Directory "/home/gavinsco/public_html/wp-admin" is writeable by group
[Sat Jan 04 13:19:02.567616 2025] [core:error] [pid 25448:tid 25475] [client 209.209.8.61:39986] End of script output before headers: locks.php
[Sat Jan 04 13:19:05.732429 2025] [core:error] [pid 25157:tid 25171] [client 207.46.13.168:10386] AH00124: Request exceeded the limit of 10 internal redirects due to probable configuration error. Use 'LimitInternalRecursion' to increase the limit if necessary. Use 'LogLevel debug' to get a backtrace.
[Sat Jan 04 13:19:05.732507 2025] [core:error] [pid 25157:tid 25171] [client 207.46.13.168:10386] AH00124: Request exceeded the limit of 10 internal redirects due to probable configuration error. Use 'LimitInternalRecursion' to increase the limit if necessary. Use 'LogLevel debug' to get a backtrace.
[Sat Jan 04 13:19:06.206172 2025] [access_compat:error] [pid 25229:tid 25255] [client 85.208.96.194:41666] AH01797: client denied by server configuration: /home/saturnst/public_html/product
[Sat Jan 04 13:19:07.562896 2025] [access_compat:error] [pid 25448:tid 25469] [client 85.208.96.206:41778] AH01797: client denied by server configuration: /home/erxgrafx/public_html/mds.php
[Sat Jan 04 13:19:23.113105 2025] [access_compat:error] [pid 25229:tid 25245] [client 85.208.96.193:36970] AH01797: client denied by server configuration: /home/military/public_html/rptegmfmcq.php
[Sat Jan 04 13:19:29.685546 2025] [access_compat:error] [pid 25157:tid 25162] [client 89.248.163.130:54592] AH01797: client denied by server configuration: /home/thefoodd/public_html/wp-json
[Sat Jan 04 13:19:32.107677 2025] [access_compat:error] [pid 25292:tid 25301] [client 199.204.248.150:52126] AH01797: client denied by server configuration: /home/thefoodd/public_html/wp-cron.php
[Sat Jan 04 13:19:32.107785 2025] [access_compat:error] [pid 25292:tid 25301] [client 199.204.248.150:52126] AH01797: client denied by server configuration: /home/thefoodd/public_html/403.shtml
[Sat Jan 04 13:19:37.577855 2025] [access_compat:error] [pid 27128:tid 27131] [client 47.128.51.137:61624] AH01797: client denied by server configuration: /home/saturnst/public_html/jp
[Sat Jan 04 13:20:03.528167 2025] [:error] [pid 27128:tid 27143] [client 209.209.8.61:41978] SoftException in Application.cpp:657: Directory "/home/gavinsco/public_html/wp-admin" is writeable by group
[Sat Jan 04 13:20:03.528243 2025] [core:error] [pid 27128:tid 27143] [client 209.209.8.61:41978] End of script output before headers: locks.php
[Sat Jan 04 13:20:05.190400 2025] [access_compat:error] [pid 25292:tid 25315] [client 94.102.51.98:37828] AH01797: client denied by server configuration: /home/thefoodd/public_html/wp-json
[Sat Jan 04 13:20:06.350560 2025] [access_compat:error] [pid 25448:tid 25463] [client 185.191.171.18:18916] AH01797: client denied by server configuration: /home/saturnst/public_html/product
[Sat Jan 04 13:20:08.247452 2025] [access_compat:error] [pid 25292:tid 25315] [client 94.102.51.98:37828] AH01797: client denied by server configuration: /home/thefoodd/public_html/wp-json
[Sat Jan 04 13:20:09.065563 2025] [access_compat:error] [pid 25292:tid 25307] [client 185.191.171.18:5686] AH01797: client denied by server configuration: /home/erxgrafx/public_html/mds.php
[Sat Jan 04 13:20:11.047530 2025] [access_compat:error] [pid 25292:tid 25315] [client 94.102.51.98:37828] AH01797: client denied by server configuration: /home/thefoodd/public_html/wp-json
[Sat Jan 04 13:20:13.831438 2025] [access_compat:error] [pid 25292:tid 25315] [client 94.102.51.98:37828] AH01797: client denied by server configuration: /home/thefoodd/public_html/wp-json
[Sat Jan 04 13:20:24.094019 2025] [access_compat:error] [pid 25448:tid 25451] [client 185.191.171.11:64244] AH01797: client denied by server configuration: /home/military/public_html/start.php
[Sat Jan 04 13:20:47.835517 2025] [access_compat:error] [pid 25157:tid 25159] [client 199.204.248.150:58232] AH01797: client denied by server configuration: /home/thefoodd/public_html/wp-cron.php
[Sat Jan 04 13:20:47.835597 2025] [access_compat:error] [pid 25157:tid 25159] [client 199.204.248.150:58232] AH01797: client denied by server configuration: /home/thefoodd/public_html/403.shtml
[Sat Jan 04 13:20:47.957971 2025] [access_compat:error] [pid 25261:tid 25280] [client 204.10.194.60:56721] AH01797: client denied by server configuration: /home/thefoodd/public_html/wp-admin/, referer: https://www.google.com
[Sat Jan 04 13:20:47.958273 2025] [access_compat:error] [pid 25261:tid 25280] [client 204.10.194.60:56721] AH01797: client denied by server configuration: /home/thefoodd/public_html/403.shtml, referer: https://www.google.com
[Sat Jan 04 13:20:54.339366 2025] [core:crit] [pid 25157:tid 25171] (13)Permission denied: [client 159.223.211.151:56388] AH00529: /home/sseltzer/public_html/wp-content__3e4c3ab/.htaccess pcfg_openfile: unable to check htaccess file, ensure it is readable and that '/home/sseltzer/public_html/wp-content__3e4c3ab/' is executable
[Sat Jan 04 13:20:54.339609 2025] [core:crit] [pid 25157:tid 25171] (13)Permission denied: [client 159.223.211.151:56388] AH00529: /home/sseltzer/public_html/wp-include__3e4c3ab/.htaccess pcfg_openfile: unable to check htaccess file, ensure it is readable and that '/home/sseltzer/public_html/wp-include__3e4c3ab/' is executable
[Sat Jan 04 13:20:54.339793 2025] [core:crit] [pid 25157:tid 25171] (13)Permission denied: [client 159.223.211.151:56388] AH00529: /home/sseltzer/public_html/moyoum4__3e4c3ab/.htaccess pcfg_openfile: unable to check htaccess file, ensure it is readable and that '/home/sseltzer/public_html/moyoum4__3e4c3ab/' is executable
[Sat Jan 04 13:20:54.339847 2025] [core:crit] [pid 25157:tid 25171] (13)Permission denied: [client 159.223.211.151:56388] AH00529: /home/sseltzer/public_html/8turb__3e4c3ab/.htaccess pcfg_openfile: unable to check htaccess file, ensure it is readable and that '/home/sseltzer/public_html/8turb__3e4c3ab/' is executable
[Sat Jan 04 13:20:54.339980 2025] [core:crit] [pid 25157:tid 25171] (13)Permission denied: [client 159.223.211.151:56388] AH00529: /home/sseltzer/public_html/wp-admin__3e4c3ab/.htaccess pcfg_openfile: unable to check htaccess file, ensure it is readable and that '/home/sseltzer/public_html/wp-admin__3e4c3ab/' is executable
[Sat Jan 04 13:20:54.340114 2025] [core:crit] [pid 25157:tid 25171] (13)Permission denied: [client 159.223.211.151:56388] AH00529: /home/sseltzer/public_html/ixCupzHgYLO__3e4c3ab/.htaccess pcfg_openfile: unable to check htaccess file, ensure it is readable and that '/home/sseltzer/public_html/ixCupzHgYLO__3e4c3ab/' is executable
[Sat Jan 04 13:20:54.340695 2025] [core:crit] [pid 25157:tid 25171] (13)Permission denied: [client 159.223.211.151:56388] AH00529: /home/sseltzer/public_html/vmfcfttq__3e4c3ab/.htaccess pcfg_openfile: unable to check htaccess file, ensure it is readable and that '/home/sseltzer/public_html/vmfcfttq__3e4c3ab/' is executable
[Sat Jan 04 13:20:54.340749 2025] [core:crit] [pid 25157:tid 25171] (13)Permission denied: [client 159.223.211.151:56388] AH00529: /home/sseltzer/public_html/p78hez__3e4c3ab/.htaccess pcfg_openfile: unable to check htaccess file, ensure it is readable and that '/home/sseltzer/public_html/p78hez__3e4c3ab/' is executable
[Sat Jan 04 13:20:54.340798 2025] [core:crit] [pid 25157:tid 25171] (13)Permission denied: [client 159.223.211.151:56388] AH00529: /home/sseltzer/public_html/well-known__3e4c3ab/.htaccess pcfg_openfile: unable to check htaccess file, ensure it is readable and that '/home/sseltzer/public_html/well-known__3e4c3ab/' is executable
[Sat Jan 04 13:20:54.340925 2025] [core:crit] [pid 25157:tid 25171] (13)Permission denied: [client 159.223.211.151:56388] AH00529: /home/sseltzer/public_html/1puyat__3e4c3ab/.htaccess pcfg_openfile: unable to check htaccess file, ensure it is readable and that '/home/sseltzer/public_html/1puyat__3e4c3ab/' is executable
[Sat Jan 04 13:20:54.341558 2025] [core:crit] [pid 25157:tid 25171] (13)Permission denied: [client 159.223.211.151:56388] AH00529: /home/sseltzer/public_html/wp-includes__3e4c3ab/.htaccess pcfg_openfile: unable to check htaccess file, ensure it is readable and that '/home/sseltzer/public_html/wp-includes__3e4c3ab/' is executable
[Sat Jan 04 13:20:54.341607 2025] [core:crit] [pid 25157:tid 25171] (13)Permission denied: [client 159.223.211.151:56388] AH00529: /home/sseltzer/public_html/site.sseltzer.com__3e4c3ab/.htaccess pcfg_openfile: unable to check htaccess file, ensure it is readable and that '/home/sseltzer/public_html/site.sseltzer.com__3e4c3ab/' is executable
[Sat Jan 04 13:20:54.341654 2025] [core:crit] [pid 25157:tid 25171] (13)Permission denied: [client 159.223.211.151:56388] AH00529: /home/sseltzer/public_html/hs8n6__3e4c3ab/.htaccess pcfg_openfile: unable to check htaccess file, ensure it is readable and that '/home/sseltzer/public_html/hs8n6__3e4c3ab/' is executable
[Sat Jan 04 13:20:54.341705 2025] [core:crit] [pid 25157:tid 25171] (13)Permission denied: [client 159.223.211.151:56388] AH00529: /home/sseltzer/public_html/4qs5n__3e4c3ab/.htaccess pcfg_openfile: unable to check htaccess file, ensure it is readable and that '/home/sseltzer/public_html/4qs5n__3e4c3ab/' is executable
[Sat Jan 04 13:20:54.341757 2025] [core:crit] [pid 25157:tid 25171] (13)Permission denied: [client 159.223.211.151:56388] AH00529: /home/sseltzer/public_html/exsse__3e4c3ab/.htaccess pcfg_openfile: unable to check htaccess file, ensure it is readable and that '/home/sseltzer/public_html/exsse__3e4c3ab/' is executable
[Sat Jan 04 13:20:54.341803 2025] [core:crit] [pid 25157:tid 25171] (13)Permission denied: [client 159.223.211.151:56388] AH00529: /home/sseltzer/public_html/8tzsk__3e4c3ab/.htaccess pcfg_openfile: unable to check htaccess file, ensure it is readable and that '/home/sseltzer/public_html/8tzsk__3e4c3ab/' is executable
[Sat Jan 04 13:20:56.687071 2025] [proxy_fcgi:error] [pid 25261:tid 25283] [client 159.223.211.151:56476] AH01071: Got error 'Primary script unknown\n', referer: https://www.sseltzer.com/
[Sat Jan 04 13:21:02.112513 2025] [:error] [pid 27128:tid 27136] [client 209.209.8.61:42604] SoftException in Application.cpp:657: Directory "/home/gavinsco/public_html/wp-admin" is writeable by group
[Sat Jan 04 13:21:02.112628 2025] [core:error] [pid 27128:tid 27136] [client 209.209.8.61:42604] End of script output before headers: locks.php
[Sat Jan 04 13:21:06.550962 2025] [access_compat:error] [pid 25229:tid 25233] [client 85.208.96.211:57338] AH01797: client denied by server configuration: /home/saturnst/public_html/product
[Sat Jan 04 13:21:10.111174 2025] [access_compat:error] [pid 25157:tid 25165] [client 5.161.86.62:36662] AH01797: client denied by server configuration: /home/military/public_html/index.php
[Sat Jan 04 13:21:10.111370 2025] [access_compat:error] [pid 25157:tid 25165] [client 5.161.86.62:36662] AH01797: client denied by server configuration: /home/military/public_html/index.php5
[Sat Jan 04 13:21:10.111730 2025] [access_compat:error] [pid 25157:tid 25165] [client 5.161.86.62:36662] AH01797: client denied by server configuration: /home/military/public_html/index.phtml
[Sat Jan 04 13:21:10.477715 2025] [access_compat:error] [pid 25292:tid 25306] [client 185.191.171.7:43384] AH01797: client denied by server configuration: /home/erxgrafx/public_html/mds.php
[Sat Jan 04 13:21:13.440974 2025] [proxy_fcgi:error] [pid 25157:tid 25166] [client 156.59.198.135:9062] AH01071: Got error 'Primary script unknown\n'
[Sat Jan 04 13:21:14.297156 2025] [access_compat:error] [pid 25292:tid 25297] [client 135.148.100.196:34344] AH01797: client denied by server configuration: /home/focusede/public_html/
[Sat Jan 04 13:21:14.297441 2025] [access_compat:error] [pid 25292:tid 25297] [client 135.148.100.196:34344] AH01797: client denied by server configuration: /home/focusede/public_html/index.php
[Sat Jan 04 13:21:16.013160 2025] [:error] [pid 25261:tid 25281] [client 213.180.203.144:54250] File does not exist: /home/healthyg/public_html/rqinc.com/index.php
[Sat Jan 04 13:21:16.013429 2025] [:error] [pid 25261:tid 25281] [client 213.180.203.144:54250] File does not exist: /home/healthyg/public_html/rqinc.com/index.php
[Sat Jan 04 13:21:24.712497 2025] [access_compat:error] [pid 27128:tid 27135] [client 85.208.96.195:36922] AH01797: client denied by server configuration: /home/military/public_html/start.php
[Sat Jan 04 13:21:37.125217 2025] [access_compat:error] [pid 25292:tid 25298] [client 114.119.128.67:60805] AH01797: client denied by server configuration: /home/olshsdco/public_html/wp-admin/mb.php, referer: http://www.olshsd.com/wp-admin/mb.php?dir=/home/olshsdco/tmp/awstats
[Sat Jan 04 13:22:03.188274 2025] [:error] [pid 25448:tid 25465] [client 209.209.8.61:44902] SoftException in Application.cpp:657: Directory "/home/gavinsco/public_html/wp-admin" is writeable by group
[Sat Jan 04 13:22:03.188596 2025] [core:error] [pid 25448:tid 25465] [client 209.209.8.61:44902] End of script output before headers: locks.php
[Sat Jan 04 13:22:07.711264 2025] [access_compat:error] [pid 25157:tid 25161] [client 85.208.96.210:45042] AH01797: client denied by server configuration: /home/saturnst/public_html/gabut.html
[Sat Jan 04 13:22:13.927446 2025] [access_compat:error] [pid 27128:tid 27155] [client 185.191.171.14:44276] AH01797: client denied by server configuration: /home/erxgrafx/public_html/mds.php
[Sat Jan 04 13:22:25.351995 2025] [access_compat:error] [pid 25261:tid 25265] [client 85.208.96.210:10826] AH01797: client denied by server configuration: /home/military/public_html/start.php
[Sat Jan 04 13:22:29.296320 2025] [core:error] [pid 27128:tid 27138] [client 40.77.167.72:17876] AH00124: Request exceeded the limit of 10 internal redirects due to probable configuration error. Use 'LimitInternalRecursion' to increase the limit if necessary. Use 'LogLevel debug' to get a backtrace.
[Sat Jan 04 13:22:29.296376 2025] [core:error] [pid 27128:tid 27138] [client 40.77.167.72:17876] AH00124: Request exceeded the limit of 10 internal redirects due to probable configuration error. Use 'LimitInternalRecursion' to increase the limit if necessary. Use 'LogLevel debug' to get a backtrace.
[Sat Jan 04 13:23:03.294299 2025] [:error] [pid 25292:tid 25296] [client 209.209.8.61:46738] SoftException in Application.cpp:657: Directory "/home/gavinsco/public_html/wp-admin" is writeable by group
[Sat Jan 04 13:23:03.294720 2025] [core:error] [pid 25292:tid 25296] [client 209.209.8.61:46738] End of script output before headers: locks.php
[Sat Jan 04 13:23:08.713059 2025] [access_compat:error] [pid 25157:tid 25172] [client 185.191.171.7:43364] AH01797: client denied by server configuration: /home/saturnst/public_html/product
[Sat Jan 04 13:23:09.346460 2025] [access_compat:error] [pid 27128:tid 27144] [client 66.249.66.162:45816] AH01797: client denied by server configuration: /home/colorad7/public_html/p=643218
[Sat Jan 04 13:23:15.714449 2025] [access_compat:error] [pid 25229:tid 25238] [client 185.191.171.7:58232] AH01797: client denied by server configuration: /home/erxgrafx/public_html/mds.php
[Sat Jan 04 13:23:25.710470 2025] [access_compat:error] [pid 25261:tid 25271] [client 85.208.96.205:64002] AH01797: client denied by server configuration: /home/military/public_html/rptegmfmcq.php
[Sat Jan 04 13:23:26.723882 2025] [access_compat:error] [pid 25157:tid 25181] [client 94.102.51.98:33994] AH01797: client denied by server configuration: /home/thefoodd/public_html/wp-json
[Sat Jan 04 13:23:29.304756 2025] [access_compat:error] [pid 25229:tid 25240] [client 199.204.248.150:41790] AH01797: client denied by server configuration: /home/thefoodd/public_html/wp-cron.php
[Sat Jan 04 13:23:29.304883 2025] [access_compat:error] [pid 25229:tid 25240] [client 199.204.248.150:41790] AH01797: client denied by server configuration: /home/thefoodd/public_html/403.shtml
[Sat Jan 04 13:23:29.545661 2025] [access_compat:error] [pid 25157:tid 25181] [client 94.102.51.98:33994] AH01797: client denied by server configuration: /home/thefoodd/public_html/wp-json
[Sat Jan 04 13:23:38.227327 2025] [access_compat:error] [pid 25229:tid 25253] [client 47.128.30.8:50434] AH01797: client denied by server configuration: /home/saturnst/public_html/item
[Sat Jan 04 13:23:45.859139 2025] [access_compat:error] [pid 25261:tid 25274] [client 20.120.134.37:50240] AH01797: client denied by server configuration: /home/focusede/public_html/a
[Sat Jan 04 13:23:45.859403 2025] [access_compat:error] [pid 25261:tid 25274] [client 20.120.134.37:50240] AH01797: client denied by server configuration: /home/focusede/public_html/index.php
[Sat Jan 04 13:24:02.928869 2025] [:error] [pid 25261:tid 25282] [client 209.209.8.61:47758] SoftException in Application.cpp:657: Directory "/home/gavinsco/public_html/wp-admin" is writeable by group
[Sat Jan 04 13:24:02.929079 2025] [core:error] [pid 25261:tid 25282] [client 209.209.8.61:47758] End of script output before headers: locks.php
[Sat Jan 04 13:24:09.671563 2025] [access_compat:error] [pid 25261:tid 25276] [client 85.208.96.210:47458] AH01797: client denied by server configuration: /home/saturnst/public_html/product
[Sat Jan 04 13:24:14.468648 2025] [access_compat:error] [pid 25292:tid 25303] [client 89.248.163.130:45580] AH01797: client denied by server configuration: /home/thefoodd/public_html/wp-json
[Sat Jan 04 13:24:17.004500 2025] [access_compat:error] [pid 27128:tid 27151] [client 85.208.96.199:17944] AH01797: client denied by server configuration: /home/erxgrafx/public_html/mds.php
[Sat Jan 04 13:24:26.678797 2025] [access_compat:error] [pid 25229:tid 25245] [client 185.191.171.13:18996] AH01797: client denied by server configuration: /home/military/public_html/start.php
[Sat Jan 04 13:24:45.961547 2025] [access_compat:error] [pid 25261:tid 25263] [client 20.15.133.184:1996] AH01797: client denied by server configuration: /home/colorad7/public_html/item
[Sat Jan 04 13:25:03.170831 2025] [:error] [pid 25448:tid 25458] [client 209.209.8.61:49626] SoftException in Application.cpp:657: Directory "/home/gavinsco/public_html/wp-admin" is writeable by group
[Sat Jan 04 13:25:03.170966 2025] [core:error] [pid 25448:tid 25458] [client 209.209.8.61:49626] End of script output before headers: locks.php
[Sat Jan 04 13:25:09.951132 2025] [access_compat:error] [pid 25292:tid 25303] [client 85.208.96.212:41326] AH01797: client denied by server configuration: /home/saturnst/public_html/product
[Sat Jan 04 13:25:18.889050 2025] [access_compat:error] [pid 25261:tid 25279] [client 185.191.171.15:24368] AH01797: client denied by server configuration: /home/erxgrafx/public_html/mds.php
[Sat Jan 04 13:25:25.833413 2025] [core:error] [pid 25292:tid 25299] [client 40.77.167.230:60482] AH00124: Request exceeded the limit of 10 internal redirects due to probable configuration error. Use 'LimitInternalRecursion' to increase the limit if necessary. Use 'LogLevel debug' to get a backtrace.
[Sat Jan 04 13:25:25.833457 2025] [core:error] [pid 25292:tid 25299] [client 40.77.167.230:60482] AH00124: Request exceeded the limit of 10 internal redirects due to probable configuration error. Use 'LimitInternalRecursion' to increase the limit if necessary. Use 'LogLevel debug' to get a backtrace.
[Sat Jan 04 13:25:28.578089 2025] [access_compat:error] [pid 25229:tid 25233] [client 185.191.171.13:34046] AH01797: client denied by server configuration: /home/military/public_html/rptegmfmcq.php
[Sat Jan 04 13:25:34.192398 2025] [access_compat:error] [pid 25448:tid 25475] [client 51.222.253.20:40532] AH01797: client denied by server configuration: /home/ksmanual/public_html/komline.co.uk-hacked/WdBvT/configMPW/Jump/0-raeditsc/RealityClips1_files/2index.php
[Sat Jan 04 13:26:03.045978 2025] [:error] [pid 25448:tid 25466] [client 209.209.8.61:51112] SoftException in Application.cpp:657: Directory "/home/gavinsco/public_html/wp-admin" is writeable by group
[Sat Jan 04 13:26:03.046055 2025] [core:error] [pid 25448:tid 25466] [client 209.209.8.61:51112] End of script output before headers: locks.php
[Sat Jan 04 13:26:10.166016 2025] [access_compat:error] [pid 25448:tid 25454] [client 185.191.171.14:5912] AH01797: client denied by server configuration: /home/saturnst/public_html/product
[Sat Jan 04 13:26:20.292774 2025] [access_compat:error] [pid 25448:tid 25467] [client 185.191.171.11:6276] AH01797: client denied by server configuration: /home/erxgrafx/public_html/mds.php
[Sat Jan 04 13:26:29.088812 2025] [access_compat:error] [pid 25292:tid 25320] [client 85.208.96.204:56164] AH01797: client denied by server configuration: /home/military/public_html/start.php
[Sat Jan 04 13:26:37.519412 2025] [access_compat:error] [pid 25448:tid 25459] [client 114.119.158.165:56569] AH01797: client denied by server configuration: /home/olshsdco/public_html/wp-admin/mb.php, referer: http://www.olshsd.com/wp-admin/mb.php?dir=/home/olshsdco/tmp/awstats
[Sat Jan 04 13:26:46.983416 2025] [proxy_fcgi:error] [pid 25448:tid 25774] [client 145.239.10.137:55063] AH01071: Got error 'Primary script unknown\n', referer: https://firstletterstudios.com/s2.php
[Sat Jan 04 13:26:47.009892 2025] [proxy_fcgi:error] [pid 25292:tid 25319] [client 145.239.10.137:45110] AH01071: Got error 'Primary script unknown\n', referer: https://firstletterstudios.com/jp.php
[Sat Jan 04 13:26:47.012731 2025] [proxy_fcgi:error] [pid 25229:tid 25251] [client 145.239.10.137:48635] AH01071: Got error 'Primary script unknown\n', referer: https://firstletterstudios.com/4d.php
[Sat Jan 04 13:26:51.882658 2025] [access_compat:error] [pid 25157:tid 25181] [client 40.77.167.50:28757] AH01797: client denied by server configuration: /home/ksmanual/public_html/baindex.php
[Sat Jan 04 13:27:02.135909 2025] [:error] [pid 27128:tid 27133] [client 209.209.8.61:52028] SoftException in Application.cpp:657: Directory "/home/gavinsco/public_html/wp-admin" is writeable by group
[Sat Jan 04 13:27:02.136091 2025] [core:error] [pid 27128:tid 27133] [client 209.209.8.61:52028] End of script output before headers: locks.php
[Sat Jan 04 13:27:10.536112 2025] [access_compat:error] [pid 25157:tid 25166] [client 85.208.96.205:15998] AH01797: client denied by server configuration: /home/saturnst/public_html/product
[Sat Jan 04 13:27:13.326737 2025] [proxy:error] [pid 25448:tid 25462] (111)Connection refused: AH00957: http: attempt to connect to 127.0.0.1:2079 (127.0.0.1:2079) failed
[Sat Jan 04 13:27:13.326813 2025] [proxy_http:error] [pid 25448:tid 25462] [client 154.216.18.100:41984] AH01114: HTTP: failed to make connection to backend: 127.0.0.1
[Sat Jan 04 13:27:13.327020 2025] [proxy:error] [pid 25448:tid 25462] (111)Connection refused: AH00957: http: attempt to connect to 127.0.0.1:2079 (127.0.0.1:2079) failed
[Sat Jan 04 13:27:13.327078 2025] [proxy_http:error] [pid 25448:tid 25462] [client 154.216.18.100:41984] AH01114: HTTP: failed to make connection to backend: 127.0.0.1
[Sat Jan 04 13:27:23.008119 2025] [access_compat:error] [pid 25448:tid 25457] [client 85.208.96.207:32710] AH01797: client denied by server configuration: /home/erxgrafx/public_html/mds.php
[Sat Jan 04 13:27:29.369397 2025] [access_compat:error] [pid 25292:tid 25319] [client 185.191.171.2:38062] AH01797: client denied by server configuration: /home/military/public_html/start.php
[Sat Jan 04 13:27:30.348152 2025] [access_compat:error] [pid 25157:tid 25159] [client 157.55.39.201:30675] AH01797: client denied by server configuration: /home/colorad7/public_html/item
[Sat Jan 04 13:27:38.364621 2025] [access_compat:error] [pid 27128:tid 27154] [client 47.128.17.155:13098] AH01797: client denied by server configuration: /home/saturnst/public_html/jp
[Sat Jan 04 13:27:41.977348 2025] [access_compat:error] [pid 27128:tid 27152] [client 200.176.1.93:12480] AH01797: client denied by server configuration: /home/thefoodd/public_html/2013
[Sat Jan 04 13:27:44.581575 2025] [access_compat:error] [pid 25157:tid 25176] [client 199.204.248.150:55760] AH01797: client denied by server configuration: /home/thefoodd/public_html/wp-cron.php
[Sat Jan 04 13:27:44.581687 2025] [access_compat:error] [pid 25157:tid 25176] [client 199.204.248.150:55760] AH01797: client denied by server configuration: /home/thefoodd/public_html/403.shtml
[Sat Jan 04 13:27:54.143860 2025] [:error] [pid 25261:tid 25283] [client 69.197.182.50:49144] SoftException in Application.cpp:657: Directory "/home/gavinsco/public_html/wp-content" is writeable by group, referer: https://gavinscott.co.uk/wp-content/wp-configs.php
[Sat Jan 04 13:27:54.144124 2025] [core:error] [pid 25261:tid 25283] [client 69.197.182.50:49144] End of script output before headers: wp-configs.php, referer: https://gavinscott.co.uk/wp-content/wp-configs.php
[Sat Jan 04 13:28:03.354734 2025] [:error] [pid 25448:tid 25453] [client 209.209.8.61:54362] SoftException in Application.cpp:657: Directory "/home/gavinsco/public_html/wp-admin" is writeable by group
[Sat Jan 04 13:28:03.354813 2025] [core:error] [pid 25448:tid 25453] [client 209.209.8.61:54362] End of script output before headers: locks.php
[Sat Jan 04 13:28:10.943727 2025] [access_compat:error] [pid 25229:tid 25253] [client 185.191.171.13:56600] AH01797: client denied by server configuration: /home/saturnst/public_html/product
[Sat Jan 04 13:28:15.132191 2025] [:error] [pid 25229:tid 25231] [client 5.255.231.25:59010] File does not exist: /home/healthyg/public_html/rqinc.com/index.php
[Sat Jan 04 13:28:15.132449 2025] [:error] [pid 25229:tid 25231] [client 5.255.231.25:59010] File does not exist: /home/healthyg/public_html/rqinc.com/index.php
[Sat Jan 04 13:28:19.914358 2025] [access_compat:error] [pid 25229:tid 25234] [client 45.167.212.32:63116] AH01797: client denied by server configuration: /home/thefoodd/public_html/2017
[Sat Jan 04 13:28:24.497998 2025] [access_compat:error] [pid 25292:tid 25316] [client 185.191.171.6:7282] AH01797: client denied by server configuration: /home/erxgrafx/public_html/mds.php
[Sat Jan 04 13:28:29.792557 2025] [access_compat:error] [pid 25157:tid 25173] [client 85.208.96.203:21218] AH01797: client denied by server configuration: /home/military/public_html/start.php
[Sat Jan 04 13:28:35.634916 2025] [:error] [pid 25261:tid 25272] [client 213.180.203.176:48890] File does not exist: /home/healthyg/public_html/rqinc.com/index.php
[Sat Jan 04 13:28:35.635156 2025] [:error] [pid 25261:tid 25272] [client 213.180.203.176:48890] File does not exist: /home/healthyg/public_html/rqinc.com/index.php
[Sat Jan 04 13:29:02.730928 2025] [:error] [pid 25448:tid 25453] [client 209.209.8.61:55754] SoftException in Application.cpp:657: Directory "/home/gavinsco/public_html/wp-admin" is writeable by group
[Sat Jan 04 13:29:02.730991 2025] [core:error] [pid 25448:tid 25453] [client 209.209.8.61:55754] End of script output before headers: locks.php
[Sat Jan 04 13:29:09.750261 2025] [access_compat:error] [pid 25448:tid 25465] [client 66.249.66.161:45267] AH01797: client denied by server configuration: /home/colorad7/public_html/1138200
[Sat Jan 04 13:29:11.251113 2025] [access_compat:error] [pid 25261:tid 25270] [client 85.208.96.194:34260] AH01797: client denied by server configuration: /home/saturnst/public_html/product
[Sat Jan 04 13:29:16.881760 2025] [proxy:error] [pid 25157:tid 25164] (111)Connection refused: AH00957: http: attempt to connect to 127.0.0.1:2079 (127.0.0.1:2079) failed
[Sat Jan 04 13:29:16.881839 2025] [proxy_http:error] [pid 25157:tid 25164] [client 204.16.172.106:51103] AH01114: HTTP: failed to make connection to backend: 127.0.0.1
[Sat Jan 04 13:29:16.882090 2025] [proxy:error] [pid 25157:tid 25164] (111)Connection refused: AH00957: http: attempt to connect to 127.0.0.1:2079 (127.0.0.1:2079) failed
[Sat Jan 04 13:29:16.882156 2025] [proxy_http:error] [pid 25157:tid 25164] [client 204.16.172.106:51103] AH01114: HTTP: failed to make connection to backend: 127.0.0.1
[Sat Jan 04 13:29:25.998129 2025] [access_compat:error] [pid 25261:tid 25280] [client 85.208.96.211:61154] AH01797: client denied by server configuration: /home/erxgrafx/public_html/mds.php
[Sat Jan 04 13:29:28.165846 2025] [access_compat:error] [pid 27128:tid 27136] [client 66.249.66.69:37613] AH01797: client denied by server configuration: /home/olshsdco/public_html/good.php
[Sat Jan 04 13:29:29.903793 2025] [access_compat:error] [pid 25157:tid 25163] [client 85.208.96.206:59068] AH01797: client denied by server configuration: /home/military/public_html/start.php
[Sat Jan 04 13:29:54.052970 2025] [access_compat:error] [pid 25157:tid 25172] [client 94.102.51.98:49296] AH01797: client denied by server configuration: /home/thefoodd/public_html/wp-json
[Sat Jan 04 13:29:56.607834 2025] [access_compat:error] [pid 25261:tid 25284] [client 199.204.248.150:44902] AH01797: client denied by server configuration: /home/thefoodd/public_html/wp-cron.php
[Sat Jan 04 13:29:56.607955 2025] [access_compat:error] [pid 25261:tid 25284] [client 199.204.248.150:44902] AH01797: client denied by server configuration: /home/thefoodd/public_html/403.shtml
[Sat Jan 04 13:29:56.970596 2025] [access_compat:error] [pid 25157:tid 25172] [client 94.102.51.98:49296] AH01797: client denied by server configuration: /home/thefoodd/public_html/wp-json
[Sat Jan 04 13:30:02.419890 2025] [access_compat:error] [pid 25157:tid 25183] [client 185.191.171.3:62860] AH01797: client denied by server configuration: /home/saturnst/public_html/robots.txt
[Sat Jan 04 13:30:04.275963 2025] [:error] [pid 27128:tid 27155] [client 209.209.8.61:56968] SoftException in Application.cpp:657: Directory "/home/gavinsco/public_html/wp-admin" is writeable by group
[Sat Jan 04 13:30:04.276042 2025] [core:error] [pid 27128:tid 27155] [client 209.209.8.61:56968] End of script output before headers: locks.php
[Sat Jan 04 13:30:06.273659 2025] [:error] [pid 25261:tid 25264] [client 213.180.203.200:38020] File does not exist: /home/healthyg/public_html/rqinc.com/index.php
[Sat Jan 04 13:30:06.338213 2025] [:error] [pid 25261:tid 25264] [client 213.180.203.200:38020] File does not exist: /home/healthyg/public_html/rqinc.com/index.php
[Sat Jan 04 13:30:11.562631 2025] [access_compat:error] [pid 25292:tid 25316] [client 85.208.96.209:23710] AH01797: client denied by server configuration: /home/saturnst/public_html/product
[Sat Jan 04 13:30:27.831191 2025] [access_compat:error] [pid 25157:tid 25171] [client 185.191.171.14:52048] AH01797: client denied by server configuration: /home/erxgrafx/public_html/mds.php
[Sat Jan 04 13:30:30.116477 2025] [access_compat:error] [pid 27128:tid 27133] [client 85.208.96.196:16918] AH01797: client denied by server configuration: /home/military/public_html/start.php
[Sat Jan 04 13:30:32.336993 2025] [authz_core:error] [pid 25261:tid 25283] [client 51.222.253.4:52624] AH01630: client denied by server configuration: /home/ksmanual/public_html/komline.co.uk-hacked/WdBvT/configMPW/Jump/0-trespeti/wp-content/uploads/2014/error_log
[Sat Jan 04 13:30:41.292165 2025] [authz_core:error] [pid 25261:tid 25263] [client 165.227.33.113:46468] AH01630: client denied by server configuration: /home/ratmotoc/public_html/php.ini
[Sat Jan 04 13:30:41.292222 2025] [authz_core:error] [pid 25261:tid 25263] [client 165.227.33.113:46468] AH01630: client denied by server configuration: /home/ratmotoc/public_html/error_log
[Sat Jan 04 13:30:42.924846 2025] [proxy_fcgi:error] [pid 25157:tid 25166] [client 165.227.33.113:46576] AH01071: Got error 'Primary script unknown\n', referer: https://mail.ratmoto.net/
[Sat Jan 04 13:30:43.181001 2025] [proxy_fcgi:error] [pid 25261:tid 25281] [client 165.227.33.113:46584] AH01071: Got error 'Primary script unknown\n'
[Sat Jan 04 13:31:03.053624 2025] [:error] [pid 25229:tid 25232] [client 209.209.8.61:58538] SoftException in Application.cpp:657: Directory "/home/gavinsco/public_html/wp-admin" is writeable by group
[Sat Jan 04 13:31:03.053864 2025] [core:error] [pid 25229:tid 25232] [client 209.209.8.61:58538] End of script output before headers: locks.php
[Sat Jan 04 13:31:07.069914 2025] [access_compat:error] [pid 27128:tid 27149] [client 89.248.163.130:54330] AH01797: client denied by server configuration: /home/thefoodd/public_html/wp-json
[Sat Jan 04 13:31:09.671770 2025] [access_compat:error] [pid 25157:tid 25179] [client 199.204.248.150:43744] AH01797: client denied by server configuration: /home/thefoodd/public_html/wp-cron.php
[Sat Jan 04 13:31:09.671877 2025] [access_compat:error] [pid 25157:tid 25179] [client 199.204.248.150:43744] AH01797: client denied by server configuration: /home/thefoodd/public_html/403.shtml
[Sat Jan 04 13:31:12.158803 2025] [access_compat:error] [pid 25292:tid 25300] [client 185.191.171.3:25342] AH01797: client denied by server configuration: /home/saturnst/public_html/product
[Sat Jan 04 13:31:21.904246 2025] [:error] [pid 25448:tid 25463] [client 213.180.203.159:63698] File does not exist: /home/healthyg/public_html/rqinc.com/index.php
[Sat Jan 04 13:31:21.904480 2025] [:error] [pid 25448:tid 25463] [client 213.180.203.159:63698] File does not exist: /home/healthyg/public_html/rqinc.com/index.php
[Sat Jan 04 13:31:30.277035 2025] [access_compat:error] [pid 27128:tid 27137] [client 85.208.96.202:15784] AH01797: client denied by server configuration: /home/military/public_html/start.php
[Sat Jan 04 13:31:31.252185 2025] [access_compat:error] [pid 25229:tid 25244] [client 185.191.171.11:9812] AH01797: client denied by server configuration: /home/erxgrafx/public_html/mds.php
[Sat Jan 04 13:31:37.533904 2025] [proxy_fcgi:error] [pid 27128:tid 27134] [client 45.94.31.133:57659] AH01071: Got error 'Primary script unknown\n'
[Sat Jan 04 13:31:38.644882 2025] [access_compat:error] [pid 25448:tid 25464] [client 47.128.127.231:41852] AH01797: client denied by server configuration: /home/saturnst/public_html/jp
[Sat Jan 04 13:31:40.712515 2025] [access_compat:error] [pid 25157:tid 25183] [client 114.119.152.245:44073] AH01797: client denied by server configuration: /home/olshsdco/public_html/wp-admin/mb.php, referer: http://www.olshsd.com/wp-admin/mb.php?dir=/home/olshsdco/tmp/awstats
[Sat Jan 04 13:31:45.748437 2025] [access_compat:error] [pid 27128:tid 27147] [client 94.102.51.98:46324] AH01797: client denied by server configuration: /home/thefoodd/public_html/wp-json
[Sat Jan 04 13:31:46.141713 2025] [access_compat:error] [pid 25261:tid 25287] [client 94.102.51.98:39208] AH01797: client denied by server configuration: /home/thefoodd/public_html/wp-json
[Sat Jan 04 13:31:48.885375 2025] [access_compat:error] [pid 25261:tid 25287] [client 94.102.51.98:39208] AH01797: client denied by server configuration: /home/thefoodd/public_html/wp-json
[Sat Jan 04 13:31:49.138804 2025] [access_compat:error] [pid 27128:tid 27147] [client 94.102.51.98:46324] AH01797: client denied by server configuration: /home/thefoodd/public_html/wp-json
[Sat Jan 04 13:31:51.755344 2025] [access_compat:error] [pid 25261:tid 25287] [client 94.102.51.98:39208] AH01797: client denied by server configuration: /home/thefoodd/public_html/wp-json
[Sat Jan 04 13:31:52.221121 2025] [access_compat:error] [pid 27128:tid 27147] [client 94.102.51.98:46324] AH01797: client denied by server configuration: /home/thefoodd/public_html/wp-json
[Sat Jan 04 13:31:56.238426 2025] [access_compat:error] [pid 27128:tid 27147] [client 94.102.51.98:46324] AH01797: client denied by server configuration: /home/thefoodd/public_html/wp-json
[Sat Jan 04 13:31:59.000218 2025] [access_compat:error] [pid 27128:tid 27147] [client 94.102.51.98:46324] AH01797: client denied by server configuration: /home/thefoodd/public_html/wp-json
[Sat Jan 04 13:32:03.013870 2025] [:error] [pid 25292:tid 25298] [client 209.209.8.61:60596] SoftException in Application.cpp:657: Directory "/home/gavinsco/public_html/wp-admin" is writeable by group
[Sat Jan 04 13:32:03.013950 2025] [core:error] [pid 25292:tid 25298] [client 209.209.8.61:60596] End of script output before headers: locks.php
[Sat Jan 04 13:32:12.362860 2025] [access_compat:error] [pid 27128:tid 27133] [client 185.191.171.19:51784] AH01797: client denied by server configuration: /home/saturnst/public_html/product
[Sat Jan 04 13:32:13.643672 2025] [cgid:error] [pid 25229:tid 25235] [client 161.35.21.147:46784] AH01264: stderr from /usr/local/cpanel/cgi-sys/favicon.ico: script not found or unable to stat, referer: http://trespetit.com/cgi-sys/suspendedpage.cgi
[Sat Jan 04 13:32:16.961185 2025] [proxy_fcgi:error] [pid 25292:tid 25311] [client 129.213.94.27:61622] AH01071: Got error 'Primary script unknown\n'
[Sat Jan 04 13:32:17.038950 2025] [cgid:error] [pid 25448:tid 25456] [client 161.35.21.147:54096] AH01264: stderr from /usr/local/cpanel/cgi-sys/favicon.ico: script not found or unable to stat, referer: https://trespetit.com/cgi-sys/suspendedpage.cgi
[Sat Jan 04 13:32:18.272988 2025] [proxy_fcgi:error] [pid 25292:tid 25311] [client 129.213.94.27:61622] AH01071: Got error 'Primary script unknown\n'
[Sat Jan 04 13:32:23.493123 2025] [proxy_fcgi:error] [pid 27128:tid 27148] [client 129.213.94.27:54619] AH01071: Got error 'Primary script unknown\n'
[Sat Jan 04 13:32:26.514867 2025] [proxy_fcgi:error] [pid 27128:tid 27148] [client 129.213.94.27:54619] AH01071: Got error 'Primary script unknown\n'
[Sat Jan 04 13:32:27.832097 2025] [proxy_fcgi:error] [pid 27128:tid 27148] [client 129.213.94.27:54619] AH01071: Got error 'Primary script unknown\n'
