[ SEA-GHOST MINI SHELL]

Path : /proc/2/task/2/cwd/proc/3/task/3/root/proc/self/root/proc/3/root/usr/local/apache/
FILE UPLOADER :
Current File : //proc/2/task/2/cwd/proc/3/task/3/root/proc/self/root/proc/3/root/usr/local/apache/error_log

[Sat Jan 04 12:11:48.851980 2025] [ssl:warn] [pid 8904:tid 8904] AH01909: _wildcard_.oldlarrygraymusic.com:443:0 server certificate does NOT include an ID which matches the server name
[Sat Jan 04 12:11:48.905447 2025] [ssl:warn] [pid 8904:tid 8904] AH01909: warewolfemedia.sandjacket.com:443:0 server certificate does NOT include an ID which matches the server name
[Sat Jan 04 12:11:48.926197 2025] [ssl:warn] [pid 8904:tid 8904] AH01909: theaquarianchurch.oldrockymountainastrologer.com:443:0 server certificate does NOT include an ID which matches the server name
[Sat Jan 04 12:11:48.934523 2025] [ssl:warn] [pid 8904:tid 8904] AH01909: omniacts.oldpuccinifilms.com:443:0 server certificate does NOT include an ID which matches the server name
[Sat Jan 04 12:11:48.947026 2025] [ssl:warn] [pid 8904:tid 8904] AH01909: quoisdeath.macfixers.com:443:0 server certificate does NOT include an ID which matches the server name
[Sat Jan 04 12:11:48.948878 2025] [ssl:warn] [pid 8904:tid 8904] AH01909: keeperss.keepers-shop.com:443:0 server certificate does NOT include an ID which matches the server name
[Sat Jan 04 12:11:48.949647 2025] [ssl:warn] [pid 8904:tid 8904] AH01909: simonsmithgoalkeeping.keepers-shop.com:443:0 server certificate does NOT include an ID which matches the server name
[Sat Jan 04 12:11:48.957457 2025] [ssl:warn] [pid 8904:tid 8904] AH01909: flyinglotusaerial.focusonthememory.com:443:0 server certificate does NOT include an ID which matches the server name
[Sat Jan 04 12:11:48.960571 2025] [ssl:warn] [pid 8904:tid 8904] AH01909: drtomahern.ethantomas.net:443:0 server certificate does NOT include an ID which matches the server name
[Sat Jan 04 12:11:48.973696 2025] [ssl:warn] [pid 8904:tid 8904] AH01909: commonsensequotient.ethantomas.net:443:0 server certificate does NOT include an ID which matches the server name
[Sat Jan 04 12:11:49.011928 2025] [ssl:warn] [pid 8904:tid 8904] AH01909: kristinedaniels.acushnetteachers.com:443:0 server certificate does NOT include an ID which matches the server name
[Sat Jan 04 12:11:49.027462 2025] [ssl:warn] [pid 8904:tid 8904] AH01909: thewelldressedwindow.com:443:0 server certificate does NOT include an ID which matches the server name
[Sat Jan 04 12:11:49.088795 2025] [ssl:warn] [pid 8904:tid 8904] AH01909: screeningco.com:443:0 server certificate does NOT include an ID which matches the server name
[Sat Jan 04 12:11:49.100802 2025] [ssl:warn] [pid 8904:tid 8904] AH01909: old8pointlake.org:443:0 server certificate does NOT include an ID which matches the server name
[Sat Jan 04 12:11:49.105363 2025] [ssl:warn] [pid 8904:tid 8904] AH01909: philosofiction.com:443:0 server certificate does NOT include an ID which matches the server name
[Sat Jan 04 12:11:49.118044 2025] [ssl:warn] [pid 8904:tid 8904] AH01909: living-awareness.com:443:0 server certificate does NOT include an ID which matches the server name
[Sat Jan 04 12:11:49.118716 2025] [ssl:warn] [pid 8904:tid 8904] AH01909: lindsaygarber.com:443:0 server certificate does NOT include an ID which matches the server name
[Sat Jan 04 12:11:49.132935 2025] [ssl:warn] [pid 8904:tid 8904] AH01909: focusonthememory.com:443:0 server certificate does NOT include an ID which matches the server name
[Sat Jan 04 12:11:49.190197 2025] [ssl:warn] [pid 8904:tid 8904] AH01909: evpinfo.com:443:0 server certificate does NOT include an ID which matches the server name
[Sat Jan 04 12:11:49.190984 2025] [ssl:warn] [pid 8904:tid 8904] AH01909: ethantomas.net:443:0 server certificate does NOT include an ID which matches the server name
[Sat Jan 04 12:11:49.199518 2025] [ssl:warn] [pid 8904:tid 8904] AH01909: duringerortholab.com:443:0 server certificate does NOT include an ID which matches the server name
[Sat Jan 04 12:11:49.203329 2025] [ssl:warn] [pid 8904:tid 8904] AH01909: cvsmith.com:443:0 server certificate does NOT include an ID which matches the server name
[Sat Jan 04 12:11:49.204563 2025] [ssl:warn] [pid 8904:tid 8904] AH01909: customdemo1.com:443:0 server certificate does NOT include an ID which matches the server name
[Sat Jan 04 12:11:49.205633 2025] [ssl:warn] [pid 8904:tid 8904] AH01909: cribbagemasters.com:443:0 server certificate does NOT include an ID which matches the server name
[Sat Jan 04 12:11:49.206611 2025] [ssl:warn] [pid 8904:tid 8904] AH01909: cornerlaughers.com:443:0 server certificate does NOT include an ID which matches the server name
[Sat Jan 04 12:11:49.209825 2025] [ssl:warn] [pid 8904:tid 8904] AH01909: chrisjgauthier.com:443:0 server certificate does NOT include an ID which matches the server name
[Sat Jan 04 12:11:49.214219 2025] [ssl:warn] [pid 8904:tid 8904] AH01909: casadeestrellaswest.com:443:0 server certificate does NOT include an ID which matches the server name
[Sat Jan 04 12:11:49.223258 2025] [ssl:warn] [pid 8904:tid 8904] AH01909: brennaburnsyu.com:443:0 server certificate does NOT include an ID which matches the server name
[Sat Jan 04 12:11:49.251603 2025] [ssl:warn] [pid 8904:tid 8904] AH01909: agriestidesigns.com:443:0 server certificate does NOT include an ID which matches the server name
[Sat Jan 04 12:11:49.257056 2025] [ssl:warn] [pid 8904:tid 8904] AH01909: oldocean-power.us:443:0 server certificate does NOT include an ID which matches the server name
[Sat Jan 04 12:11:49.269478 2025] [mpm_worker:notice] [pid 8904:tid 8904] AH00292: Apache/2.4.62 (cPanel) OpenSSL/1.1.1w mod_bwlimited/1.4 configured -- resuming normal operations
[Sat Jan 04 12:11:49.269523 2025] [core:notice] [pid 8904:tid 8904] AH00094: Command line: '/usr/sbin/httpd'
[Sat Jan 04 12:11:52.739474 2025] [access_compat:error] [pid 25229:tid 25245] [client 198.235.24.230:60776] AH01797: client denied by server configuration: /home/focusede/public_html/
[Sat Jan 04 12:11:52.739734 2025] [access_compat:error] [pid 25229:tid 25245] [client 198.235.24.230:60776] AH01797: client denied by server configuration: /home/focusede/public_html/index.php
[Sat Jan 04 12:11:54.737340 2025] [access_compat:error] [pid 25292:tid 25299] [client 185.191.171.2:11090] AH01797: client denied by server configuration: /home/erxgrafx/public_html/mds.php
[Sat Jan 04 12:12:02.298501 2025] [:error] [pid 25157:tid 25160] [client 209.209.8.61:48178] SoftException in Application.cpp:657: Directory "/home/gavinsco/public_html/wp-admin" is writeable by group
[Sat Jan 04 12:12:02.298594 2025] [core:error] [pid 25157:tid 25160] [client 209.209.8.61:48178] End of script output before headers: locks.php
[Sat Jan 04 12:12:09.762220 2025] [access_compat:error] [pid 25157:tid 25180] [client 85.208.96.195:2280] AH01797: client denied by server configuration: /home/military/public_html/rptegmfmcq.php
[Sat Jan 04 12:12:24.934177 2025] [access_compat:error] [pid 25229:tid 25252] [client 85.208.96.208:32700] AH01797: client denied by server configuration: /home/saturnst/public_html/product
[Sat Jan 04 12:12:54.869060 2025] [access_compat:error] [pid 25157:tid 25182] [client 94.102.51.98:46768] AH01797: client denied by server configuration: /home/thefoodd/public_html/wp-json
[Sat Jan 04 12:12:56.670714 2025] [access_compat:error] [pid 25229:tid 25250] [client 85.208.96.209:39828] AH01797: client denied by server configuration: /home/erxgrafx/public_html/mds.php
[Sat Jan 04 12:12:57.944815 2025] [access_compat:error] [pid 25292:tid 25301] [client 199.204.248.150:52304] AH01797: client denied by server configuration: /home/thefoodd/public_html/wp-cron.php
[Sat Jan 04 12:12:57.945003 2025] [access_compat:error] [pid 25292:tid 25301] [client 199.204.248.150:52304] AH01797: client denied by server configuration: /home/thefoodd/public_html/403.shtml
[Sat Jan 04 12:12:59.150623 2025] [access_compat:error] [pid 25157:tid 25182] [client 94.102.51.98:46768] AH01797: client denied by server configuration: /home/thefoodd/public_html/wp-json
[Sat Jan 04 12:13:02.950733 2025] [:error] [pid 25157:tid 25183] [client 209.209.8.61:50420] SoftException in Application.cpp:657: Directory "/home/gavinsco/public_html/wp-admin" is writeable by group
[Sat Jan 04 12:13:02.950808 2025] [core:error] [pid 25157:tid 25183] [client 209.209.8.61:50420] End of script output before headers: locks.php
[Sat Jan 04 12:13:03.473475 2025] [access_compat:error] [pid 25157:tid 25182] [client 94.102.51.98:46768] AH01797: client denied by server configuration: /home/thefoodd/public_html/wp-json
[Sat Jan 04 12:13:05.828101 2025] [access_compat:error] [pid 25261:tid 25263] [client 89.248.163.130:55686] AH01797: client denied by server configuration: /home/thefoodd/public_html/wp-json
[Sat Jan 04 12:13:05.908130 2025] [access_compat:error] [pid 25229:tid 25243] [client 94.102.51.98:41424] AH01797: client denied by server configuration: /home/thefoodd/public_html/wp-json
[Sat Jan 04 12:13:06.554341 2025] [access_compat:error] [pid 25157:tid 25182] [client 94.102.51.98:46768] AH01797: client denied by server configuration: /home/thefoodd/public_html/wp-json
[Sat Jan 04 12:13:09.253210 2025] [access_compat:error] [pid 25261:tid 25263] [client 89.248.163.130:55686] AH01797: client denied by server configuration: /home/thefoodd/public_html/wp-json
[Sat Jan 04 12:13:09.677451 2025] [access_compat:error] [pid 25229:tid 25243] [client 94.102.51.98:41424] AH01797: client denied by server configuration: /home/thefoodd/public_html/wp-json
[Sat Jan 04 12:13:11.067776 2025] [access_compat:error] [pid 25448:tid 25474] [client 85.208.96.209:59578] AH01797: client denied by server configuration: /home/military/public_html/start.php
[Sat Jan 04 12:13:24.594457 2025] [proxy:error] [pid 25261:tid 25272] (111)Connection refused: AH00957: http: attempt to connect to 127.0.0.1:2079 (127.0.0.1:2079) failed
[Sat Jan 04 12:13:24.594532 2025] [proxy_http:error] [pid 25261:tid 25272] [client 205.210.31.169:62496] AH01114: HTTP: failed to make connection to backend: 127.0.0.1
[Sat Jan 04 12:13:24.594656 2025] [proxy:error] [pid 25261:tid 25272] (111)Connection refused: AH00957: http: attempt to connect to 127.0.0.1:2079 (127.0.0.1:2079) failed
[Sat Jan 04 12:13:24.594710 2025] [proxy_http:error] [pid 25261:tid 25272] [client 205.210.31.169:62496] AH01114: HTTP: failed to make connection to backend: 127.0.0.1
[Sat Jan 04 12:13:25.238019 2025] [access_compat:error] [pid 25292:tid 25307] [client 85.208.96.200:37674] AH01797: client denied by server configuration: /home/saturnst/public_html/product
[Sat Jan 04 12:13:43.655249 2025] [core:error] [pid 25448:tid 25466] [client 52.167.144.159:2243] AH00124: Request exceeded the limit of 10 internal redirects due to probable configuration error. Use 'LimitInternalRecursion' to increase the limit if necessary. Use 'LogLevel debug' to get a backtrace.
[Sat Jan 04 12:13:43.655293 2025] [core:error] [pid 25448:tid 25466] [client 52.167.144.159:2243] AH00124: Request exceeded the limit of 10 internal redirects due to probable configuration error. Use 'LimitInternalRecursion' to increase the limit if necessary. Use 'LogLevel debug' to get a backtrace.
[Sat Jan 04 12:13:58.365126 2025] [access_compat:error] [pid 25448:tid 25465] [client 101.44.186.15:55978] AH01797: client denied by server configuration: /home/saturnst/public_html/8ra53mve, referer: http://saturnstudios.com/8ra53mve/hyundai-engine-repair-cost.html
[Sat Jan 04 12:13:58.735303 2025] [access_compat:error] [pid 25229:tid 25250] [client 185.191.171.13:19540] AH01797: client denied by server configuration: /home/erxgrafx/public_html/mds.php
[Sat Jan 04 12:14:03.300413 2025] [:error] [pid 25448:tid 25474] [client 209.209.8.61:52220] SoftException in Application.cpp:657: Directory "/home/gavinsco/public_html/wp-admin" is writeable by group
[Sat Jan 04 12:14:03.300632 2025] [core:error] [pid 25448:tid 25474] [client 209.209.8.61:52220] End of script output before headers: locks.php
[Sat Jan 04 12:14:12.188480 2025] [access_compat:error] [pid 25157:tid 25176] [client 185.191.171.12:4444] AH01797: client denied by server configuration: /home/military/public_html/rptegmfmcq.php
[Sat Jan 04 12:14:25.680088 2025] [access_compat:error] [pid 25229:tid 25247] [client 185.191.171.13:21040] AH01797: client denied by server configuration: /home/saturnst/public_html/product
[Sat Jan 04 12:14:44.696437 2025] [access_compat:error] [pid 25157:tid 25177] [client 51.222.253.7:25812] AH01797: client denied by server configuration: /home/ksmanual/public_html/komline.co.uk-hacked/WdBvT/configMPW/Jump/0-lpldol/wp-config-sample.php
[Sat Jan 04 12:14:44.696540 2025] [access_compat:error] [pid 25157:tid 25177] [client 51.222.253.7:25812] AH01797: client denied by server configuration: /home/ksmanual/public_html/komline.co.uk-hacked/WdBvT/configMPW/Jump/0-lpldol/test.php
[Sat Jan 04 12:14:47.842186 2025] [access_compat:error] [pid 25157:tid 25177] [client 51.222.253.7:25812] AH01797: client denied by server configuration: /home/ksmanual/public_html/komline.co.uk-hacked/WdBvT/configMPW/Jump/0-lpldol/wp-settings.php
[Sat Jan 04 12:14:51.609776 2025] [access_compat:error] [pid 25157:tid 25177] [client 51.222.253.7:25812] AH01797: client denied by server configuration: /home/ksmanual/public_html/komline.co.uk-hacked/WdBvT/configMPW/Jump/0-lpldol/wp-load.php
[Sat Jan 04 12:14:51.609941 2025] [access_compat:error] [pid 25157:tid 25177] [client 51.222.253.7:25812] AH01797: client denied by server configuration: /home/ksmanual/public_html/komline.co.uk-hacked/WdBvT/configMPW/Jump/0-lpldol/wp-links-opml.php
[Sat Jan 04 12:14:51.610449 2025] [access_compat:error] [pid 25157:tid 25177] [client 51.222.253.7:25812] AH01797: client denied by server configuration: /home/ksmanual/public_html/komline.co.uk-hacked/WdBvT/configMPW/Jump/0-lpldol/wp-comments-post.php
[Sat Jan 04 12:14:51.610506 2025] [access_compat:error] [pid 25157:tid 25177] [client 51.222.253.7:25812] AH01797: client denied by server configuration: /home/ksmanual/public_html/komline.co.uk-hacked/WdBvT/configMPW/Jump/0-lpldol/wp-cron.php
[Sat Jan 04 12:14:51.610567 2025] [access_compat:error] [pid 25157:tid 25177] [client 51.222.253.7:25812] AH01797: client denied by server configuration: /home/ksmanual/public_html/komline.co.uk-hacked/WdBvT/configMPW/Jump/0-lpldol/wp-config.php
[Sat Jan 04 12:14:51.610627 2025] [access_compat:error] [pid 25157:tid 25177] [client 51.222.253.7:25812] AH01797: client denied by server configuration: /home/ksmanual/public_html/komline.co.uk-hacked/WdBvT/configMPW/Jump/0-lpldol/wp-signup.php
[Sat Jan 04 12:14:51.610681 2025] [access_compat:error] [pid 25157:tid 25177] [client 51.222.253.7:25812] AH01797: client denied by server configuration: /home/ksmanual/public_html/komline.co.uk-hacked/WdBvT/configMPW/Jump/0-lpldol/wp-activate.php
[Sat Jan 04 12:14:51.610740 2025] [access_compat:error] [pid 25157:tid 25177] [client 51.222.253.7:25812] AH01797: client denied by server configuration: /home/ksmanual/public_html/komline.co.uk-hacked/WdBvT/configMPW/Jump/0-lpldol/xmlrpc.php
[Sat Jan 04 12:14:51.610804 2025] [access_compat:error] [pid 25157:tid 25177] [client 51.222.253.7:25812] AH01797: client denied by server configuration: /home/ksmanual/public_html/komline.co.uk-hacked/WdBvT/configMPW/Jump/0-lpldol/wp-trackback.php
[Sat Jan 04 12:14:51.890421 2025] [access_compat:error] [pid 25157:tid 25177] [client 51.222.253.7:25812] AH01797: client denied by server configuration: /home/ksmanual/public_html/komline.co.uk-hacked/WdBvT/configMPW/Jump/0-lpldol/wp-blog-header.php
[Sat Jan 04 12:14:52.000218 2025] [access_compat:error] [pid 25157:tid 25177] [client 51.222.253.7:25812] AH01797: client denied by server configuration: /home/ksmanual/public_html/komline.co.uk-hacked/WdBvT/configMPW/Jump/0-lpldol/zwyyjcpr.php
[Sat Jan 04 12:14:52.003712 2025] [access_compat:error] [pid 25157:tid 25177] [client 51.222.253.7:25812] AH01797: client denied by server configuration: /home/ksmanual/public_html/komline.co.uk-hacked/WdBvT/configMPW/Jump/0-lpldol/wp-mail.php
[Sat Jan 04 12:14:54.980487 2025] [access_compat:error] [pid 25229:tid 25240] [client 187.84.190.154:56791] AH01797: client denied by server configuration: /home/thefoodd/public_html/2017
[Sat Jan 04 12:14:55.167579 2025] [access_compat:error] [pid 27128:tid 27138] [client 94.102.51.98:54454] AH01797: client denied by server configuration: /home/thefoodd/public_html/wp-json
[Sat Jan 04 12:15:00.502692 2025] [access_compat:error] [pid 25229:tid 25235] [client 199.204.248.150:33306] AH01797: client denied by server configuration: /home/thefoodd/public_html/wp-cron.php
[Sat Jan 04 12:15:00.502816 2025] [access_compat:error] [pid 25229:tid 25235] [client 199.204.248.150:33306] AH01797: client denied by server configuration: /home/thefoodd/public_html/403.shtml
[Sat Jan 04 12:15:00.746016 2025] [access_compat:error] [pid 27128:tid 27133] [client 199.204.248.150:33310] AH01797: client denied by server configuration: /home/thefoodd/public_html/wp-cron.php
[Sat Jan 04 12:15:00.746106 2025] [access_compat:error] [pid 27128:tid 27133] [client 199.204.248.150:33310] AH01797: client denied by server configuration: /home/thefoodd/public_html/403.shtml
[Sat Jan 04 12:15:01.000296 2025] [access_compat:error] [pid 25157:tid 25165] [client 185.191.171.1:59794] AH01797: client denied by server configuration: /home/erxgrafx/public_html/mds.php
[Sat Jan 04 12:15:01.124312 2025] [access_compat:error] [pid 27128:tid 27138] [client 94.102.51.98:54454] AH01797: client denied by server configuration: /home/thefoodd/public_html/wp-json
[Sat Jan 04 12:15:02.640597 2025] [access_compat:error] [pid 27128:tid 27132] [client 66.249.69.64:57232] AH01797: client denied by server configuration: /home/colorad7/public_html/p=865037
[Sat Jan 04 12:15:03.089396 2025] [:error] [pid 25292:tid 25305] [client 209.209.8.61:52954] SoftException in Application.cpp:657: Directory "/home/gavinsco/public_html/wp-admin" is writeable by group
[Sat Jan 04 12:15:03.089530 2025] [core:error] [pid 25292:tid 25305] [client 209.209.8.61:52954] End of script output before headers: locks.php
[Sat Jan 04 12:15:13.457844 2025] [access_compat:error] [pid 25448:tid 25467] [client 185.191.171.15:38276] AH01797: client denied by server configuration: /home/military/public_html/rptegmfmcq.php
[Sat Jan 04 12:15:21.405839 2025] [access_compat:error] [pid 25157:tid 25170] [client 94.102.51.98:49220] AH01797: client denied by server configuration: /home/thefoodd/public_html/wp-json
[Sat Jan 04 12:15:24.358022 2025] [access_compat:error] [pid 25157:tid 25170] [client 94.102.51.98:49220] AH01797: client denied by server configuration: /home/thefoodd/public_html/wp-json
[Sat Jan 04 12:15:25.782043 2025] [proxy_fcgi:error] [pid 25261:tid 25267] [client 41.59.172.95:59353] AH01071: Got error 'Primary script unknown\n'
[Sat Jan 04 12:15:26.016337 2025] [proxy_fcgi:error] [pid 25261:tid 25267] [client 41.59.172.95:59353] AH01071: Got error 'Primary script unknown\n'
[Sat Jan 04 12:15:26.378010 2025] [access_compat:error] [pid 25157:tid 25174] [client 185.191.171.14:53552] AH01797: client denied by server configuration: /home/saturnst/public_html/product
[Sat Jan 04 12:15:26.674715 2025] [proxy_fcgi:error] [pid 25261:tid 25271] [client 41.59.172.95:59356] AH01071: Got error 'Primary script unknown\n'
[Sat Jan 04 12:15:26.930463 2025] [proxy_fcgi:error] [pid 25261:tid 25271] [client 41.59.172.95:59356] AH01071: Got error 'Primary script unknown\n'
[Sat Jan 04 12:15:32.149306 2025] [proxy_fcgi:error] [pid 25157:tid 25171] [client 216.244.66.203:59940] AH01071: Got error 'Primary script unknown\n'
[Sat Jan 04 12:15:34.949151 2025] [access_compat:error] [pid 25229:tid 25239] [client 47.128.98.239:48514] AH01797: client denied by server configuration: /home/saturnst/public_html/jp
[Sat Jan 04 12:15:52.102112 2025] [proxy_fcgi:error] [pid 27128:tid 27150] [client 87.120.114.239:49052] AH01071: Got error 'Primary script unknown\n'
[Sat Jan 04 12:16:01.629646 2025] [access_compat:error] [pid 25229:tid 25249] [client 87.120.114.239:50772] AH01797: client denied by server configuration: /home/homerepa/public_html/index.php5
[Sat Jan 04 12:16:01.630486 2025] [access_compat:error] [pid 25229:tid 25249] [client 87.120.114.239:50772] AH01797: client denied by server configuration: /home/homerepa/public_html/index.phtml
[Sat Jan 04 12:16:02.238165 2025] [access_compat:error] [pid 25261:tid 25275] [client 185.191.171.14:14472] AH01797: client denied by server configuration: /home/erxgrafx/public_html/mds.php
[Sat Jan 04 12:16:03.279018 2025] [:error] [pid 25229:tid 25245] [client 209.209.8.61:54472] SoftException in Application.cpp:657: Directory "/home/gavinsco/public_html/wp-admin" is writeable by group
[Sat Jan 04 12:16:03.279348 2025] [core:error] [pid 25229:tid 25245] [client 209.209.8.61:54472] End of script output before headers: locks.php
[Sat Jan 04 12:16:10.724095 2025] [access_compat:error] [pid 25261:tid 25277] [client 94.102.51.98:51288] AH01797: client denied by server configuration: /home/thefoodd/public_html/wp-json
[Sat Jan 04 12:16:13.894515 2025] [access_compat:error] [pid 25157:tid 25182] [client 199.204.248.150:44554] AH01797: client denied by server configuration: /home/thefoodd/public_html/wp-cron.php
[Sat Jan 04 12:16:13.894633 2025] [access_compat:error] [pid 25157:tid 25182] [client 199.204.248.150:44554] AH01797: client denied by server configuration: /home/thefoodd/public_html/403.shtml
[Sat Jan 04 12:16:14.622396 2025] [access_compat:error] [pid 25229:tid 25250] [client 185.191.171.1:33692] AH01797: client denied by server configuration: /home/military/public_html/rptegmfmcq.php
[Sat Jan 04 12:16:26.540314 2025] [access_compat:error] [pid 25292:tid 25302] [client 85.208.96.193:37722] AH01797: client denied by server configuration: /home/saturnst/public_html/product
[Sat Jan 04 12:16:36.317127 2025] [access_compat:error] [pid 27128:tid 27144] [client 114.119.136.103:26135] AH01797: client denied by server configuration: /home/olshsdco/public_html/wp-admin/mb.php, referer: http://www.olshsd.com/wp-admin/mb.php?dir=/home/olshsdco/cache
[Sat Jan 04 12:16:39.838926 2025] [proxy_fcgi:error] [pid 25292:tid 25313] [client 34.73.206.133:39139] AH01071: Got error 'Primary script unknown\n'
[Sat Jan 04 12:16:53.665830 2025] [:error] [pid 25157:tid 25177] [client 69.197.182.50:52080] SoftException in Application.cpp:657: Directory "/home/gavinsco/public_html/wp-content" is writeable by group, referer: https://gavinscott.co.uk/wp-content/wp-configs.php
[Sat Jan 04 12:16:53.665908 2025] [core:error] [pid 25157:tid 25177] [client 69.197.182.50:52080] End of script output before headers: wp-configs.php, referer: https://gavinscott.co.uk/wp-content/wp-configs.php
[Sat Jan 04 12:17:03.365580 2025] [:error] [pid 25157:tid 25164] [client 209.209.8.61:55766] SoftException in Application.cpp:657: Directory "/home/gavinsco/public_html/wp-admin" is writeable by group
[Sat Jan 04 12:17:03.366415 2025] [core:error] [pid 25157:tid 25164] [client 209.209.8.61:55766] End of script output before headers: locks.php
[Sat Jan 04 12:17:03.786138 2025] [access_compat:error] [pid 25261:tid 25269] [client 185.191.171.15:33180] AH01797: client denied by server configuration: /home/erxgrafx/public_html/mds.php
[Sat Jan 04 12:17:09.741888 2025] [core:error] [pid 25229:tid 25246] [client 207.46.13.154:41857] AH00124: Request exceeded the limit of 10 internal redirects due to probable configuration error. Use 'LimitInternalRecursion' to increase the limit if necessary. Use 'LogLevel debug' to get a backtrace.
[Sat Jan 04 12:17:09.741925 2025] [core:error] [pid 25229:tid 25246] [client 207.46.13.154:41857] AH00124: Request exceeded the limit of 10 internal redirects due to probable configuration error. Use 'LimitInternalRecursion' to increase the limit if necessary. Use 'LogLevel debug' to get a backtrace.
[Sat Jan 04 12:17:14.884514 2025] [access_compat:error] [pid 25448:tid 25462] [client 185.191.171.18:17472] AH01797: client denied by server configuration: /home/military/public_html/start.php
[Sat Jan 04 12:17:27.449710 2025] [access_compat:error] [pid 25261:tid 25263] [client 185.191.171.14:27140] AH01797: client denied by server configuration: /home/saturnst/public_html/product
[Sat Jan 04 12:17:32.374024 2025] [access_compat:error] [pid 25292:tid 25296] [client 94.102.51.98:53442] AH01797: client denied by server configuration: /home/thefoodd/public_html/wp-json
[Sat Jan 04 12:17:35.096141 2025] [access_compat:error] [pid 25157:tid 25181] [client 199.204.248.150:43656] AH01797: client denied by server configuration: /home/thefoodd/public_html/wp-cron.php
[Sat Jan 04 12:17:35.096295 2025] [access_compat:error] [pid 25157:tid 25181] [client 199.204.248.150:43656] AH01797: client denied by server configuration: /home/thefoodd/public_html/403.shtml
[Sat Jan 04 12:17:35.660417 2025] [access_compat:error] [pid 25292:tid 25296] [client 94.102.51.98:53442] AH01797: client denied by server configuration: /home/thefoodd/public_html/wp-json
[Sat Jan 04 12:17:38.556958 2025] [access_compat:error] [pid 25292:tid 25296] [client 94.102.51.98:53442] AH01797: client denied by server configuration: /home/thefoodd/public_html/wp-json
[Sat Jan 04 12:17:41.332655 2025] [access_compat:error] [pid 25292:tid 25296] [client 94.102.51.98:53442] AH01797: client denied by server configuration: /home/thefoodd/public_html/wp-json
[Sat Jan 04 12:17:41.667400 2025] [:error] [pid 25229:tid 25245] [client 5.255.231.55:59596] File does not exist: /home/healthyg/public_html/rqinc.com/index.php
[Sat Jan 04 12:17:41.667645 2025] [:error] [pid 25229:tid 25245] [client 5.255.231.55:59596] File does not exist: /home/healthyg/public_html/rqinc.com/index.php
[Sat Jan 04 12:17:44.131471 2025] [access_compat:error] [pid 25292:tid 25296] [client 94.102.51.98:53442] AH01797: client denied by server configuration: /home/thefoodd/public_html/wp-json
[Sat Jan 04 12:17:47.025905 2025] [access_compat:error] [pid 25292:tid 25296] [client 94.102.51.98:53442] AH01797: client denied by server configuration: /home/thefoodd/public_html/wp-json
[Sat Jan 04 12:17:49.643091 2025] [access_compat:error] [pid 25292:tid 25296] [client 94.102.51.98:53442] AH01797: client denied by server configuration: /home/thefoodd/public_html/wp-json
[Sat Jan 04 12:17:49.794388 2025] [:error] [pid 25157:tid 25182] [client 85.208.96.198:40168] File does not exist: /home/grimoire/public_html/yogadance.us/index.php
[Sat Jan 04 12:17:49.794532 2025] [:error] [pid 25157:tid 25182] [client 85.208.96.198:40168] File does not exist: /home/grimoire/public_html/yogadance.us/index.php
[Sat Jan 04 12:17:50.501200 2025] [authz_core:error] [pid 25448:tid 25458] [client 216.244.66.243:48268] AH01630: client denied by server configuration: /home/ratmotoc/public_html/DONN/process/error_log
[Sat Jan 04 12:17:52.363602 2025] [access_compat:error] [pid 25292:tid 25296] [client 94.102.51.98:53442] AH01797: client denied by server configuration: /home/thefoodd/public_html/wp-json
[Sat Jan 04 12:18:02.862535 2025] [:error] [pid 25229:tid 25247] [client 209.209.8.61:57622] SoftException in Application.cpp:657: Directory "/home/gavinsco/public_html/wp-admin" is writeable by group
[Sat Jan 04 12:18:02.862740 2025] [core:error] [pid 25229:tid 25247] [client 209.209.8.61:57622] End of script output before headers: locks.php
[Sat Jan 04 12:18:05.731286 2025] [access_compat:error] [pid 25261:tid 25274] [client 85.208.96.206:29978] AH01797: client denied by server configuration: /home/erxgrafx/public_html/mds.php
[Sat Jan 04 12:18:15.311292 2025] [access_compat:error] [pid 25292:tid 25308] [client 185.191.171.3:4072] AH01797: client denied by server configuration: /home/military/public_html/rptegmfmcq.php
[Sat Jan 04 12:18:24.482637 2025] [access_compat:error] [pid 27128:tid 27140] [client 147.78.47.38:43056] AH01797: client denied by server configuration: /home/military/public_html/index.php
[Sat Jan 04 12:18:27.749596 2025] [access_compat:error] [pid 25448:tid 25450] [client 85.208.96.205:43240] AH01797: client denied by server configuration: /home/saturnst/public_html/product
[Sat Jan 04 12:18:28.019296 2025] [access_compat:error] [pid 25229:tid 25242] [client 52.53.219.42:50410] AH01797: client denied by server configuration: /home/thefoodd/public_html/JDSAdvisory
[Sat Jan 04 12:18:28.041289 2025] [access_compat:error] [pid 25157:tid 25174] [client 52.53.219.42:50430] AH01797: client denied by server configuration: /home/thefoodd/public_html/JDSAdvisory
[Sat Jan 04 12:18:28.041505 2025] [access_compat:error] [pid 27128:tid 27131] [client 52.53.219.42:50432] AH01797: client denied by server configuration: /home/thefoodd/public_html/HJMartin
[Sat Jan 04 12:18:28.042656 2025] [access_compat:error] [pid 25261:tid 25283] [client 52.53.219.42:50438] AH01797: client denied by server configuration: /home/thefoodd/public_html/Camerongeneralcontractors
[Sat Jan 04 12:18:28.107890 2025] [access_compat:error] [pid 25448:tid 25473] [client 52.53.219.42:50440] AH01797: client denied by server configuration: /home/thefoodd/public_html/Camerongeneralcontractors
[Sat Jan 04 12:18:30.546166 2025] [access_compat:error] [pid 25448:tid 25460] [client 52.53.219.42:50468] AH01797: client denied by server configuration: /home/thefoodd/public_html/wp-content/upgrade/-
[Sat Jan 04 12:18:31.444704 2025] [access_compat:error] [pid 27128:tid 27152] [client 52.53.219.42:50458] AH01797: client denied by server configuration: /home/thefoodd/public_html/newinfo
[Sat Jan 04 12:18:31.446836 2025] [access_compat:error] [pid 25229:tid 25234] [client 52.53.219.42:50446] AH01797: client denied by server configuration: /home/thefoodd/public_html/SHarepoiNT.zip
[Sat Jan 04 12:18:31.451541 2025] [access_compat:error] [pid 25448:tid 25453] [client 52.53.219.42:50450] AH01797: client denied by server configuration: /home/thefoodd/public_html/SiegelGreenfieldHayes
[Sat Jan 04 12:18:31.452422 2025] [access_compat:error] [pid 25292:tid 25314] [client 52.53.219.42:50464] AH01797: client denied by server configuration: /home/thefoodd/public_html/newinfo
[Sat Jan 04 12:18:31.456720 2025] [access_compat:error] [pid 25157:tid 25163] [client 52.53.219.42:50462] AH01797: client denied by server configuration: /home/thefoodd/public_html/SiegelGreenfieldHayes
[Sat Jan 04 12:18:31.460759 2025] [access_compat:error] [pid 25261:tid 25278] [client 52.53.219.42:50454] AH01797: client denied by server configuration: /home/thefoodd/public_html/Camerongeneralcontractors
[Sat Jan 04 12:18:31.642169 2025] [access_compat:error] [pid 25229:tid 25240] [client 52.53.219.42:50456] AH01797: client denied by server configuration: /home/thefoodd/public_html/HJMartin
[Sat Jan 04 12:18:31.734762 2025] [access_compat:error] [pid 25292:tid 25298] [client 52.53.219.42:50460] AH01797: client denied by server configuration: /home/thefoodd/public_html/SiegelGreenfieldHayes
[Sat Jan 04 12:18:31.897700 2025] [access_compat:error] [pid 27128:tid 27155] [client 52.53.219.42:50466] AH01797: client denied by server configuration: /home/thefoodd/public_html/JDSAdvisory
[Sat Jan 04 12:18:32.341145 2025] [access_compat:error] [pid 25292:tid 25305] [client 52.53.219.42:50902] AH01797: client denied by server configuration: /home/thefoodd/public_html/HJMartin
[Sat Jan 04 12:18:32.706984 2025] [access_compat:error] [pid 25157:tid 25171] [client 52.53.219.42:51246] AH01797: client denied by server configuration: /home/thefoodd/public_html/Camerongeneralcontractors
[Sat Jan 04 12:18:33.136978 2025] [access_compat:error] [pid 25292:tid 25311] [client 52.53.219.42:51294] AH01797: client denied by server configuration: /home/thefoodd/public_html/JDSAdvisory
[Sat Jan 04 12:18:33.188238 2025] [access_compat:error] [pid 25157:tid 25172] [client 52.53.219.42:51300] AH01797: client denied by server configuration: /home/thefoodd/public_html/HJMartin
[Sat Jan 04 12:18:37.438157 2025] [access_compat:error] [pid 27128:tid 27153] [client 89.248.163.130:40886] AH01797: client denied by server configuration: /home/thefoodd/public_html/wp-json
[Sat Jan 04 12:18:42.560126 2025] [access_compat:error] [pid 25229:tid 25252] [client 199.204.248.150:54694] AH01797: client denied by server configuration: /home/thefoodd/public_html/wp-cron.php
[Sat Jan 04 12:18:42.560207 2025] [access_compat:error] [pid 25229:tid 25252] [client 199.204.248.150:54694] AH01797: client denied by server configuration: /home/thefoodd/public_html/403.shtml
[Sat Jan 04 12:18:42.946365 2025] [access_compat:error] [pid 25292:tid 25312] [client 52.53.219.42:51328] AH01797: client denied by server configuration: /home/thefoodd/public_html/Camerongeneralcontractors
[Sat Jan 04 12:18:45.189444 2025] [access_compat:error] [pid 25229:tid 25239] [client 199.204.248.150:54992] AH01797: client denied by server configuration: /home/thefoodd/public_html/wp-cron.php
[Sat Jan 04 12:18:45.189535 2025] [access_compat:error] [pid 25229:tid 25239] [client 199.204.248.150:54992] AH01797: client denied by server configuration: /home/thefoodd/public_html/403.shtml
[Sat Jan 04 12:18:45.438965 2025] [access_compat:error] [pid 25157:tid 25162] [client 52.53.219.42:51330] AH01797: client denied by server configuration: /home/thefoodd/public_html/newinfo
[Sat Jan 04 12:18:47.543763 2025] [access_compat:error] [pid 25157:tid 25167] [client 199.204.248.150:55202] AH01797: client denied by server configuration: /home/thefoodd/public_html/wp-cron.php
[Sat Jan 04 12:18:47.543895 2025] [access_compat:error] [pid 25157:tid 25167] [client 199.204.248.150:55202] AH01797: client denied by server configuration: /home/thefoodd/public_html/403.shtml
[Sat Jan 04 12:18:47.553776 2025] [access_compat:error] [pid 25261:tid 25287] [client 199.204.248.150:55204] AH01797: client denied by server configuration: /home/thefoodd/public_html/wp-cron.php
[Sat Jan 04 12:18:47.553861 2025] [access_compat:error] [pid 25261:tid 25287] [client 199.204.248.150:55204] AH01797: client denied by server configuration: /home/thefoodd/public_html/403.shtml
[Sat Jan 04 12:18:47.559531 2025] [access_compat:error] [pid 25448:tid 25458] [client 199.204.248.150:55206] AH01797: client denied by server configuration: /home/thefoodd/public_html/wp-cron.php
[Sat Jan 04 12:18:47.559603 2025] [access_compat:error] [pid 25448:tid 25458] [client 199.204.248.150:55206] AH01797: client denied by server configuration: /home/thefoodd/public_html/403.shtml
[Sat Jan 04 12:18:47.559813 2025] [access_compat:error] [pid 27128:tid 27143] [client 199.204.248.150:55200] AH01797: client denied by server configuration: /home/thefoodd/public_html/wp-cron.php
[Sat Jan 04 12:18:47.559932 2025] [access_compat:error] [pid 27128:tid 27143] [client 199.204.248.150:55200] AH01797: client denied by server configuration: /home/thefoodd/public_html/403.shtml
[Sat Jan 04 12:18:47.571329 2025] [access_compat:error] [pid 27128:tid 27135] [client 199.204.248.150:55212] AH01797: client denied by server configuration: /home/thefoodd/public_html/wp-cron.php
[Sat Jan 04 12:18:47.571815 2025] [access_compat:error] [pid 25229:tid 25238] [client 199.204.248.150:55208] AH01797: client denied by server configuration: /home/thefoodd/public_html/wp-cron.php
[Sat Jan 04 12:18:47.573544 2025] [access_compat:error] [pid 25292:tid 25299] [client 199.204.248.150:55210] AH01797: client denied by server configuration: /home/thefoodd/public_html/wp-cron.php
[Sat Jan 04 12:18:47.692818 2025] [access_compat:error] [pid 25292:tid 25299] [client 199.204.248.150:55210] AH01797: client denied by server configuration: /home/thefoodd/public_html/403.shtml
[Sat Jan 04 12:18:47.579493 2025] [access_compat:error] [pid 25157:tid 25176] [client 199.204.248.150:55216] AH01797: client denied by server configuration: /home/thefoodd/public_html/wp-cron.php
[Sat Jan 04 12:18:47.693231 2025] [access_compat:error] [pid 25157:tid 25176] [client 199.204.248.150:55216] AH01797: client denied by server configuration: /home/thefoodd/public_html/403.shtml
[Sat Jan 04 12:18:47.693356 2025] [access_compat:error] [pid 27128:tid 27135] [client 199.204.248.150:55212] AH01797: client denied by server configuration: /home/thefoodd/public_html/403.shtml
[Sat Jan 04 12:18:47.581578 2025] [access_compat:error] [pid 25261:tid 25263] [client 199.204.248.150:55218] AH01797: client denied by server configuration: /home/thefoodd/public_html/wp-cron.php
[Sat Jan 04 12:18:47.583408 2025] [access_compat:error] [pid 25229:tid 25247] [client 199.204.248.150:55222] AH01797: client denied by server configuration: /home/thefoodd/public_html/wp-cron.php
[Sat Jan 04 12:18:47.693820 2025] [access_compat:error] [pid 25261:tid 25263] [client 199.204.248.150:55218] AH01797: client denied by server configuration: /home/thefoodd/public_html/403.shtml
[Sat Jan 04 12:18:47.693889 2025] [access_compat:error] [pid 25229:tid 25247] [client 199.204.248.150:55222] AH01797: client denied by server configuration: /home/thefoodd/public_html/403.shtml
[Sat Jan 04 12:18:47.583753 2025] [access_compat:error] [pid 25448:tid 25474] [client 199.204.248.150:55220] AH01797: client denied by server configuration: /home/thefoodd/public_html/wp-cron.php
[Sat Jan 04 12:18:47.694276 2025] [access_compat:error] [pid 25448:tid 25474] [client 199.204.248.150:55220] AH01797: client denied by server configuration: /home/thefoodd/public_html/403.shtml
[Sat Jan 04 12:18:47.695918 2025] [access_compat:error] [pid 25229:tid 25238] [client 199.204.248.150:55208] AH01797: client denied by server configuration: /home/thefoodd/public_html/403.shtml
[Sat Jan 04 12:18:47.605259 2025] [access_compat:error] [pid 25292:tid 25304] [client 199.204.248.150:55224] AH01797: client denied by server configuration: /home/thefoodd/public_html/wp-cron.php
[Sat Jan 04 12:18:47.614918 2025] [access_compat:error] [pid 27128:tid 27140] [client 199.204.248.150:55226] AH01797: client denied by server configuration: /home/thefoodd/public_html/wp-cron.php
[Sat Jan 04 12:18:47.712923 2025] [access_compat:error] [pid 25292:tid 25304] [client 199.204.248.150:55224] AH01797: client denied by server configuration: /home/thefoodd/public_html/403.shtml
[Sat Jan 04 12:18:47.712933 2025] [access_compat:error] [pid 27128:tid 27140] [client 199.204.248.150:55226] AH01797: client denied by server configuration: /home/thefoodd/public_html/403.shtml
[Sat Jan 04 12:18:47.801394 2025] [access_compat:error] [pid 25261:tid 25285] [client 52.53.219.42:51332] AH01797: client denied by server configuration: /home/thefoodd/public_html/SiegelGreenfieldHayes
[Sat Jan 04 12:18:47.801528 2025] [access_compat:error] [pid 25448:tid 25467] [client 52.53.219.42:51334] AH01797: client denied by server configuration: /home/thefoodd/public_html/newinfo
[Sat Jan 04 12:18:47.972876 2025] [access_compat:error] [pid 25292:tid 25320] [client 52.53.219.42:51336] AH01797: client denied by server configuration: /home/thefoodd/public_html/Camerongeneralcontractors
[Sat Jan 04 12:18:47.983629 2025] [access_compat:error] [pid 27128:tid 27136] [client 52.53.219.42:51338] AH01797: client denied by server configuration: /home/thefoodd/public_html/wp-content/upgrade/-
[Sat Jan 04 12:18:48.002323 2025] [access_compat:error] [pid 25157:tid 25180] [client 52.53.219.42:51340] AH01797: client denied by server configuration: /home/thefoodd/public_html/JDSAdvisory
[Sat Jan 04 12:18:48.006788 2025] [access_compat:error] [pid 25261:tid 25271] [client 52.53.219.42:51342] AH01797: client denied by server configuration: /home/thefoodd/public_html/JDSAdvisory
[Sat Jan 04 12:18:48.018872 2025] [access_compat:error] [pid 25448:tid 25457] [client 52.53.219.42:51344] AH01797: client denied by server configuration: /home/thefoodd/public_html/HJMartin
[Sat Jan 04 12:18:48.057963 2025] [access_compat:error] [pid 25229:tid 25244] [client 52.53.219.42:51348] AH01797: client denied by server configuration: /home/thefoodd/public_html/SiegelGreenfieldHayes
[Sat Jan 04 12:18:48.069023 2025] [access_compat:error] [pid 25292:tid 25306] [client 52.53.219.42:51346] AH01797: client denied by server configuration: /home/thefoodd/public_html/SiegelGreenfieldHayes
[Sat Jan 04 12:18:48.085733 2025] [access_compat:error] [pid 27128:tid 27150] [client 52.53.219.42:51350] AH01797: client denied by server configuration: /home/thefoodd/public_html/SHarepoiNT.zip
[Sat Jan 04 12:18:49.813713 2025] [access_compat:error] [pid 27128:tid 27146] [client 199.204.248.150:55416] AH01797: client denied by server configuration: /home/thefoodd/public_html/wp-cron.php
[Sat Jan 04 12:18:49.813821 2025] [access_compat:error] [pid 27128:tid 27146] [client 199.204.248.150:55416] AH01797: client denied by server configuration: /home/thefoodd/public_html/403.shtml
[Sat Jan 04 12:18:50.061867 2025] [access_compat:error] [pid 25157:tid 25168] [client 52.53.219.42:51352] AH01797: client denied by server configuration: /home/thefoodd/public_html/HJMartin
[Sat Jan 04 12:19:03.263749 2025] [:error] [pid 25448:tid 25458] [client 209.209.8.61:59838] SoftException in Application.cpp:657: Directory "/home/gavinsco/public_html/wp-admin" is writeable by group
[Sat Jan 04 12:19:03.263958 2025] [core:error] [pid 25448:tid 25458] [client 209.209.8.61:59838] End of script output before headers: locks.php
[Sat Jan 04 12:19:07.788761 2025] [access_compat:error] [pid 25448:tid 25460] [client 40.77.167.152:49280] AH01797: client denied by server configuration: /home/colorad7/public_html/item
[Sat Jan 04 12:19:09.012048 2025] [access_compat:error] [pid 25292:tid 25317] [client 85.208.96.206:16564] AH01797: client denied by server configuration: /home/erxgrafx/public_html/mds.php
[Sat Jan 04 12:19:15.770110 2025] [access_compat:error] [pid 25448:tid 25475] [client 85.208.96.201:5646] AH01797: client denied by server configuration: /home/military/public_html/rptegmfmcq.php
[Sat Jan 04 12:19:28.226734 2025] [access_compat:error] [pid 27128:tid 27136] [client 85.208.96.206:45198] AH01797: client denied by server configuration: /home/saturnst/public_html/product
[Sat Jan 04 12:19:35.194977 2025] [access_compat:error] [pid 25229:tid 25231] [client 47.128.45.224:22276] AH01797: client denied by server configuration: /home/saturnst/public_html/jp
[Sat Jan 04 12:19:48.160988 2025] [access_compat:error] [pid 27128:tid 27148] [client 66.249.69.65:42370] AH01797: client denied by server configuration: /home/colorad7/public_html/p=332965
[Sat Jan 04 12:19:54.436803 2025] [core:error] [pid 25229:tid 25237] [client 52.167.144.23:1167] AH00124: Request exceeded the limit of 10 internal redirects due to probable configuration error. Use 'LimitInternalRecursion' to increase the limit if necessary. Use 'LogLevel debug' to get a backtrace.
[Sat Jan 04 12:19:55.189906 2025] [core:error] [pid 25229:tid 25237] [client 52.167.144.23:1167] AH00124: Request exceeded the limit of 10 internal redirects due to probable configuration error. Use 'LimitInternalRecursion' to increase the limit if necessary. Use 'LogLevel debug' to get a backtrace.
[Sat Jan 04 12:20:02.193341 2025] [:error] [pid 25157:tid 25165] [client 209.209.8.61:60506] SoftException in Application.cpp:657: Directory "/home/gavinsco/public_html/wp-admin" is writeable by group
[Sat Jan 04 12:20:02.193586 2025] [core:error] [pid 25157:tid 25165] [client 209.209.8.61:60506] End of script output before headers: locks.php
403 (Forbidden): 403 Forbidden
Executing in an invalid environment for the supplied user at /usr/local/cpanel/Cpanel/CGI/NoForm.pm line 157.
[Sat Jan 04 12:20:11.081476 2025] [access_compat:error] [pid 25261:tid 25263] [client 85.208.96.194:10570] AH01797: client denied by server configuration: /home/erxgrafx/public_html/mds.php
[Sat Jan 04 12:20:16.097561 2025] [access_compat:error] [pid 25261:tid 25278] [client 85.208.96.201:59242] AH01797: client denied by server configuration: /home/military/public_html/start.php
[Sat Jan 04 12:20:29.073983 2025] [access_compat:error] [pid 25448:tid 25463] [client 185.191.171.15:5886] AH01797: client denied by server configuration: /home/saturnst/public_html/product
[Sat Jan 04 12:20:31.580184 2025] [access_compat:error] [pid 25157:tid 25165] [client 89.248.163.130:47014] AH01797: client denied by server configuration: /home/thefoodd/public_html/wp-json
[Sat Jan 04 12:20:35.340369 2025] [access_compat:error] [pid 27128:tid 27147] [client 199.204.248.150:56640] AH01797: client denied by server configuration: /home/thefoodd/public_html/wp-cron.php
[Sat Jan 04 12:20:35.340452 2025] [access_compat:error] [pid 27128:tid 27147] [client 199.204.248.150:56640] AH01797: client denied by server configuration: /home/thefoodd/public_html/403.shtml
[Sat Jan 04 12:20:35.575201 2025] [access_compat:error] [pid 25157:tid 25165] [client 89.248.163.130:47014] AH01797: client denied by server configuration: /home/thefoodd/public_html/wp-json
[Sat Jan 04 12:20:39.441188 2025] [access_compat:error] [pid 25157:tid 25165] [client 89.248.163.130:47014] AH01797: client denied by server configuration: /home/thefoodd/public_html/wp-json
[Sat Jan 04 12:20:42.145055 2025] [access_compat:error] [pid 25157:tid 25165] [client 89.248.163.130:47014] AH01797: client denied by server configuration: /home/thefoodd/public_html/wp-json
[Sat Jan 04 12:20:53.371896 2025] [proxy_http:error] [pid 25157:tid 25172] (70008)Partial results are valid but processing is incomplete: [client 138.246.253.24:60230] AH01110: error reading response
[Sat Jan 04 12:20:53.780718 2025] [proxy_http:error] [pid 27128:tid 27149] (70008)Partial results are valid but processing is incomplete: [client 138.246.253.24:55821] AH01110: error reading response
[Sat Jan 04 12:20:54.702827 2025] [access_compat:error] [pid 25292:tid 25305] [client 31.220.97.163:56856] AH01797: client denied by server configuration: /home/military/public_html/index.php
[Sat Jan 04 12:20:54.715513 2025] [access_compat:error] [pid 25292:tid 25305] [client 31.220.97.163:56856] AH01797: client denied by server configuration: /home/military/public_html/index.php5
[Sat Jan 04 12:20:54.715961 2025] [access_compat:error] [pid 25292:tid 25305] [client 31.220.97.163:56856] AH01797: client denied by server configuration: /home/military/public_html/index.phtml
[Sat Jan 04 12:21:02.458671 2025] [access_compat:error] [pid 27128:tid 27147] [client 159.223.165.11:60210] AH01797: client denied by server configuration: /home/colorad7/public_html/
[Sat Jan 04 12:21:03.063290 2025] [:error] [pid 25229:tid 25236] [client 209.209.8.61:34190] SoftException in Application.cpp:657: Directory "/home/gavinsco/public_html/wp-admin" is writeable by group
[Sat Jan 04 12:21:03.063380 2025] [core:error] [pid 25229:tid 25236] [client 209.209.8.61:34190] End of script output before headers: locks.php
[Sat Jan 04 12:21:05.176955 2025] [:error] [pid 25229:tid 25246] [client 87.250.224.80:48846] File does not exist: /home/healthyg/public_html/rqinc.com/index.php
[Sat Jan 04 12:21:05.177238 2025] [:error] [pid 25229:tid 25246] [client 87.250.224.80:48846] File does not exist: /home/healthyg/public_html/rqinc.com/index.php
[Sat Jan 04 12:21:10.721179 2025] [access_compat:error] [pid 25261:tid 25284] [client 207.90.244.16:49734] AH01797: client denied by server configuration: /home/impactme/public_html/index.php
[Sat Jan 04 12:21:10.785983 2025] [core:error] [pid 25261:tid 25284] [client 207.90.244.16:49734] AH00124: Request exceeded the limit of 10 internal redirects due to probable configuration error. Use 'LimitInternalRecursion' to increase the limit if necessary. Use 'LogLevel debug' to get a backtrace.
[Sat Jan 04 12:21:13.096468 2025] [access_compat:error] [pid 27128:tid 27132] [client 185.191.171.6:45658] AH01797: client denied by server configuration: /home/erxgrafx/public_html/mds.php
[Sat Jan 04 12:21:16.271520 2025] [access_compat:error] [pid 25448:tid 25462] [client 185.191.171.17:35710] AH01797: client denied by server configuration: /home/military/public_html/start.php
[Sat Jan 04 12:21:17.102403 2025] [access_compat:error] [pid 25157:tid 25180] [client 207.90.244.16:32878] AH01797: client denied by server configuration: /home/colorad7/public_html/400.shtml
[Sat Jan 04 12:21:17.506539 2025] [access_compat:error] [pid 25448:tid 25474] [client 207.90.244.16:32882] AH01797: client denied by server configuration: /home/colorad7/public_html/400.shtml
[Sat Jan 04 12:21:18.422347 2025] [access_compat:error] [pid 25292:tid 25310] [client 207.90.244.16:32894] AH01797: client denied by server configuration: /home/colorad7/public_html/400.shtml
[Sat Jan 04 12:21:18.749943 2025] [access_compat:error] [pid 25229:tid 25232] [client 207.90.244.16:32900] AH01797: client denied by server configuration: /home/colorad7/public_html/400.shtml
[Sat Jan 04 12:21:28.261955 2025] [core:error] [pid 25261:tid 25285] [client 207.90.244.16:42390] AH00124: Request exceeded the limit of 10 internal redirects due to probable configuration error. Use 'LimitInternalRecursion' to increase the limit if necessary. Use 'LogLevel debug' to get a backtrace.
[Sat Jan 04 12:21:28.261984 2025] [core:error] [pid 25261:tid 25285] [client 207.90.244.16:42390] AH00124: Request exceeded the limit of 10 internal redirects due to probable configuration error. Use 'LimitInternalRecursion' to increase the limit if necessary. Use 'LogLevel debug' to get a backtrace.
[Sat Jan 04 12:21:29.550579 2025] [core:error] [pid 25292:tid 25309] [client 207.90.244.16:42398] AH00124: Request exceeded the limit of 10 internal redirects due to probable configuration error. Use 'LimitInternalRecursion' to increase the limit if necessary. Use 'LogLevel debug' to get a backtrace.
[Sat Jan 04 12:21:30.114681 2025] [core:error] [pid 25292:tid 25309] [client 207.90.244.16:42398] AH00124: Request exceeded the limit of 10 internal redirects due to probable configuration error. Use 'LimitInternalRecursion' to increase the limit if necessary. Use 'LogLevel debug' to get a backtrace.
